{"id":12439,"date":"2018-03-16T15:59:16","date_gmt":"2018-03-16T13:59:16","guid":{"rendered":"https:\/\/aednik24.koik.ee\/?page_id=12439"},"modified":"2023-03-17T11:46:37","modified_gmt":"2023-03-17T09:46:37","slug":"registreerunud-klient","status":"publish","type":"page","link":"https:\/\/horticom.ee\/e-pood\/registreerunud-klient\/","title":{"rendered":"Registreerunud klient"},"content":{"rendered":"<p>Horticom.ee registreerunud klient on olla privileeg!<\/p>\n<p>Soovitame Sul kindlasti end \u00e4ra registreerida Horticom.ee kliendiks, sest k\u00f5ik registreerunud kliendid on automaatselt ka p\u00fcsikliendid.<\/p>\n<p>Registreerunud kliendina on Sul e-poes mugavam sooritada korduvoste ning Sa ei pea andmeid iga kord uuesti sisestama. Lisaks sellele on Sul \u201cMinu konto\u201d lehel olemas \u00fclevaade enda andmetest ja sooritatud tellimuste ajaloost.<\/p>\n<p>Registreerides n\u00f5ustu kindlasti m\u00fc\u00fcgitingimustega ja luba meil edastada Sulle Horticom.ee\u2019ga seotud uudiskirju, mis sisaldavad h\u00e4id pakkumisi, huvitavaid aiandusega seotud n\u00e4pun\u00e4iteid, inspireerivaid lugusid laiast maailmast ja p\u00f5nevaid kampaaniaid.<\/p>\n","protected":false},"excerpt":{"rendered":"<p>Horticom.ee registreerunud klient on olla privileeg! Soovitame Sul kindlasti end \u00e4ra registreerida Horticom.ee kliendiks, sest k\u00f5ik registreerunud kliendid on automaatselt ka p\u00fcsikliendid. Registreerunud kliendina on Sul e-poes mugavam sooritada korduvoste ning Sa ei pea andmeid iga kord uuesti sisestama. Lisaks sellele on Sul \u201cMinu konto\u201d lehel olemas \u00fclevaade enda andmetest ja sooritatud tellimuste ajaloost. Registreerides [&hellip;]<\/p>\n","protected":false},"author":1,"featured_media":0,"parent":0,"menu_order":0,"comment_status":"closed","ping_status":"closed","template":"","meta":{"_themeisle_gutenberg_block_has_review":false,"footnotes":""},"class_list":["post-12439","page","type-page","status-publish","hentry"],"yoast_head":"<!-- This site is optimized with the Yoast SEO plugin v24.0 - https:\/\/yoast.com\/wordpress\/plugins\/seo\/ -->\n<title>Registreerunud klient - Horticom<\/title>\n<meta name=\"robots\" content=\"index, follow, max-snippet:-1, max-image-preview:large, max-video-preview:-1\" \/>\n<link rel=\"canonical\" href=\"https:\/\/horticom.ee\/e-pood\/registreerunud-klient\/\" \/>\n<meta property=\"og:locale\" content=\"et_EE\" \/>\n<meta property=\"og:type\" content=\"article\" \/>\n<meta property=\"og:title\" content=\"Registreerunud klient - Horticom\" \/>\n<meta property=\"og:description\" content=\"Horticom.ee registreerunud klient on olla privileeg! Soovitame Sul kindlasti end \u00e4ra registreerida Horticom.ee kliendiks, sest k\u00f5ik registreerunud kliendid on automaatselt ka p\u00fcsikliendid. Registreerunud kliendina on Sul e-poes mugavam sooritada korduvoste ning Sa ei pea andmeid iga kord uuesti sisestama. Lisaks sellele on Sul \u201cMinu konto\u201d lehel olemas \u00fclevaade enda andmetest ja sooritatud tellimuste ajaloost. Registreerides [&hellip;]\" \/>\n<meta property=\"og:url\" content=\"https:\/\/horticom.ee\/e-pood\/registreerunud-klient\/\" \/>\n<meta property=\"og:site_name\" content=\"Horticom.ee\" \/>\n<meta property=\"article:publisher\" content=\"https:\/\/www.facebook.com\/horticom.ee\/e-pood\" \/>\n<meta property=\"article:modified_time\" content=\"2023-03-17T09:46:37+00:00\" \/>\n<meta name=\"twitter:card\" content=\"summary_large_image\" \/>\n<script type=\"application\/ld+json\" class=\"yoast-schema-graph\">{\"@context\":\"https:\/\/schema.org\",\"@graph\":[{\"@type\":\"WebPage\",\"@id\":\"https:\/\/horticom.ee\/e-pood\/registreerunud-klient\/\",\"url\":\"https:\/\/horticom.ee\/e-pood\/registreerunud-klient\/\",\"name\":\"Registreerunud klient - Horticom\",\"isPartOf\":{\"@id\":\"https:\/\/horticom.ee\/e-pood\/#website\"},\"datePublished\":\"2018-03-16T13:59:16+00:00\",\"dateModified\":\"2023-03-17T09:46:37+00:00\",\"breadcrumb\":{\"@id\":\"https:\/\/horticom.ee\/e-pood\/registreerunud-klient\/#breadcrumb\"},\"inLanguage\":\"et\",\"potentialAction\":[{\"@type\":\"ReadAction\",\"target\":[\"https:\/\/horticom.ee\/e-pood\/registreerunud-klient\/\"]}]},{\"@type\":\"BreadcrumbList\",\"@id\":\"https:\/\/horticom.ee\/e-pood\/registreerunud-klient\/#breadcrumb\",\"itemListElement\":[{\"@type\":\"ListItem\",\"position\":1,\"name\":\"Home\",\"item\":\"https:\/\/horticom.ee\/e-pood\/\"},{\"@type\":\"ListItem\",\"position\":2,\"name\":\"Registreerunud klient\"}]},{\"@type\":\"WebSite\",\"@id\":\"https:\/\/horticom.ee\/e-pood\/#website\",\"url\":\"https:\/\/horticom.ee\/e-pood\/\",\"name\":\"Horticom.ee\",\"description\":\"Aianduskaubad ja kodukaubad nii harrastajatele kui professionaalidele\",\"potentialAction\":[{\"@type\":\"SearchAction\",\"target\":{\"@type\":\"EntryPoint\",\"urlTemplate\":\"https:\/\/horticom.ee\/e-pood\/?s={search_term_string}\"},\"query-input\":{\"@type\":\"PropertyValueSpecification\",\"valueRequired\":true,\"valueName\":\"search_term_string\"}}],\"inLanguage\":\"et\"}]}<\/script>\n<!-- \/ Yoast SEO plugin. -->","yoast_head_json":{"title":"Registreerunud klient - Horticom","robots":{"index":"index","follow":"follow","max-snippet":"max-snippet:-1","max-image-preview":"max-image-preview:large","max-video-preview":"max-video-preview:-1"},"canonical":"https:\/\/horticom.ee\/e-pood\/registreerunud-klient\/","og_locale":"et_EE","og_type":"article","og_title":"Registreerunud klient - Horticom","og_description":"Horticom.ee registreerunud klient on olla privileeg! Soovitame Sul kindlasti end \u00e4ra registreerida Horticom.ee kliendiks, sest k\u00f5ik registreerunud kliendid on automaatselt ka p\u00fcsikliendid. Registreerunud kliendina on Sul e-poes mugavam sooritada korduvoste ning Sa ei pea andmeid iga kord uuesti sisestama. Lisaks sellele on Sul \u201cMinu konto\u201d lehel olemas \u00fclevaade enda andmetest ja sooritatud tellimuste ajaloost. Registreerides [&hellip;]","og_url":"https:\/\/horticom.ee\/e-pood\/registreerunud-klient\/","og_site_name":"Horticom.ee","article_publisher":"https:\/\/www.facebook.com\/horticom.ee\/e-pood","article_modified_time":"2023-03-17T09:46:37+00:00","twitter_card":"summary_large_image","schema":{"@context":"https:\/\/schema.org","@graph":[{"@type":"WebPage","@id":"https:\/\/horticom.ee\/e-pood\/registreerunud-klient\/","url":"https:\/\/horticom.ee\/e-pood\/registreerunud-klient\/","name":"Registreerunud klient - Horticom","isPartOf":{"@id":"https:\/\/horticom.ee\/e-pood\/#website"},"datePublished":"2018-03-16T13:59:16+00:00","dateModified":"2023-03-17T09:46:37+00:00","breadcrumb":{"@id":"https:\/\/horticom.ee\/e-pood\/registreerunud-klient\/#breadcrumb"},"inLanguage":"et","potentialAction":[{"@type":"ReadAction","target":["https:\/\/horticom.ee\/e-pood\/registreerunud-klient\/"]}]},{"@type":"BreadcrumbList","@id":"https:\/\/horticom.ee\/e-pood\/registreerunud-klient\/#breadcrumb","itemListElement":[{"@type":"ListItem","position":1,"name":"Home","item":"https:\/\/horticom.ee\/e-pood\/"},{"@type":"ListItem","position":2,"name":"Registreerunud klient"}]},{"@type":"WebSite","@id":"https:\/\/horticom.ee\/e-pood\/#website","url":"https:\/\/horticom.ee\/e-pood\/","name":"Horticom.ee","description":"Aianduskaubad ja kodukaubad nii harrastajatele kui professionaalidele","potentialAction":[{"@type":"SearchAction","target":{"@type":"EntryPoint","urlTemplate":"https:\/\/horticom.ee\/e-pood\/?s={search_term_string}"},"query-input":{"@type":"PropertyValueSpecification","valueRequired":true,"valueName":"search_term_string"}}],"inLanguage":"et"}]}},"_links":{"self":[{"href":"https:\/\/horticom.ee\/e-pood\/wp-json\/wp\/v2\/pages\/12439","targetHints":{"allow":["GET"]}}],"collection":[{"href":"https:\/\/horticom.ee\/e-pood\/wp-json\/wp\/v2\/pages"}],"about":[{"href":"https:\/\/horticom.ee\/e-pood\/wp-json\/wp\/v2\/types\/page"}],"author":[{"embeddable":true,"href":"https:\/\/horticom.ee\/e-pood\/wp-json\/wp\/v2\/users\/1"}],"replies":[{"embeddable":true,"href":"https:\/\/horticom.ee\/e-pood\/wp-json\/wp\/v2\/comments?post=12439"}],"version-history":[{"count":0,"href":"https:\/\/horticom.ee\/e-pood\/wp-json\/wp\/v2\/pages\/12439\/revisions"}],"wp:attachment":[{"href":"https:\/\/horticom.ee\/e-pood\/wp-json\/wp\/v2\/media?parent=12439"}],"curies":[{"name":"wp","href":"https:\/\/api.w.org\/{rel}","templated":true}]}}