{"id":1383822,"date":"2022-10-07T03:01:34","date_gmt":"2022-10-07T00:01:34","guid":{"rendered":"https:\/\/aednik24.ee\/toode\/kibe-pipar-poseidon-capsicum-annuum-l-c\/"},"modified":"2026-04-12T03:12:45","modified_gmt":"2026-04-12T00:12:45","slug":"kibe-pipar-poseidon-capsicum-annuum-l-c","status":"publish","type":"product","link":"https:\/\/horticom.ee\/e-pood\/toode\/kibe-pipar-poseidon-capsicum-annuum-l-c\/","title":{"rendered":"Kibe pipar Poseidon &#8211; Capsicum annuum L."},"content":{"rendered":"<p>Kibepipar Poseidon on v\u00e4ga varajane teravamaitselise paprika sort. Kuju poolest sarve meenutavad piklikud viljad on k\u00fcpselt erepunased, terava maitsega. Tarvitatakse maitseainena, v\u00f5ib konserveerida tervelt, mistahes valmimise etapis. \u00dcks taim kasvatab 20-25 vilja. Paprikaseemnete optimaalne idanemistemperatuur on 22 -25C. Seemned idanevad 14 &#8211; 22 p\u00e4evaga. V\u00f5ib kasvatada k\u00fctteta kasvuhoones v\u00f5i avamaal.<\/p>\n","protected":false},"excerpt":{"rendered":"<p>Kibepipar Poseidon on v\u00e4ga varajane teravamaitselise paprika sort. Kuju poolest sarve meenutavad piklikud viljad on k\u00fcpselt erepunased, terava maitsega. Tarvitatakse maitseainena, v\u00f5ib konserveerida tervelt, mistahes valmimise etapis. \u00dcks taim kasvatab 20-25 vilja. Paprikaseemnete optimaalne idanemistemperatuur on 22 -25C. Seemned idanevad 14 &#8211; 22 p\u00e4evaga. V\u00f5ib kasvatada k\u00fctteta kasvuhoones v\u00f5i avamaal.<\/p>\n","protected":false},"featured_media":1383944,"comment_status":"closed","ping_status":"closed","template":"","meta":{"_themeisle_gutenberg_block_has_review":false},"product_cat":[13489],"product_tag":[],"class_list":{"0":"post-1383822","1":"product","2":"type-product","3":"status-publish","4":"has-post-thumbnail","6":"product_cat-paprika-kibepipar","8":"first","9":"instock","10":"shipping-taxable","11":"purchasable","12":"product-type-simple"},"yoast_head":"<!-- This site is optimized with the Yoast SEO plugin v24.0 - https:\/\/yoast.com\/wordpress\/plugins\/seo\/ -->\n<title>Kibe pipar Poseidon - Capsicum annuum L. - Horticom.ee<\/title>\n<meta name=\"description\" content=\"Kibepipar Poseidon on varajane, teravamaitseline sort. Pikad punased viljad, sobivad maitseainena ja konserveerimiseks.\" \/>\n<meta name=\"robots\" content=\"index, follow, max-snippet:-1, max-image-preview:large, max-video-preview:-1\" \/>\n<link rel=\"canonical\" href=\"https:\/\/horticom.ee\/e-pood\/toode\/kibe-pipar-poseidon-capsicum-annuum-l-c\/\" \/>\n<meta property=\"og:locale\" content=\"et_EE\" \/>\n<meta property=\"og:type\" content=\"article\" \/>\n<meta property=\"og:title\" content=\"Kibe pipar Poseidon - Capsicum annuum L. - Horticom.ee\" \/>\n<meta property=\"og:description\" content=\"Kibepipar Poseidon on varajane, teravamaitseline sort. Pikad punased viljad, sobivad maitseainena ja konserveerimiseks.\" \/>\n<meta property=\"og:url\" content=\"https:\/\/horticom.ee\/e-pood\/toode\/kibe-pipar-poseidon-capsicum-annuum-l-c\/\" \/>\n<meta property=\"og:site_name\" content=\"Horticom.ee\" \/>\n<meta property=\"article:publisher\" content=\"https:\/\/www.facebook.com\/horticom.ee\/e-pood\" \/>\n<meta property=\"article:modified_time\" content=\"2026-04-12T00:12:45+00:00\" \/>\n<meta property=\"og:image\" content=\"https:\/\/horticom.ee\/e-pood\/wp-content\/uploads\/importedmedia\/product-1383822_0-L25140.jpg\" \/>\n\t<meta property=\"og:image:width\" content=\"999\" \/>\n\t<meta property=\"og:image:height\" content=\"1068\" \/>\n\t<meta property=\"og:image:type\" content=\"image\/jpeg\" \/>\n<meta name=\"twitter:card\" content=\"summary_large_image\" \/>\n<script type=\"application\/ld+json\" class=\"yoast-schema-graph\">{\"@context\":\"https:\/\/schema.org\",\"@graph\":[{\"@type\":\"WebPage\",\"@id\":\"https:\/\/horticom.ee\/e-pood\/toode\/kibe-pipar-poseidon-capsicum-annuum-l-c\/\",\"url\":\"https:\/\/horticom.ee\/e-pood\/toode\/kibe-pipar-poseidon-capsicum-annuum-l-c\/\",\"name\":\"Kibe pipar Poseidon - Capsicum annuum L. - Horticom.ee\",\"isPartOf\":{\"@id\":\"https:\/\/horticom.ee\/e-pood\/#website\"},\"primaryImageOfPage\":{\"@id\":\"https:\/\/horticom.ee\/e-pood\/toode\/kibe-pipar-poseidon-capsicum-annuum-l-c\/#primaryimage\"},\"image\":{\"@id\":\"https:\/\/horticom.ee\/e-pood\/toode\/kibe-pipar-poseidon-capsicum-annuum-l-c\/#primaryimage\"},\"thumbnailUrl\":\"https:\/\/horticom.ee\/e-pood\/wp-content\/uploads\/importedmedia\/product-1383822_0-L25140.jpg\",\"datePublished\":\"2022-10-07T00:01:34+00:00\",\"dateModified\":\"2026-04-12T00:12:45+00:00\",\"description\":\"Kibepipar Poseidon on varajane, teravamaitseline sort. Pikad punased viljad, sobivad maitseainena ja konserveerimiseks.\",\"breadcrumb\":{\"@id\":\"https:\/\/horticom.ee\/e-pood\/toode\/kibe-pipar-poseidon-capsicum-annuum-l-c\/#breadcrumb\"},\"inLanguage\":\"et\",\"potentialAction\":[{\"@type\":\"ReadAction\",\"target\":[\"https:\/\/horticom.ee\/e-pood\/toode\/kibe-pipar-poseidon-capsicum-annuum-l-c\/\"]}]},{\"@type\":\"ImageObject\",\"inLanguage\":\"et\",\"@id\":\"https:\/\/horticom.ee\/e-pood\/toode\/kibe-pipar-poseidon-capsicum-annuum-l-c\/#primaryimage\",\"url\":\"https:\/\/horticom.ee\/e-pood\/wp-content\/uploads\/importedmedia\/product-1383822_0-L25140.jpg\",\"contentUrl\":\"https:\/\/horticom.ee\/e-pood\/wp-content\/uploads\/importedmedia\/product-1383822_0-L25140.jpg\",\"width\":999,\"height\":1068,\"caption\":\"Kibe pipar Poseidon - Capsicum annuum L.\"},{\"@type\":\"BreadcrumbList\",\"@id\":\"https:\/\/horticom.ee\/e-pood\/toode\/kibe-pipar-poseidon-capsicum-annuum-l-c\/#breadcrumb\",\"itemListElement\":[{\"@type\":\"ListItem\",\"position\":1,\"name\":\"Home\",\"item\":\"https:\/\/horticom.ee\/e-pood\/\"},{\"@type\":\"ListItem\",\"position\":2,\"name\":\"Pood\",\"item\":\"https:\/\/horticom.ee\/e-pood\/pood\/\"},{\"@type\":\"ListItem\",\"position\":3,\"name\":\"Kibe pipar Poseidon &#8211; Capsicum annuum L.\"}]},{\"@type\":\"WebSite\",\"@id\":\"https:\/\/horticom.ee\/e-pood\/#website\",\"url\":\"https:\/\/horticom.ee\/e-pood\/\",\"name\":\"Horticom.ee\",\"description\":\"Aianduskaubad ja kodukaubad nii harrastajatele kui professionaalidele\",\"potentialAction\":[{\"@type\":\"SearchAction\",\"target\":{\"@type\":\"EntryPoint\",\"urlTemplate\":\"https:\/\/horticom.ee\/e-pood\/?s={search_term_string}\"},\"query-input\":{\"@type\":\"PropertyValueSpecification\",\"valueRequired\":true,\"valueName\":\"search_term_string\"}}],\"inLanguage\":\"et\"}]}<\/script>\n<!-- \/ Yoast SEO plugin. -->","yoast_head_json":{"title":"Kibe pipar Poseidon - Capsicum annuum L. - Horticom.ee","description":"Kibepipar Poseidon on varajane, teravamaitseline sort. Pikad punased viljad, sobivad maitseainena ja konserveerimiseks.","robots":{"index":"index","follow":"follow","max-snippet":"max-snippet:-1","max-image-preview":"max-image-preview:large","max-video-preview":"max-video-preview:-1"},"canonical":"https:\/\/horticom.ee\/e-pood\/toode\/kibe-pipar-poseidon-capsicum-annuum-l-c\/","og_locale":"et_EE","og_type":"article","og_title":"Kibe pipar Poseidon - Capsicum annuum L. - Horticom.ee","og_description":"Kibepipar Poseidon on varajane, teravamaitseline sort. Pikad punased viljad, sobivad maitseainena ja konserveerimiseks.","og_url":"https:\/\/horticom.ee\/e-pood\/toode\/kibe-pipar-poseidon-capsicum-annuum-l-c\/","og_site_name":"Horticom.ee","article_publisher":"https:\/\/www.facebook.com\/horticom.ee\/e-pood","article_modified_time":"2026-04-12T00:12:45+00:00","og_image":[{"width":999,"height":1068,"url":"https:\/\/horticom.ee\/e-pood\/wp-content\/uploads\/importedmedia\/product-1383822_0-L25140.jpg","type":"image\/jpeg"}],"twitter_card":"summary_large_image","schema":{"@context":"https:\/\/schema.org","@graph":[{"@type":"WebPage","@id":"https:\/\/horticom.ee\/e-pood\/toode\/kibe-pipar-poseidon-capsicum-annuum-l-c\/","url":"https:\/\/horticom.ee\/e-pood\/toode\/kibe-pipar-poseidon-capsicum-annuum-l-c\/","name":"Kibe pipar Poseidon - Capsicum annuum L. - Horticom.ee","isPartOf":{"@id":"https:\/\/horticom.ee\/e-pood\/#website"},"primaryImageOfPage":{"@id":"https:\/\/horticom.ee\/e-pood\/toode\/kibe-pipar-poseidon-capsicum-annuum-l-c\/#primaryimage"},"image":{"@id":"https:\/\/horticom.ee\/e-pood\/toode\/kibe-pipar-poseidon-capsicum-annuum-l-c\/#primaryimage"},"thumbnailUrl":"https:\/\/horticom.ee\/e-pood\/wp-content\/uploads\/importedmedia\/product-1383822_0-L25140.jpg","datePublished":"2022-10-07T00:01:34+00:00","dateModified":"2026-04-12T00:12:45+00:00","description":"Kibepipar Poseidon on varajane, teravamaitseline sort. Pikad punased viljad, sobivad maitseainena ja konserveerimiseks.","breadcrumb":{"@id":"https:\/\/horticom.ee\/e-pood\/toode\/kibe-pipar-poseidon-capsicum-annuum-l-c\/#breadcrumb"},"inLanguage":"et","potentialAction":[{"@type":"ReadAction","target":["https:\/\/horticom.ee\/e-pood\/toode\/kibe-pipar-poseidon-capsicum-annuum-l-c\/"]}]},{"@type":"ImageObject","inLanguage":"et","@id":"https:\/\/horticom.ee\/e-pood\/toode\/kibe-pipar-poseidon-capsicum-annuum-l-c\/#primaryimage","url":"https:\/\/horticom.ee\/e-pood\/wp-content\/uploads\/importedmedia\/product-1383822_0-L25140.jpg","contentUrl":"https:\/\/horticom.ee\/e-pood\/wp-content\/uploads\/importedmedia\/product-1383822_0-L25140.jpg","width":999,"height":1068,"caption":"Kibe pipar Poseidon - Capsicum annuum L."},{"@type":"BreadcrumbList","@id":"https:\/\/horticom.ee\/e-pood\/toode\/kibe-pipar-poseidon-capsicum-annuum-l-c\/#breadcrumb","itemListElement":[{"@type":"ListItem","position":1,"name":"Home","item":"https:\/\/horticom.ee\/e-pood\/"},{"@type":"ListItem","position":2,"name":"Pood","item":"https:\/\/horticom.ee\/e-pood\/pood\/"},{"@type":"ListItem","position":3,"name":"Kibe pipar Poseidon &#8211; Capsicum annuum L."}]},{"@type":"WebSite","@id":"https:\/\/horticom.ee\/e-pood\/#website","url":"https:\/\/horticom.ee\/e-pood\/","name":"Horticom.ee","description":"Aianduskaubad ja kodukaubad nii harrastajatele kui professionaalidele","potentialAction":[{"@type":"SearchAction","target":{"@type":"EntryPoint","urlTemplate":"https:\/\/horticom.ee\/e-pood\/?s={search_term_string}"},"query-input":{"@type":"PropertyValueSpecification","valueRequired":true,"valueName":"search_term_string"}}],"inLanguage":"et"}]}},"_links":{"self":[{"href":"https:\/\/horticom.ee\/e-pood\/wp-json\/wp\/v2\/product\/1383822","targetHints":{"allow":["GET"]}}],"collection":[{"href":"https:\/\/horticom.ee\/e-pood\/wp-json\/wp\/v2\/product"}],"about":[{"href":"https:\/\/horticom.ee\/e-pood\/wp-json\/wp\/v2\/types\/product"}],"replies":[{"embeddable":true,"href":"https:\/\/horticom.ee\/e-pood\/wp-json\/wp\/v2\/comments?post=1383822"}],"wp:featuredmedia":[{"embeddable":true,"href":"https:\/\/horticom.ee\/e-pood\/wp-json\/wp\/v2\/media\/1383944"}],"wp:attachment":[{"href":"https:\/\/horticom.ee\/e-pood\/wp-json\/wp\/v2\/media?parent=1383822"}],"wp:term":[{"taxonomy":"product_cat","embeddable":true,"href":"https:\/\/horticom.ee\/e-pood\/wp-json\/wp\/v2\/product_cat?post=1383822"},{"taxonomy":"product_tag","embeddable":true,"href":"https:\/\/horticom.ee\/e-pood\/wp-json\/wp\/v2\/product_tag?post=1383822"}],"curies":[{"name":"wp","href":"https:\/\/api.w.org\/{rel}","templated":true}]}}