{"id":1383840,"date":"2022-10-07T03:01:41","date_gmt":"2022-10-07T00:01:41","guid":{"rendered":"https:\/\/aednik24.ee\/toode\/suur-mungalill-nasturtium-moonlight-tropaeolum-majus-l-c\/"},"modified":"2026-05-03T03:12:04","modified_gmt":"2026-05-03T00:12:04","slug":"suur-mungalill-nasturtium-moonlight-tropaeolum-majus-l-c","status":"publish","type":"product","link":"https:\/\/horticom.ee\/e-pood\/toode\/suur-mungalill-nasturtium-moonlight-tropaeolum-majus-l-c\/","title":{"rendered":"Suur mungalill Nasturtium Moonlight- Tropaeolum majus L."},"content":{"rendered":"<p>Suur mungalill Nastrium Moonlight on \u00fcheaastased lilled. Mille roniv vars v\u00f5ib kasvada kuni 3m pikkuseks. \u00d5ied 4-5cm l\u00e4bim\u00f5\u00f5duga. Kasvab nii p\u00e4ikesepaistelisel kui ka poolvarjulisel kohal juuni l\u00f5pust hiliss\u00fcgiseni. Mullastiku suhtes ei ole n\u00f5udlik. Sobib istutamiseks lillepeenardesse, r\u00f5dudele ja aia \u00e4\u00e4rde. Need lilled v\u00f5ivad aidata kaitsta kapsa saaki suurte kapsalilblikate eest. Nende lillede istutamine kapsapeenarde vahele, peletab kapsaliblikaid. 360tk\/g<\/p>\n","protected":false},"excerpt":{"rendered":"<p>Suur mungalill Nastrium Moonlight on \u00fcheaastased lilled. Mille roniv vars v\u00f5ib kasvada kuni 3m pikkuseks. \u00d5ied 4-5cm l\u00e4bim\u00f5\u00f5duga. Kasvab nii p\u00e4ikesepaistelisel kui ka poolvarjulisel kohal juuni l\u00f5pust hiliss\u00fcgiseni. Mullastiku suhtes ei ole n\u00f5udlik. Sobib istutamiseks lillepeenardesse, r\u00f5dudele ja aia \u00e4\u00e4rde. Need lilled v\u00f5ivad aidata kaitsta kapsa saaki suurte kapsalilblikate eest. Nende lillede istutamine kapsapeenarde vahele, [&hellip;]<\/p>\n","protected":false},"featured_media":2400562,"comment_status":"closed","ping_status":"closed","template":"","meta":{"_themeisle_gutenberg_block_has_review":false},"product_cat":[13514],"product_tag":[],"class_list":{"0":"post-1383840","1":"product","2":"type-product","3":"status-publish","4":"has-post-thumbnail","6":"product_cat-mungalill","8":"first","9":"instock","10":"shipping-taxable","11":"purchasable","12":"product-type-simple"},"yoast_head":"<!-- This site is optimized with the Yoast SEO plugin v24.0 - https:\/\/yoast.com\/wordpress\/plugins\/seo\/ -->\n<title>Suur mungalill Nasturtium Moonlight- Tropaeolum majus L.<\/title>\n<meta name=\"description\" content=\"Suur mungalill Nastrium Moonlight \u2013 \u00fcheaastane taim, roniv vars kuni 3 m. \u00d5ied 4-5 cm. Sobib peenardesse ja r\u00f5dudele, peletab kapsaliblikaid.\" \/>\n<meta name=\"robots\" content=\"index, follow, max-snippet:-1, max-image-preview:large, max-video-preview:-1\" \/>\n<link rel=\"canonical\" href=\"https:\/\/horticom.ee\/e-pood\/toode\/suur-mungalill-nasturtium-moonlight-tropaeolum-majus-l-c\/\" \/>\n<meta property=\"og:locale\" content=\"et_EE\" \/>\n<meta property=\"og:type\" content=\"article\" \/>\n<meta property=\"og:title\" content=\"Suur mungalill Nasturtium Moonlight- Tropaeolum majus L.\" \/>\n<meta property=\"og:description\" content=\"Suur mungalill Nastrium Moonlight \u2013 \u00fcheaastane taim, roniv vars kuni 3 m. \u00d5ied 4-5 cm. Sobib peenardesse ja r\u00f5dudele, peletab kapsaliblikaid.\" \/>\n<meta property=\"og:url\" content=\"https:\/\/horticom.ee\/e-pood\/toode\/suur-mungalill-nasturtium-moonlight-tropaeolum-majus-l-c\/\" \/>\n<meta property=\"og:site_name\" content=\"Horticom.ee\" \/>\n<meta property=\"article:publisher\" content=\"https:\/\/www.facebook.com\/horticom.ee\/e-pood\" \/>\n<meta property=\"article:modified_time\" content=\"2026-05-03T00:12:04+00:00\" \/>\n<meta property=\"og:image\" content=\"https:\/\/horticom.ee\/e-pood\/wp-content\/uploads\/2022\/10\/4770168914179.jpg\" \/>\n\t<meta property=\"og:image:width\" content=\"398\" \/>\n\t<meta property=\"og:image:height\" content=\"425\" \/>\n\t<meta property=\"og:image:type\" content=\"image\/jpeg\" \/>\n<meta name=\"twitter:card\" content=\"summary_large_image\" \/>\n<meta name=\"twitter:label1\" content=\"Est. reading time\" \/>\n\t<meta name=\"twitter:data1\" content=\"1 minut\" \/>\n<script type=\"application\/ld+json\" class=\"yoast-schema-graph\">{\"@context\":\"https:\/\/schema.org\",\"@graph\":[{\"@type\":\"WebPage\",\"@id\":\"https:\/\/horticom.ee\/e-pood\/toode\/suur-mungalill-nasturtium-moonlight-tropaeolum-majus-l-c\/\",\"url\":\"https:\/\/horticom.ee\/e-pood\/toode\/suur-mungalill-nasturtium-moonlight-tropaeolum-majus-l-c\/\",\"name\":\"Suur mungalill Nasturtium Moonlight- Tropaeolum majus L.\",\"isPartOf\":{\"@id\":\"https:\/\/horticom.ee\/e-pood\/#website\"},\"primaryImageOfPage\":{\"@id\":\"https:\/\/horticom.ee\/e-pood\/toode\/suur-mungalill-nasturtium-moonlight-tropaeolum-majus-l-c\/#primaryimage\"},\"image\":{\"@id\":\"https:\/\/horticom.ee\/e-pood\/toode\/suur-mungalill-nasturtium-moonlight-tropaeolum-majus-l-c\/#primaryimage\"},\"thumbnailUrl\":\"https:\/\/horticom.ee\/e-pood\/wp-content\/uploads\/2022\/10\/4770168914179.jpg\",\"datePublished\":\"2022-10-07T00:01:41+00:00\",\"dateModified\":\"2026-05-03T00:12:04+00:00\",\"description\":\"Suur mungalill Nastrium Moonlight \u2013 \u00fcheaastane taim, roniv vars kuni 3 m. \u00d5ied 4-5 cm. Sobib peenardesse ja r\u00f5dudele, peletab kapsaliblikaid.\",\"breadcrumb\":{\"@id\":\"https:\/\/horticom.ee\/e-pood\/toode\/suur-mungalill-nasturtium-moonlight-tropaeolum-majus-l-c\/#breadcrumb\"},\"inLanguage\":\"et\",\"potentialAction\":[{\"@type\":\"ReadAction\",\"target\":[\"https:\/\/horticom.ee\/e-pood\/toode\/suur-mungalill-nasturtium-moonlight-tropaeolum-majus-l-c\/\"]}]},{\"@type\":\"ImageObject\",\"inLanguage\":\"et\",\"@id\":\"https:\/\/horticom.ee\/e-pood\/toode\/suur-mungalill-nasturtium-moonlight-tropaeolum-majus-l-c\/#primaryimage\",\"url\":\"https:\/\/horticom.ee\/e-pood\/wp-content\/uploads\/2022\/10\/4770168914179.jpg\",\"contentUrl\":\"https:\/\/horticom.ee\/e-pood\/wp-content\/uploads\/2022\/10\/4770168914179.jpg\",\"width\":398,\"height\":425},{\"@type\":\"BreadcrumbList\",\"@id\":\"https:\/\/horticom.ee\/e-pood\/toode\/suur-mungalill-nasturtium-moonlight-tropaeolum-majus-l-c\/#breadcrumb\",\"itemListElement\":[{\"@type\":\"ListItem\",\"position\":1,\"name\":\"Home\",\"item\":\"https:\/\/horticom.ee\/e-pood\/\"},{\"@type\":\"ListItem\",\"position\":2,\"name\":\"Pood\",\"item\":\"https:\/\/horticom.ee\/e-pood\/pood\/\"},{\"@type\":\"ListItem\",\"position\":3,\"name\":\"Suur mungalill Nasturtium Moonlight- Tropaeolum majus L.\"}]},{\"@type\":\"WebSite\",\"@id\":\"https:\/\/horticom.ee\/e-pood\/#website\",\"url\":\"https:\/\/horticom.ee\/e-pood\/\",\"name\":\"Horticom.ee\",\"description\":\"Aianduskaubad ja kodukaubad nii harrastajatele kui professionaalidele\",\"potentialAction\":[{\"@type\":\"SearchAction\",\"target\":{\"@type\":\"EntryPoint\",\"urlTemplate\":\"https:\/\/horticom.ee\/e-pood\/?s={search_term_string}\"},\"query-input\":{\"@type\":\"PropertyValueSpecification\",\"valueRequired\":true,\"valueName\":\"search_term_string\"}}],\"inLanguage\":\"et\"}]}<\/script>\n<!-- \/ Yoast SEO plugin. -->","yoast_head_json":{"title":"Suur mungalill Nasturtium Moonlight- Tropaeolum majus L.","description":"Suur mungalill Nastrium Moonlight \u2013 \u00fcheaastane taim, roniv vars kuni 3 m. \u00d5ied 4-5 cm. Sobib peenardesse ja r\u00f5dudele, peletab kapsaliblikaid.","robots":{"index":"index","follow":"follow","max-snippet":"max-snippet:-1","max-image-preview":"max-image-preview:large","max-video-preview":"max-video-preview:-1"},"canonical":"https:\/\/horticom.ee\/e-pood\/toode\/suur-mungalill-nasturtium-moonlight-tropaeolum-majus-l-c\/","og_locale":"et_EE","og_type":"article","og_title":"Suur mungalill Nasturtium Moonlight- Tropaeolum majus L.","og_description":"Suur mungalill Nastrium Moonlight \u2013 \u00fcheaastane taim, roniv vars kuni 3 m. \u00d5ied 4-5 cm. Sobib peenardesse ja r\u00f5dudele, peletab kapsaliblikaid.","og_url":"https:\/\/horticom.ee\/e-pood\/toode\/suur-mungalill-nasturtium-moonlight-tropaeolum-majus-l-c\/","og_site_name":"Horticom.ee","article_publisher":"https:\/\/www.facebook.com\/horticom.ee\/e-pood","article_modified_time":"2026-05-03T00:12:04+00:00","og_image":[{"width":398,"height":425,"url":"https:\/\/horticom.ee\/e-pood\/wp-content\/uploads\/2022\/10\/4770168914179.jpg","type":"image\/jpeg"}],"twitter_card":"summary_large_image","twitter_misc":{"Est. reading time":"1 minut"},"schema":{"@context":"https:\/\/schema.org","@graph":[{"@type":"WebPage","@id":"https:\/\/horticom.ee\/e-pood\/toode\/suur-mungalill-nasturtium-moonlight-tropaeolum-majus-l-c\/","url":"https:\/\/horticom.ee\/e-pood\/toode\/suur-mungalill-nasturtium-moonlight-tropaeolum-majus-l-c\/","name":"Suur mungalill Nasturtium Moonlight- Tropaeolum majus L.","isPartOf":{"@id":"https:\/\/horticom.ee\/e-pood\/#website"},"primaryImageOfPage":{"@id":"https:\/\/horticom.ee\/e-pood\/toode\/suur-mungalill-nasturtium-moonlight-tropaeolum-majus-l-c\/#primaryimage"},"image":{"@id":"https:\/\/horticom.ee\/e-pood\/toode\/suur-mungalill-nasturtium-moonlight-tropaeolum-majus-l-c\/#primaryimage"},"thumbnailUrl":"https:\/\/horticom.ee\/e-pood\/wp-content\/uploads\/2022\/10\/4770168914179.jpg","datePublished":"2022-10-07T00:01:41+00:00","dateModified":"2026-05-03T00:12:04+00:00","description":"Suur mungalill Nastrium Moonlight \u2013 \u00fcheaastane taim, roniv vars kuni 3 m. \u00d5ied 4-5 cm. Sobib peenardesse ja r\u00f5dudele, peletab kapsaliblikaid.","breadcrumb":{"@id":"https:\/\/horticom.ee\/e-pood\/toode\/suur-mungalill-nasturtium-moonlight-tropaeolum-majus-l-c\/#breadcrumb"},"inLanguage":"et","potentialAction":[{"@type":"ReadAction","target":["https:\/\/horticom.ee\/e-pood\/toode\/suur-mungalill-nasturtium-moonlight-tropaeolum-majus-l-c\/"]}]},{"@type":"ImageObject","inLanguage":"et","@id":"https:\/\/horticom.ee\/e-pood\/toode\/suur-mungalill-nasturtium-moonlight-tropaeolum-majus-l-c\/#primaryimage","url":"https:\/\/horticom.ee\/e-pood\/wp-content\/uploads\/2022\/10\/4770168914179.jpg","contentUrl":"https:\/\/horticom.ee\/e-pood\/wp-content\/uploads\/2022\/10\/4770168914179.jpg","width":398,"height":425},{"@type":"BreadcrumbList","@id":"https:\/\/horticom.ee\/e-pood\/toode\/suur-mungalill-nasturtium-moonlight-tropaeolum-majus-l-c\/#breadcrumb","itemListElement":[{"@type":"ListItem","position":1,"name":"Home","item":"https:\/\/horticom.ee\/e-pood\/"},{"@type":"ListItem","position":2,"name":"Pood","item":"https:\/\/horticom.ee\/e-pood\/pood\/"},{"@type":"ListItem","position":3,"name":"Suur mungalill Nasturtium Moonlight- Tropaeolum majus L."}]},{"@type":"WebSite","@id":"https:\/\/horticom.ee\/e-pood\/#website","url":"https:\/\/horticom.ee\/e-pood\/","name":"Horticom.ee","description":"Aianduskaubad ja kodukaubad nii harrastajatele kui professionaalidele","potentialAction":[{"@type":"SearchAction","target":{"@type":"EntryPoint","urlTemplate":"https:\/\/horticom.ee\/e-pood\/?s={search_term_string}"},"query-input":{"@type":"PropertyValueSpecification","valueRequired":true,"valueName":"search_term_string"}}],"inLanguage":"et"}]}},"_links":{"self":[{"href":"https:\/\/horticom.ee\/e-pood\/wp-json\/wp\/v2\/product\/1383840","targetHints":{"allow":["GET"]}}],"collection":[{"href":"https:\/\/horticom.ee\/e-pood\/wp-json\/wp\/v2\/product"}],"about":[{"href":"https:\/\/horticom.ee\/e-pood\/wp-json\/wp\/v2\/types\/product"}],"replies":[{"embeddable":true,"href":"https:\/\/horticom.ee\/e-pood\/wp-json\/wp\/v2\/comments?post=1383840"}],"wp:featuredmedia":[{"embeddable":true,"href":"https:\/\/horticom.ee\/e-pood\/wp-json\/wp\/v2\/media\/2400562"}],"wp:attachment":[{"href":"https:\/\/horticom.ee\/e-pood\/wp-json\/wp\/v2\/media?parent=1383840"}],"wp:term":[{"taxonomy":"product_cat","embeddable":true,"href":"https:\/\/horticom.ee\/e-pood\/wp-json\/wp\/v2\/product_cat?post=1383840"},{"taxonomy":"product_tag","embeddable":true,"href":"https:\/\/horticom.ee\/e-pood\/wp-json\/wp\/v2\/product_tag?post=1383840"}],"curies":[{"name":"wp","href":"https:\/\/api.w.org\/{rel}","templated":true}]}}