{"id":152271,"date":"2022-01-17T15:55:03","date_gmt":"2022-01-17T13:55:03","guid":{"rendered":"https:\/\/aednik24.ee\/toode\/hiireloks-victor-lihtne\/"},"modified":"2026-05-13T03:00:28","modified_gmt":"2026-05-13T00:00:28","slug":"hiireloks-victor-lihtne","status":"publish","type":"product","link":"https:\/\/horticom.ee\/e-pood\/toode\/hiireloks-victor-lihtne\/","title":{"rendered":"Hiirel\u00f5ks Victor lihtne"},"content":{"rendered":"<p>Traditsioonilise vinnastus\u00admehhanismiga hiirel\u00f5ks. Sobib kasutamiseks nii siseruumides kui \u00f5ues. Kasutage l\u00f5kse kohtades, kus rotim\u00fcrgi kasutamine on v\u00e4listatud (lapsed, koduloomad). Lai plastist p\u00e4\u00e4stik, mida on kerge vinnastada. L\u00f5ksu tootmisel kasutatakse vastutustundlikult majandatud p\u00e4rit metsadest puitu Forest Stewardship Council\u00ae (FSC). L\u00f5ks on korduvkasutatav ja utiliseeritav.<\/p>\n","protected":false},"excerpt":{"rendered":"<p>Traditsioonilise vinnastus\u00admehhanismiga hiirel\u00f5ks. Sobib kasutamiseks nii siseruumides kui \u00f5ues. Kasutage l\u00f5kse kohtades, kus rotim\u00fcrgi kasutamine on v\u00e4listatud (lapsed, koduloomad). Lai plastist p\u00e4\u00e4stik, mida on kerge vinnastada. L\u00f5ksu tootmisel kasutatakse vastutustundlikult majandatud p\u00e4rit metsadest puitu Forest Stewardship Council\u00ae (FSC). L\u00f5ks on korduvkasutatav ja utiliseeritav.<\/p>\n","protected":false},"featured_media":181741,"comment_status":"closed","ping_status":"closed","template":"","meta":{"_themeisle_gutenberg_block_has_review":false},"product_cat":[13604],"product_tag":[],"class_list":{"0":"post-152271","1":"product","2":"type-product","3":"status-publish","4":"has-post-thumbnail","6":"product_cat-hiired-ja-rotid","8":"first","9":"outofstock","10":"sale","11":"shipping-taxable","12":"purchasable","13":"product-type-simple"},"yoast_head":"<!-- This site is optimized with the Yoast SEO plugin v24.0 - https:\/\/yoast.com\/wordpress\/plugins\/seo\/ -->\n<title>Hiirel\u00f5ks Victor lihtne - Horticom.ee\/e-pood<\/title>\n<meta name=\"description\" content=\"Traditsiooniline hiirel\u00f5ks vastupidava vinnastusmehhanismiga. Sobib kasutamiseks nii siseruumides kui \u00f5ues. Korduvkasutatav ja efektiivne.\" \/>\n<meta name=\"robots\" content=\"index, follow, max-snippet:-1, max-image-preview:large, max-video-preview:-1\" \/>\n<link rel=\"canonical\" href=\"https:\/\/horticom.ee\/e-pood\/toode\/hiireloks-victor-lihtne\/\" \/>\n<meta property=\"og:locale\" content=\"et_EE\" \/>\n<meta property=\"og:type\" content=\"article\" \/>\n<meta property=\"og:title\" content=\"Hiirel\u00f5ks Victor lihtne - Horticom.ee\/e-pood\" \/>\n<meta property=\"og:description\" content=\"Traditsiooniline hiirel\u00f5ks vastupidava vinnastusmehhanismiga. Sobib kasutamiseks nii siseruumides kui \u00f5ues. Korduvkasutatav ja efektiivne.\" \/>\n<meta property=\"og:url\" content=\"https:\/\/horticom.ee\/e-pood\/toode\/hiireloks-victor-lihtne\/\" \/>\n<meta property=\"og:site_name\" content=\"Horticom.ee\" \/>\n<meta property=\"article:publisher\" content=\"https:\/\/www.facebook.com\/horticom.ee\/e-pood\" \/>\n<meta property=\"article:modified_time\" content=\"2026-05-13T00:00:28+00:00\" \/>\n<meta property=\"og:image\" content=\"https:\/\/horticom.ee\/e-pood\/wp-content\/uploads\/importedmedia\/product-152271_0-P0080.jpg\" \/>\n\t<meta property=\"og:image:width\" content=\"1000\" \/>\n\t<meta property=\"og:image:height\" content=\"1000\" \/>\n\t<meta property=\"og:image:type\" content=\"image\/jpeg\" \/>\n<meta name=\"twitter:card\" content=\"summary_large_image\" \/>\n<script type=\"application\/ld+json\" class=\"yoast-schema-graph\">{\"@context\":\"https:\/\/schema.org\",\"@graph\":[{\"@type\":\"WebPage\",\"@id\":\"https:\/\/horticom.ee\/e-pood\/toode\/hiireloks-victor-lihtne\/\",\"url\":\"https:\/\/horticom.ee\/e-pood\/toode\/hiireloks-victor-lihtne\/\",\"name\":\"Hiirel\u00f5ks Victor lihtne - Horticom.ee\/e-pood\",\"isPartOf\":{\"@id\":\"https:\/\/horticom.ee\/e-pood\/#website\"},\"primaryImageOfPage\":{\"@id\":\"https:\/\/horticom.ee\/e-pood\/toode\/hiireloks-victor-lihtne\/#primaryimage\"},\"image\":{\"@id\":\"https:\/\/horticom.ee\/e-pood\/toode\/hiireloks-victor-lihtne\/#primaryimage\"},\"thumbnailUrl\":\"https:\/\/horticom.ee\/e-pood\/wp-content\/uploads\/importedmedia\/product-152271_0-P0080.jpg\",\"datePublished\":\"2022-01-17T13:55:03+00:00\",\"dateModified\":\"2026-05-13T00:00:28+00:00\",\"description\":\"Traditsiooniline hiirel\u00f5ks vastupidava vinnastusmehhanismiga. Sobib kasutamiseks nii siseruumides kui \u00f5ues. Korduvkasutatav ja efektiivne.\",\"breadcrumb\":{\"@id\":\"https:\/\/horticom.ee\/e-pood\/toode\/hiireloks-victor-lihtne\/#breadcrumb\"},\"inLanguage\":\"et\",\"potentialAction\":[{\"@type\":\"ReadAction\",\"target\":[\"https:\/\/horticom.ee\/e-pood\/toode\/hiireloks-victor-lihtne\/\"]}]},{\"@type\":\"ImageObject\",\"inLanguage\":\"et\",\"@id\":\"https:\/\/horticom.ee\/e-pood\/toode\/hiireloks-victor-lihtne\/#primaryimage\",\"url\":\"https:\/\/horticom.ee\/e-pood\/wp-content\/uploads\/importedmedia\/product-152271_0-P0080.jpg\",\"contentUrl\":\"https:\/\/horticom.ee\/e-pood\/wp-content\/uploads\/importedmedia\/product-152271_0-P0080.jpg\",\"width\":1000,\"height\":1000,\"caption\":\"Hiirel\u00f5ks Victor lihtne\"},{\"@type\":\"BreadcrumbList\",\"@id\":\"https:\/\/horticom.ee\/e-pood\/toode\/hiireloks-victor-lihtne\/#breadcrumb\",\"itemListElement\":[{\"@type\":\"ListItem\",\"position\":1,\"name\":\"Home\",\"item\":\"https:\/\/horticom.ee\/e-pood\/\"},{\"@type\":\"ListItem\",\"position\":2,\"name\":\"Pood\",\"item\":\"https:\/\/horticom.ee\/e-pood\/pood\/\"},{\"@type\":\"ListItem\",\"position\":3,\"name\":\"Hiirel\u00f5ks Victor lihtne\"}]},{\"@type\":\"WebSite\",\"@id\":\"https:\/\/horticom.ee\/e-pood\/#website\",\"url\":\"https:\/\/horticom.ee\/e-pood\/\",\"name\":\"Horticom.ee\",\"description\":\"Aianduskaubad ja kodukaubad nii harrastajatele kui professionaalidele\",\"potentialAction\":[{\"@type\":\"SearchAction\",\"target\":{\"@type\":\"EntryPoint\",\"urlTemplate\":\"https:\/\/horticom.ee\/e-pood\/?s={search_term_string}\"},\"query-input\":{\"@type\":\"PropertyValueSpecification\",\"valueRequired\":true,\"valueName\":\"search_term_string\"}}],\"inLanguage\":\"et\"}]}<\/script>\n<!-- \/ Yoast SEO plugin. -->","yoast_head_json":{"title":"Hiirel\u00f5ks Victor lihtne - Horticom.ee\/e-pood","description":"Traditsiooniline hiirel\u00f5ks vastupidava vinnastusmehhanismiga. Sobib kasutamiseks nii siseruumides kui \u00f5ues. Korduvkasutatav ja efektiivne.","robots":{"index":"index","follow":"follow","max-snippet":"max-snippet:-1","max-image-preview":"max-image-preview:large","max-video-preview":"max-video-preview:-1"},"canonical":"https:\/\/horticom.ee\/e-pood\/toode\/hiireloks-victor-lihtne\/","og_locale":"et_EE","og_type":"article","og_title":"Hiirel\u00f5ks Victor lihtne - Horticom.ee\/e-pood","og_description":"Traditsiooniline hiirel\u00f5ks vastupidava vinnastusmehhanismiga. Sobib kasutamiseks nii siseruumides kui \u00f5ues. Korduvkasutatav ja efektiivne.","og_url":"https:\/\/horticom.ee\/e-pood\/toode\/hiireloks-victor-lihtne\/","og_site_name":"Horticom.ee","article_publisher":"https:\/\/www.facebook.com\/horticom.ee\/e-pood","article_modified_time":"2026-05-13T00:00:28+00:00","og_image":[{"width":1000,"height":1000,"url":"https:\/\/horticom.ee\/e-pood\/wp-content\/uploads\/importedmedia\/product-152271_0-P0080.jpg","type":"image\/jpeg"}],"twitter_card":"summary_large_image","schema":{"@context":"https:\/\/schema.org","@graph":[{"@type":"WebPage","@id":"https:\/\/horticom.ee\/e-pood\/toode\/hiireloks-victor-lihtne\/","url":"https:\/\/horticom.ee\/e-pood\/toode\/hiireloks-victor-lihtne\/","name":"Hiirel\u00f5ks Victor lihtne - Horticom.ee\/e-pood","isPartOf":{"@id":"https:\/\/horticom.ee\/e-pood\/#website"},"primaryImageOfPage":{"@id":"https:\/\/horticom.ee\/e-pood\/toode\/hiireloks-victor-lihtne\/#primaryimage"},"image":{"@id":"https:\/\/horticom.ee\/e-pood\/toode\/hiireloks-victor-lihtne\/#primaryimage"},"thumbnailUrl":"https:\/\/horticom.ee\/e-pood\/wp-content\/uploads\/importedmedia\/product-152271_0-P0080.jpg","datePublished":"2022-01-17T13:55:03+00:00","dateModified":"2026-05-13T00:00:28+00:00","description":"Traditsiooniline hiirel\u00f5ks vastupidava vinnastusmehhanismiga. Sobib kasutamiseks nii siseruumides kui \u00f5ues. Korduvkasutatav ja efektiivne.","breadcrumb":{"@id":"https:\/\/horticom.ee\/e-pood\/toode\/hiireloks-victor-lihtne\/#breadcrumb"},"inLanguage":"et","potentialAction":[{"@type":"ReadAction","target":["https:\/\/horticom.ee\/e-pood\/toode\/hiireloks-victor-lihtne\/"]}]},{"@type":"ImageObject","inLanguage":"et","@id":"https:\/\/horticom.ee\/e-pood\/toode\/hiireloks-victor-lihtne\/#primaryimage","url":"https:\/\/horticom.ee\/e-pood\/wp-content\/uploads\/importedmedia\/product-152271_0-P0080.jpg","contentUrl":"https:\/\/horticom.ee\/e-pood\/wp-content\/uploads\/importedmedia\/product-152271_0-P0080.jpg","width":1000,"height":1000,"caption":"Hiirel\u00f5ks Victor lihtne"},{"@type":"BreadcrumbList","@id":"https:\/\/horticom.ee\/e-pood\/toode\/hiireloks-victor-lihtne\/#breadcrumb","itemListElement":[{"@type":"ListItem","position":1,"name":"Home","item":"https:\/\/horticom.ee\/e-pood\/"},{"@type":"ListItem","position":2,"name":"Pood","item":"https:\/\/horticom.ee\/e-pood\/pood\/"},{"@type":"ListItem","position":3,"name":"Hiirel\u00f5ks Victor lihtne"}]},{"@type":"WebSite","@id":"https:\/\/horticom.ee\/e-pood\/#website","url":"https:\/\/horticom.ee\/e-pood\/","name":"Horticom.ee","description":"Aianduskaubad ja kodukaubad nii harrastajatele kui professionaalidele","potentialAction":[{"@type":"SearchAction","target":{"@type":"EntryPoint","urlTemplate":"https:\/\/horticom.ee\/e-pood\/?s={search_term_string}"},"query-input":{"@type":"PropertyValueSpecification","valueRequired":true,"valueName":"search_term_string"}}],"inLanguage":"et"}]}},"_links":{"self":[{"href":"https:\/\/horticom.ee\/e-pood\/wp-json\/wp\/v2\/product\/152271","targetHints":{"allow":["GET"]}}],"collection":[{"href":"https:\/\/horticom.ee\/e-pood\/wp-json\/wp\/v2\/product"}],"about":[{"href":"https:\/\/horticom.ee\/e-pood\/wp-json\/wp\/v2\/types\/product"}],"replies":[{"embeddable":true,"href":"https:\/\/horticom.ee\/e-pood\/wp-json\/wp\/v2\/comments?post=152271"}],"wp:featuredmedia":[{"embeddable":true,"href":"https:\/\/horticom.ee\/e-pood\/wp-json\/wp\/v2\/media\/181741"}],"wp:attachment":[{"href":"https:\/\/horticom.ee\/e-pood\/wp-json\/wp\/v2\/media?parent=152271"}],"wp:term":[{"taxonomy":"product_cat","embeddable":true,"href":"https:\/\/horticom.ee\/e-pood\/wp-json\/wp\/v2\/product_cat?post=152271"},{"taxonomy":"product_tag","embeddable":true,"href":"https:\/\/horticom.ee\/e-pood\/wp-json\/wp\/v2\/product_tag?post=152271"}],"curies":[{"name":"wp","href":"https:\/\/api.w.org\/{rel}","templated":true}]}}