{"id":152377,"date":"2022-01-17T15:55:58","date_gmt":"2022-01-17T13:55:58","guid":{"rendered":"https:\/\/aednik24.ee\/toode\/metsmaasikas-rugen-fragaria-vesca-l\/"},"modified":"2026-04-24T03:00:38","modified_gmt":"2026-04-24T00:00:38","slug":"metsmaasikas-rugen-fragaria-vesca-l","status":"publish","type":"product","link":"https:\/\/horticom.ee\/e-pood\/toode\/metsmaasikas-rugen-fragaria-vesca-l\/","title":{"rendered":"Metsmaasikas Rugen"},"content":{"rendered":"<p>Metsmaasikas Rugen on mitmeaastane taim, viljad punased magusad ja aromaatsed. Kultuurtaimede marjad on tunduvalt suuremad, kui looduses kasvavatel metsmaasikatel. Annab saaki juunist s\u00fcgiseni. V\u00f5ib kasvatada alpinaariumides, talub h\u00e4sti varjulist kasvukohta. 1g umbes 3000 seemet.<\/p>\n","protected":false},"excerpt":{"rendered":"<p>Metsmaasikas Rugen on mitmeaastane taim, viljad punased magusad ja aromaatsed. Kultuurtaimede marjad on tunduvalt suuremad, kui looduses kasvavatel metsmaasikatel. Annab saaki juunist s\u00fcgiseni. V\u00f5ib kasvatada alpinaariumides, talub h\u00e4sti varjulist kasvukohta. 1g umbes 3000 seemet.<\/p>\n","protected":false},"featured_media":180729,"comment_status":"closed","ping_status":"closed","template":"","meta":{"_themeisle_gutenberg_block_has_review":false},"product_cat":[13492],"product_tag":[],"class_list":{"0":"post-152377","1":"product","2":"type-product","3":"status-publish","4":"has-post-thumbnail","6":"product_cat-maasikas","8":"first","9":"instock","10":"shipping-taxable","11":"purchasable","12":"product-type-simple"},"yoast_head":"<!-- This site is optimized with the Yoast SEO plugin v24.0 - https:\/\/yoast.com\/wordpress\/plugins\/seo\/ -->\n<title>Metsmaasikas Rugen - Horticom.ee\/e-pood<\/title>\n<meta name=\"description\" content=\"Metsmaasikas Rugen, mitmeaastane taim, magusad ja aromaatsed viljad. Sobib h\u00e4sti varjulistesse kohtadesse.\" \/>\n<meta name=\"robots\" content=\"index, follow, max-snippet:-1, max-image-preview:large, max-video-preview:-1\" \/>\n<link rel=\"canonical\" href=\"https:\/\/horticom.ee\/e-pood\/toode\/metsmaasikas-rugen-fragaria-vesca-l\/\" \/>\n<meta property=\"og:locale\" content=\"et_EE\" \/>\n<meta property=\"og:type\" content=\"article\" \/>\n<meta property=\"og:title\" content=\"Metsmaasikas Rugen - Horticom.ee\/e-pood\" \/>\n<meta property=\"og:description\" content=\"Metsmaasikas Rugen, mitmeaastane taim, magusad ja aromaatsed viljad. Sobib h\u00e4sti varjulistesse kohtadesse.\" \/>\n<meta property=\"og:url\" content=\"https:\/\/horticom.ee\/e-pood\/toode\/metsmaasikas-rugen-fragaria-vesca-l\/\" \/>\n<meta property=\"og:site_name\" content=\"Horticom.ee\" \/>\n<meta property=\"article:publisher\" content=\"https:\/\/www.facebook.com\/horticom.ee\/e-pood\" \/>\n<meta property=\"article:modified_time\" content=\"2026-04-24T00:00:38+00:00\" \/>\n<meta property=\"og:image\" content=\"https:\/\/horticom.ee\/e-pood\/wp-content\/uploads\/importedmedia\/product-152377_0-PL0496-585x1024.jpg\" \/>\n\t<meta property=\"og:image:width\" content=\"585\" \/>\n\t<meta property=\"og:image:height\" content=\"1024\" \/>\n\t<meta property=\"og:image:type\" content=\"image\/jpeg\" \/>\n<meta name=\"twitter:card\" content=\"summary_large_image\" \/>\n<script type=\"application\/ld+json\" class=\"yoast-schema-graph\">{\"@context\":\"https:\/\/schema.org\",\"@graph\":[{\"@type\":\"WebPage\",\"@id\":\"https:\/\/horticom.ee\/e-pood\/toode\/metsmaasikas-rugen-fragaria-vesca-l\/\",\"url\":\"https:\/\/horticom.ee\/e-pood\/toode\/metsmaasikas-rugen-fragaria-vesca-l\/\",\"name\":\"Metsmaasikas Rugen - Horticom.ee\/e-pood\",\"isPartOf\":{\"@id\":\"https:\/\/horticom.ee\/e-pood\/#website\"},\"primaryImageOfPage\":{\"@id\":\"https:\/\/horticom.ee\/e-pood\/toode\/metsmaasikas-rugen-fragaria-vesca-l\/#primaryimage\"},\"image\":{\"@id\":\"https:\/\/horticom.ee\/e-pood\/toode\/metsmaasikas-rugen-fragaria-vesca-l\/#primaryimage\"},\"thumbnailUrl\":\"https:\/\/horticom.ee\/e-pood\/wp-content\/uploads\/importedmedia\/product-152377_0-PL0496.jpg\",\"datePublished\":\"2022-01-17T13:55:58+00:00\",\"dateModified\":\"2026-04-24T00:00:38+00:00\",\"description\":\"Metsmaasikas Rugen, mitmeaastane taim, magusad ja aromaatsed viljad. Sobib h\u00e4sti varjulistesse kohtadesse.\",\"breadcrumb\":{\"@id\":\"https:\/\/horticom.ee\/e-pood\/toode\/metsmaasikas-rugen-fragaria-vesca-l\/#breadcrumb\"},\"inLanguage\":\"et\",\"potentialAction\":[{\"@type\":\"ReadAction\",\"target\":[\"https:\/\/horticom.ee\/e-pood\/toode\/metsmaasikas-rugen-fragaria-vesca-l\/\"]}]},{\"@type\":\"ImageObject\",\"inLanguage\":\"et\",\"@id\":\"https:\/\/horticom.ee\/e-pood\/toode\/metsmaasikas-rugen-fragaria-vesca-l\/#primaryimage\",\"url\":\"https:\/\/horticom.ee\/e-pood\/wp-content\/uploads\/importedmedia\/product-152377_0-PL0496.jpg\",\"contentUrl\":\"https:\/\/horticom.ee\/e-pood\/wp-content\/uploads\/importedmedia\/product-152377_0-PL0496.jpg\",\"width\":1000,\"height\":1750,\"caption\":\"Metsmaasikas Rugen\"},{\"@type\":\"BreadcrumbList\",\"@id\":\"https:\/\/horticom.ee\/e-pood\/toode\/metsmaasikas-rugen-fragaria-vesca-l\/#breadcrumb\",\"itemListElement\":[{\"@type\":\"ListItem\",\"position\":1,\"name\":\"Home\",\"item\":\"https:\/\/horticom.ee\/e-pood\/\"},{\"@type\":\"ListItem\",\"position\":2,\"name\":\"Pood\",\"item\":\"https:\/\/horticom.ee\/e-pood\/pood\/\"},{\"@type\":\"ListItem\",\"position\":3,\"name\":\"Metsmaasikas Rugen\"}]},{\"@type\":\"WebSite\",\"@id\":\"https:\/\/horticom.ee\/e-pood\/#website\",\"url\":\"https:\/\/horticom.ee\/e-pood\/\",\"name\":\"Horticom.ee\",\"description\":\"Aianduskaubad ja kodukaubad nii harrastajatele kui professionaalidele\",\"potentialAction\":[{\"@type\":\"SearchAction\",\"target\":{\"@type\":\"EntryPoint\",\"urlTemplate\":\"https:\/\/horticom.ee\/e-pood\/?s={search_term_string}\"},\"query-input\":{\"@type\":\"PropertyValueSpecification\",\"valueRequired\":true,\"valueName\":\"search_term_string\"}}],\"inLanguage\":\"et\"}]}<\/script>\n<!-- \/ Yoast SEO plugin. -->","yoast_head_json":{"title":"Metsmaasikas Rugen - Horticom.ee\/e-pood","description":"Metsmaasikas Rugen, mitmeaastane taim, magusad ja aromaatsed viljad. Sobib h\u00e4sti varjulistesse kohtadesse.","robots":{"index":"index","follow":"follow","max-snippet":"max-snippet:-1","max-image-preview":"max-image-preview:large","max-video-preview":"max-video-preview:-1"},"canonical":"https:\/\/horticom.ee\/e-pood\/toode\/metsmaasikas-rugen-fragaria-vesca-l\/","og_locale":"et_EE","og_type":"article","og_title":"Metsmaasikas Rugen - Horticom.ee\/e-pood","og_description":"Metsmaasikas Rugen, mitmeaastane taim, magusad ja aromaatsed viljad. Sobib h\u00e4sti varjulistesse kohtadesse.","og_url":"https:\/\/horticom.ee\/e-pood\/toode\/metsmaasikas-rugen-fragaria-vesca-l\/","og_site_name":"Horticom.ee","article_publisher":"https:\/\/www.facebook.com\/horticom.ee\/e-pood","article_modified_time":"2026-04-24T00:00:38+00:00","og_image":[{"width":585,"height":1024,"url":"https:\/\/horticom.ee\/e-pood\/wp-content\/uploads\/importedmedia\/product-152377_0-PL0496-585x1024.jpg","type":"image\/jpeg"}],"twitter_card":"summary_large_image","schema":{"@context":"https:\/\/schema.org","@graph":[{"@type":"WebPage","@id":"https:\/\/horticom.ee\/e-pood\/toode\/metsmaasikas-rugen-fragaria-vesca-l\/","url":"https:\/\/horticom.ee\/e-pood\/toode\/metsmaasikas-rugen-fragaria-vesca-l\/","name":"Metsmaasikas Rugen - Horticom.ee\/e-pood","isPartOf":{"@id":"https:\/\/horticom.ee\/e-pood\/#website"},"primaryImageOfPage":{"@id":"https:\/\/horticom.ee\/e-pood\/toode\/metsmaasikas-rugen-fragaria-vesca-l\/#primaryimage"},"image":{"@id":"https:\/\/horticom.ee\/e-pood\/toode\/metsmaasikas-rugen-fragaria-vesca-l\/#primaryimage"},"thumbnailUrl":"https:\/\/horticom.ee\/e-pood\/wp-content\/uploads\/importedmedia\/product-152377_0-PL0496.jpg","datePublished":"2022-01-17T13:55:58+00:00","dateModified":"2026-04-24T00:00:38+00:00","description":"Metsmaasikas Rugen, mitmeaastane taim, magusad ja aromaatsed viljad. Sobib h\u00e4sti varjulistesse kohtadesse.","breadcrumb":{"@id":"https:\/\/horticom.ee\/e-pood\/toode\/metsmaasikas-rugen-fragaria-vesca-l\/#breadcrumb"},"inLanguage":"et","potentialAction":[{"@type":"ReadAction","target":["https:\/\/horticom.ee\/e-pood\/toode\/metsmaasikas-rugen-fragaria-vesca-l\/"]}]},{"@type":"ImageObject","inLanguage":"et","@id":"https:\/\/horticom.ee\/e-pood\/toode\/metsmaasikas-rugen-fragaria-vesca-l\/#primaryimage","url":"https:\/\/horticom.ee\/e-pood\/wp-content\/uploads\/importedmedia\/product-152377_0-PL0496.jpg","contentUrl":"https:\/\/horticom.ee\/e-pood\/wp-content\/uploads\/importedmedia\/product-152377_0-PL0496.jpg","width":1000,"height":1750,"caption":"Metsmaasikas Rugen"},{"@type":"BreadcrumbList","@id":"https:\/\/horticom.ee\/e-pood\/toode\/metsmaasikas-rugen-fragaria-vesca-l\/#breadcrumb","itemListElement":[{"@type":"ListItem","position":1,"name":"Home","item":"https:\/\/horticom.ee\/e-pood\/"},{"@type":"ListItem","position":2,"name":"Pood","item":"https:\/\/horticom.ee\/e-pood\/pood\/"},{"@type":"ListItem","position":3,"name":"Metsmaasikas Rugen"}]},{"@type":"WebSite","@id":"https:\/\/horticom.ee\/e-pood\/#website","url":"https:\/\/horticom.ee\/e-pood\/","name":"Horticom.ee","description":"Aianduskaubad ja kodukaubad nii harrastajatele kui professionaalidele","potentialAction":[{"@type":"SearchAction","target":{"@type":"EntryPoint","urlTemplate":"https:\/\/horticom.ee\/e-pood\/?s={search_term_string}"},"query-input":{"@type":"PropertyValueSpecification","valueRequired":true,"valueName":"search_term_string"}}],"inLanguage":"et"}]}},"_links":{"self":[{"href":"https:\/\/horticom.ee\/e-pood\/wp-json\/wp\/v2\/product\/152377","targetHints":{"allow":["GET"]}}],"collection":[{"href":"https:\/\/horticom.ee\/e-pood\/wp-json\/wp\/v2\/product"}],"about":[{"href":"https:\/\/horticom.ee\/e-pood\/wp-json\/wp\/v2\/types\/product"}],"replies":[{"embeddable":true,"href":"https:\/\/horticom.ee\/e-pood\/wp-json\/wp\/v2\/comments?post=152377"}],"wp:featuredmedia":[{"embeddable":true,"href":"https:\/\/horticom.ee\/e-pood\/wp-json\/wp\/v2\/media\/180729"}],"wp:attachment":[{"href":"https:\/\/horticom.ee\/e-pood\/wp-json\/wp\/v2\/media?parent=152377"}],"wp:term":[{"taxonomy":"product_cat","embeddable":true,"href":"https:\/\/horticom.ee\/e-pood\/wp-json\/wp\/v2\/product_cat?post=152377"},{"taxonomy":"product_tag","embeddable":true,"href":"https:\/\/horticom.ee\/e-pood\/wp-json\/wp\/v2\/product_tag?post=152377"}],"curies":[{"name":"wp","href":"https:\/\/api.w.org\/{rel}","templated":true}]}}