{"id":152571,"date":"2022-01-17T15:57:37","date_gmt":"2022-01-17T13:57:37","guid":{"rendered":"https:\/\/aednik24.ee\/toode\/hooldusvahend-felco-990-maare\/"},"modified":"2026-05-13T03:04:23","modified_gmt":"2026-05-13T00:04:23","slug":"hooldusvahend-felco-990-maare","status":"publish","type":"product","link":"https:\/\/horticom.ee\/e-pood\/toode\/hooldusvahend-felco-990-maare\/","title":{"rendered":"Hooldusvahend Felco 990 m\u00e4\u00e4re"},"content":{"rendered":"<p>M\u00f5eldud oksak\u00e4\u00e4ride hooldamiseks. Tegu on kvaliteetse m\u00e4\u00e4rdega, mis v\u00e4hendab liikuvate osade kulumist. On vett t\u00f5rjuv, mittetoksiline ja oksak\u00e4\u00e4re korrosiooni eest kaitsev. 30g<\/p>\n","protected":false},"excerpt":{"rendered":"<p>M\u00f5eldud oksak\u00e4\u00e4ride hooldamiseks. Tegu on kvaliteetse m\u00e4\u00e4rdega, mis v\u00e4hendab liikuvate osade kulumist. On vett t\u00f5rjuv, mittetoksiline ja oksak\u00e4\u00e4re korrosiooni eest kaitsev. 30g<\/p>\n","protected":false},"featured_media":2381760,"comment_status":"closed","ping_status":"closed","template":"","meta":{"_themeisle_gutenberg_block_has_review":false},"product_cat":[13339,13622],"product_tag":[],"class_list":{"0":"post-152571","1":"product","2":"type-product","3":"status-publish","4":"has-post-thumbnail","6":"product_cat-hooldusvahendid","7":"product_cat-aiatooriistad-tootjale","9":"first","10":"instock","11":"shipping-taxable","12":"purchasable","13":"product-type-simple"},"yoast_head":"<!-- This site is optimized with the Yoast SEO plugin v24.0 - https:\/\/yoast.com\/wordpress\/plugins\/seo\/ -->\n<title>Hooldusvahend Felco 990 m\u00e4\u00e4re - Horticom<\/title>\n<meta name=\"robots\" content=\"index, follow, max-snippet:-1, max-image-preview:large, max-video-preview:-1\" \/>\n<link rel=\"canonical\" href=\"https:\/\/horticom.ee\/e-pood\/toode\/hooldusvahend-felco-990-maare\/\" \/>\n<meta property=\"og:locale\" content=\"et_EE\" \/>\n<meta property=\"og:type\" content=\"article\" \/>\n<meta property=\"og:title\" content=\"Hooldusvahend Felco 990 m\u00e4\u00e4re - Horticom\" \/>\n<meta property=\"og:description\" content=\"M\u00f5eldud oksak\u00e4\u00e4ride hooldamiseks. Tegu on kvaliteetse m\u00e4\u00e4rdega, mis v\u00e4hendab liikuvate osade kulumist. On vett t\u00f5rjuv, mittetoksiline ja oksak\u00e4\u00e4re korrosiooni eest kaitsev. 30g\" \/>\n<meta property=\"og:url\" content=\"https:\/\/horticom.ee\/e-pood\/toode\/hooldusvahend-felco-990-maare\/\" \/>\n<meta property=\"og:site_name\" content=\"Horticom.ee\" \/>\n<meta property=\"article:publisher\" content=\"https:\/\/www.facebook.com\/horticom.ee\/e-pood\" \/>\n<meta property=\"article:modified_time\" content=\"2026-05-13T00:04:23+00:00\" \/>\n<meta property=\"og:image\" content=\"https:\/\/horticom.ee\/e-pood\/wp-content\/uploads\/importedmedia\/product-152571_0-3600083-445x1024.jpg\" \/>\n\t<meta property=\"og:image:width\" content=\"445\" \/>\n\t<meta property=\"og:image:height\" content=\"1024\" \/>\n\t<meta property=\"og:image:type\" content=\"image\/jpeg\" \/>\n<meta name=\"twitter:card\" content=\"summary_large_image\" \/>\n<script type=\"application\/ld+json\" class=\"yoast-schema-graph\">{\"@context\":\"https:\/\/schema.org\",\"@graph\":[{\"@type\":\"WebPage\",\"@id\":\"https:\/\/horticom.ee\/e-pood\/toode\/hooldusvahend-felco-990-maare\/\",\"url\":\"https:\/\/horticom.ee\/e-pood\/toode\/hooldusvahend-felco-990-maare\/\",\"name\":\"Hooldusvahend Felco 990 m\u00e4\u00e4re - Horticom\",\"isPartOf\":{\"@id\":\"https:\/\/horticom.ee\/e-pood\/#website\"},\"primaryImageOfPage\":{\"@id\":\"https:\/\/horticom.ee\/e-pood\/toode\/hooldusvahend-felco-990-maare\/#primaryimage\"},\"image\":{\"@id\":\"https:\/\/horticom.ee\/e-pood\/toode\/hooldusvahend-felco-990-maare\/#primaryimage\"},\"thumbnailUrl\":\"https:\/\/horticom.ee\/e-pood\/wp-content\/uploads\/importedmedia\/product-152571_0-3600083.jpg\",\"datePublished\":\"2022-01-17T13:57:37+00:00\",\"dateModified\":\"2026-05-13T00:04:23+00:00\",\"breadcrumb\":{\"@id\":\"https:\/\/horticom.ee\/e-pood\/toode\/hooldusvahend-felco-990-maare\/#breadcrumb\"},\"inLanguage\":\"et\",\"potentialAction\":[{\"@type\":\"ReadAction\",\"target\":[\"https:\/\/horticom.ee\/e-pood\/toode\/hooldusvahend-felco-990-maare\/\"]}]},{\"@type\":\"ImageObject\",\"inLanguage\":\"et\",\"@id\":\"https:\/\/horticom.ee\/e-pood\/toode\/hooldusvahend-felco-990-maare\/#primaryimage\",\"url\":\"https:\/\/horticom.ee\/e-pood\/wp-content\/uploads\/importedmedia\/product-152571_0-3600083.jpg\",\"contentUrl\":\"https:\/\/horticom.ee\/e-pood\/wp-content\/uploads\/importedmedia\/product-152571_0-3600083.jpg\",\"width\":1000,\"height\":2301},{\"@type\":\"BreadcrumbList\",\"@id\":\"https:\/\/horticom.ee\/e-pood\/toode\/hooldusvahend-felco-990-maare\/#breadcrumb\",\"itemListElement\":[{\"@type\":\"ListItem\",\"position\":1,\"name\":\"Home\",\"item\":\"https:\/\/horticom.ee\/e-pood\/\"},{\"@type\":\"ListItem\",\"position\":2,\"name\":\"Pood\",\"item\":\"https:\/\/horticom.ee\/e-pood\/pood\/\"},{\"@type\":\"ListItem\",\"position\":3,\"name\":\"Hooldusvahend Felco 990 m\u00e4\u00e4re\"}]},{\"@type\":\"WebSite\",\"@id\":\"https:\/\/horticom.ee\/e-pood\/#website\",\"url\":\"https:\/\/horticom.ee\/e-pood\/\",\"name\":\"Horticom.ee\",\"description\":\"Aianduskaubad ja kodukaubad nii harrastajatele kui professionaalidele\",\"potentialAction\":[{\"@type\":\"SearchAction\",\"target\":{\"@type\":\"EntryPoint\",\"urlTemplate\":\"https:\/\/horticom.ee\/e-pood\/?s={search_term_string}\"},\"query-input\":{\"@type\":\"PropertyValueSpecification\",\"valueRequired\":true,\"valueName\":\"search_term_string\"}}],\"inLanguage\":\"et\"}]}<\/script>\n<!-- \/ Yoast SEO plugin. -->","yoast_head_json":{"title":"Hooldusvahend Felco 990 m\u00e4\u00e4re - Horticom","robots":{"index":"index","follow":"follow","max-snippet":"max-snippet:-1","max-image-preview":"max-image-preview:large","max-video-preview":"max-video-preview:-1"},"canonical":"https:\/\/horticom.ee\/e-pood\/toode\/hooldusvahend-felco-990-maare\/","og_locale":"et_EE","og_type":"article","og_title":"Hooldusvahend Felco 990 m\u00e4\u00e4re - Horticom","og_description":"M\u00f5eldud oksak\u00e4\u00e4ride hooldamiseks. Tegu on kvaliteetse m\u00e4\u00e4rdega, mis v\u00e4hendab liikuvate osade kulumist. On vett t\u00f5rjuv, mittetoksiline ja oksak\u00e4\u00e4re korrosiooni eest kaitsev. 30g","og_url":"https:\/\/horticom.ee\/e-pood\/toode\/hooldusvahend-felco-990-maare\/","og_site_name":"Horticom.ee","article_publisher":"https:\/\/www.facebook.com\/horticom.ee\/e-pood","article_modified_time":"2026-05-13T00:04:23+00:00","og_image":[{"width":445,"height":1024,"url":"https:\/\/horticom.ee\/e-pood\/wp-content\/uploads\/importedmedia\/product-152571_0-3600083-445x1024.jpg","type":"image\/jpeg"}],"twitter_card":"summary_large_image","schema":{"@context":"https:\/\/schema.org","@graph":[{"@type":"WebPage","@id":"https:\/\/horticom.ee\/e-pood\/toode\/hooldusvahend-felco-990-maare\/","url":"https:\/\/horticom.ee\/e-pood\/toode\/hooldusvahend-felco-990-maare\/","name":"Hooldusvahend Felco 990 m\u00e4\u00e4re - Horticom","isPartOf":{"@id":"https:\/\/horticom.ee\/e-pood\/#website"},"primaryImageOfPage":{"@id":"https:\/\/horticom.ee\/e-pood\/toode\/hooldusvahend-felco-990-maare\/#primaryimage"},"image":{"@id":"https:\/\/horticom.ee\/e-pood\/toode\/hooldusvahend-felco-990-maare\/#primaryimage"},"thumbnailUrl":"https:\/\/horticom.ee\/e-pood\/wp-content\/uploads\/importedmedia\/product-152571_0-3600083.jpg","datePublished":"2022-01-17T13:57:37+00:00","dateModified":"2026-05-13T00:04:23+00:00","breadcrumb":{"@id":"https:\/\/horticom.ee\/e-pood\/toode\/hooldusvahend-felco-990-maare\/#breadcrumb"},"inLanguage":"et","potentialAction":[{"@type":"ReadAction","target":["https:\/\/horticom.ee\/e-pood\/toode\/hooldusvahend-felco-990-maare\/"]}]},{"@type":"ImageObject","inLanguage":"et","@id":"https:\/\/horticom.ee\/e-pood\/toode\/hooldusvahend-felco-990-maare\/#primaryimage","url":"https:\/\/horticom.ee\/e-pood\/wp-content\/uploads\/importedmedia\/product-152571_0-3600083.jpg","contentUrl":"https:\/\/horticom.ee\/e-pood\/wp-content\/uploads\/importedmedia\/product-152571_0-3600083.jpg","width":1000,"height":2301},{"@type":"BreadcrumbList","@id":"https:\/\/horticom.ee\/e-pood\/toode\/hooldusvahend-felco-990-maare\/#breadcrumb","itemListElement":[{"@type":"ListItem","position":1,"name":"Home","item":"https:\/\/horticom.ee\/e-pood\/"},{"@type":"ListItem","position":2,"name":"Pood","item":"https:\/\/horticom.ee\/e-pood\/pood\/"},{"@type":"ListItem","position":3,"name":"Hooldusvahend Felco 990 m\u00e4\u00e4re"}]},{"@type":"WebSite","@id":"https:\/\/horticom.ee\/e-pood\/#website","url":"https:\/\/horticom.ee\/e-pood\/","name":"Horticom.ee","description":"Aianduskaubad ja kodukaubad nii harrastajatele kui professionaalidele","potentialAction":[{"@type":"SearchAction","target":{"@type":"EntryPoint","urlTemplate":"https:\/\/horticom.ee\/e-pood\/?s={search_term_string}"},"query-input":{"@type":"PropertyValueSpecification","valueRequired":true,"valueName":"search_term_string"}}],"inLanguage":"et"}]}},"_links":{"self":[{"href":"https:\/\/horticom.ee\/e-pood\/wp-json\/wp\/v2\/product\/152571","targetHints":{"allow":["GET"]}}],"collection":[{"href":"https:\/\/horticom.ee\/e-pood\/wp-json\/wp\/v2\/product"}],"about":[{"href":"https:\/\/horticom.ee\/e-pood\/wp-json\/wp\/v2\/types\/product"}],"replies":[{"embeddable":true,"href":"https:\/\/horticom.ee\/e-pood\/wp-json\/wp\/v2\/comments?post=152571"}],"wp:featuredmedia":[{"embeddable":true,"href":"https:\/\/horticom.ee\/e-pood\/wp-json\/wp\/v2\/media\/2381760"}],"wp:attachment":[{"href":"https:\/\/horticom.ee\/e-pood\/wp-json\/wp\/v2\/media?parent=152571"}],"wp:term":[{"taxonomy":"product_cat","embeddable":true,"href":"https:\/\/horticom.ee\/e-pood\/wp-json\/wp\/v2\/product_cat?post=152571"},{"taxonomy":"product_tag","embeddable":true,"href":"https:\/\/horticom.ee\/e-pood\/wp-json\/wp\/v2\/product_tag?post=152571"}],"curies":[{"name":"wp","href":"https:\/\/api.w.org\/{rel}","templated":true}]}}