{"id":152592,"date":"2022-01-17T15:57:49","date_gmt":"2022-01-17T13:57:49","guid":{"rendered":"https:\/\/aednik24.ee\/toode\/pooke-ja-silmastamisnuga-felco-3-90-40\/"},"modified":"2026-04-29T03:04:03","modified_gmt":"2026-04-29T00:04:03","slug":"pooke-ja-silmastamisnuga-felco-3-90-40","status":"publish","type":"product","link":"https:\/\/horticom.ee\/e-pood\/toode\/pooke-ja-silmastamisnuga-felco-3-90-40\/","title":{"rendered":"Pooke- ja silmastamisnuga Felco 3.90 40 kaal 50g"},"content":{"rendered":"<p>V\u00e4ike ja vastupidav ning sirge l\u00f5iketeraga nuga, mis on otsast veidi k\u00f5verdatud. Noa tera on valmistatud roostevabast terasest ja avamiss\u00e4lk on \u00fchel k\u00fcljel. Toode on m\u00f5eldud paremak\u00e4elistele. Sobilik viljapuude, rooside ja viinapuude pookimist\u00f6\u00f6deks.<\/p>\n","protected":false},"excerpt":{"rendered":"<p>V\u00e4ike ja vastupidav ning sirge l\u00f5iketeraga nuga, mis on otsast veidi k\u00f5verdatud. Noa tera on valmistatud roostevabast terasest ja avamiss\u00e4lk on \u00fchel k\u00fcljel. Toode on m\u00f5eldud paremak\u00e4elistele. Sobilik viljapuude, rooside ja viinapuude pookimist\u00f6\u00f6deks.<\/p>\n","protected":false},"featured_media":2397615,"comment_status":"closed","ping_status":"closed","template":"","meta":{"_themeisle_gutenberg_block_has_review":false},"product_cat":[13342,13622],"product_tag":[],"class_list":{"0":"post-152592","1":"product","2":"type-product","3":"status-publish","4":"has-post-thumbnail","6":"product_cat-pookimisvahendid","7":"product_cat-aiatooriistad-tootjale","9":"first","10":"instock","11":"shipping-taxable","12":"purchasable","13":"product-type-simple"},"yoast_head":"<!-- This site is optimized with the Yoast SEO plugin v24.0 - https:\/\/yoast.com\/wordpress\/plugins\/seo\/ -->\n<title>Pooke- ja silmastamisnuga Felco 3.90 40 kaal 50g - Horticom<\/title>\n<meta name=\"robots\" content=\"index, follow, max-snippet:-1, max-image-preview:large, max-video-preview:-1\" \/>\n<link rel=\"canonical\" href=\"https:\/\/horticom.ee\/e-pood\/toode\/pooke-ja-silmastamisnuga-felco-3-90-40\/\" \/>\n<meta property=\"og:locale\" content=\"et_EE\" \/>\n<meta property=\"og:type\" content=\"article\" \/>\n<meta property=\"og:title\" content=\"Pooke- ja silmastamisnuga Felco 3.90 40 kaal 50g - Horticom\" \/>\n<meta property=\"og:description\" content=\"V\u00e4ike ja vastupidav ning sirge l\u00f5iketeraga nuga, mis on otsast veidi k\u00f5verdatud. Noa tera on valmistatud roostevabast terasest ja avamiss\u00e4lk on \u00fchel k\u00fcljel. Toode on m\u00f5eldud paremak\u00e4elistele. Sobilik viljapuude, rooside ja viinapuude pookimist\u00f6\u00f6deks.\" \/>\n<meta property=\"og:url\" content=\"https:\/\/horticom.ee\/e-pood\/toode\/pooke-ja-silmastamisnuga-felco-3-90-40\/\" \/>\n<meta property=\"og:site_name\" content=\"Horticom.ee\" \/>\n<meta property=\"article:publisher\" content=\"https:\/\/www.facebook.com\/horticom.ee\/e-pood\" \/>\n<meta property=\"article:modified_time\" content=\"2026-04-29T00:04:03+00:00\" \/>\n<meta property=\"og:image\" content=\"https:\/\/horticom.ee\/e-pood\/wp-content\/uploads\/importedmedia\/product_152592_0_3600166.jpg\" \/>\n\t<meta property=\"og:image:width\" content=\"1000\" \/>\n\t<meta property=\"og:image:height\" content=\"482\" \/>\n\t<meta property=\"og:image:type\" content=\"image\/jpeg\" \/>\n<meta name=\"twitter:card\" content=\"summary_large_image\" \/>\n<script type=\"application\/ld+json\" class=\"yoast-schema-graph\">{\"@context\":\"https:\/\/schema.org\",\"@graph\":[{\"@type\":\"WebPage\",\"@id\":\"https:\/\/horticom.ee\/e-pood\/toode\/pooke-ja-silmastamisnuga-felco-3-90-40\/\",\"url\":\"https:\/\/horticom.ee\/e-pood\/toode\/pooke-ja-silmastamisnuga-felco-3-90-40\/\",\"name\":\"Pooke- ja silmastamisnuga Felco 3.90 40 kaal 50g - Horticom\",\"isPartOf\":{\"@id\":\"https:\/\/horticom.ee\/e-pood\/#website\"},\"primaryImageOfPage\":{\"@id\":\"https:\/\/horticom.ee\/e-pood\/toode\/pooke-ja-silmastamisnuga-felco-3-90-40\/#primaryimage\"},\"image\":{\"@id\":\"https:\/\/horticom.ee\/e-pood\/toode\/pooke-ja-silmastamisnuga-felco-3-90-40\/#primaryimage\"},\"thumbnailUrl\":\"https:\/\/horticom.ee\/e-pood\/wp-content\/uploads\/importedmedia\/product_152592_0_3600166.jpg\",\"datePublished\":\"2022-01-17T13:57:49+00:00\",\"dateModified\":\"2026-04-29T00:04:03+00:00\",\"breadcrumb\":{\"@id\":\"https:\/\/horticom.ee\/e-pood\/toode\/pooke-ja-silmastamisnuga-felco-3-90-40\/#breadcrumb\"},\"inLanguage\":\"et\",\"potentialAction\":[{\"@type\":\"ReadAction\",\"target\":[\"https:\/\/horticom.ee\/e-pood\/toode\/pooke-ja-silmastamisnuga-felco-3-90-40\/\"]}]},{\"@type\":\"ImageObject\",\"inLanguage\":\"et\",\"@id\":\"https:\/\/horticom.ee\/e-pood\/toode\/pooke-ja-silmastamisnuga-felco-3-90-40\/#primaryimage\",\"url\":\"https:\/\/horticom.ee\/e-pood\/wp-content\/uploads\/importedmedia\/product_152592_0_3600166.jpg\",\"contentUrl\":\"https:\/\/horticom.ee\/e-pood\/wp-content\/uploads\/importedmedia\/product_152592_0_3600166.jpg\",\"width\":1000,\"height\":482},{\"@type\":\"BreadcrumbList\",\"@id\":\"https:\/\/horticom.ee\/e-pood\/toode\/pooke-ja-silmastamisnuga-felco-3-90-40\/#breadcrumb\",\"itemListElement\":[{\"@type\":\"ListItem\",\"position\":1,\"name\":\"Home\",\"item\":\"https:\/\/horticom.ee\/e-pood\/\"},{\"@type\":\"ListItem\",\"position\":2,\"name\":\"Pood\",\"item\":\"https:\/\/horticom.ee\/e-pood\/pood\/\"},{\"@type\":\"ListItem\",\"position\":3,\"name\":\"Pooke- ja silmastamisnuga Felco 3.90 40 kaal 50g\"}]},{\"@type\":\"WebSite\",\"@id\":\"https:\/\/horticom.ee\/e-pood\/#website\",\"url\":\"https:\/\/horticom.ee\/e-pood\/\",\"name\":\"Horticom.ee\",\"description\":\"Aianduskaubad ja kodukaubad nii harrastajatele kui professionaalidele\",\"potentialAction\":[{\"@type\":\"SearchAction\",\"target\":{\"@type\":\"EntryPoint\",\"urlTemplate\":\"https:\/\/horticom.ee\/e-pood\/?s={search_term_string}\"},\"query-input\":{\"@type\":\"PropertyValueSpecification\",\"valueRequired\":true,\"valueName\":\"search_term_string\"}}],\"inLanguage\":\"et\"}]}<\/script>\n<!-- \/ Yoast SEO plugin. -->","yoast_head_json":{"title":"Pooke- ja silmastamisnuga Felco 3.90 40 kaal 50g - Horticom","robots":{"index":"index","follow":"follow","max-snippet":"max-snippet:-1","max-image-preview":"max-image-preview:large","max-video-preview":"max-video-preview:-1"},"canonical":"https:\/\/horticom.ee\/e-pood\/toode\/pooke-ja-silmastamisnuga-felco-3-90-40\/","og_locale":"et_EE","og_type":"article","og_title":"Pooke- ja silmastamisnuga Felco 3.90 40 kaal 50g - Horticom","og_description":"V\u00e4ike ja vastupidav ning sirge l\u00f5iketeraga nuga, mis on otsast veidi k\u00f5verdatud. Noa tera on valmistatud roostevabast terasest ja avamiss\u00e4lk on \u00fchel k\u00fcljel. Toode on m\u00f5eldud paremak\u00e4elistele. Sobilik viljapuude, rooside ja viinapuude pookimist\u00f6\u00f6deks.","og_url":"https:\/\/horticom.ee\/e-pood\/toode\/pooke-ja-silmastamisnuga-felco-3-90-40\/","og_site_name":"Horticom.ee","article_publisher":"https:\/\/www.facebook.com\/horticom.ee\/e-pood","article_modified_time":"2026-04-29T00:04:03+00:00","og_image":[{"width":1000,"height":482,"url":"https:\/\/horticom.ee\/e-pood\/wp-content\/uploads\/importedmedia\/product_152592_0_3600166.jpg","type":"image\/jpeg"}],"twitter_card":"summary_large_image","schema":{"@context":"https:\/\/schema.org","@graph":[{"@type":"WebPage","@id":"https:\/\/horticom.ee\/e-pood\/toode\/pooke-ja-silmastamisnuga-felco-3-90-40\/","url":"https:\/\/horticom.ee\/e-pood\/toode\/pooke-ja-silmastamisnuga-felco-3-90-40\/","name":"Pooke- ja silmastamisnuga Felco 3.90 40 kaal 50g - Horticom","isPartOf":{"@id":"https:\/\/horticom.ee\/e-pood\/#website"},"primaryImageOfPage":{"@id":"https:\/\/horticom.ee\/e-pood\/toode\/pooke-ja-silmastamisnuga-felco-3-90-40\/#primaryimage"},"image":{"@id":"https:\/\/horticom.ee\/e-pood\/toode\/pooke-ja-silmastamisnuga-felco-3-90-40\/#primaryimage"},"thumbnailUrl":"https:\/\/horticom.ee\/e-pood\/wp-content\/uploads\/importedmedia\/product_152592_0_3600166.jpg","datePublished":"2022-01-17T13:57:49+00:00","dateModified":"2026-04-29T00:04:03+00:00","breadcrumb":{"@id":"https:\/\/horticom.ee\/e-pood\/toode\/pooke-ja-silmastamisnuga-felco-3-90-40\/#breadcrumb"},"inLanguage":"et","potentialAction":[{"@type":"ReadAction","target":["https:\/\/horticom.ee\/e-pood\/toode\/pooke-ja-silmastamisnuga-felco-3-90-40\/"]}]},{"@type":"ImageObject","inLanguage":"et","@id":"https:\/\/horticom.ee\/e-pood\/toode\/pooke-ja-silmastamisnuga-felco-3-90-40\/#primaryimage","url":"https:\/\/horticom.ee\/e-pood\/wp-content\/uploads\/importedmedia\/product_152592_0_3600166.jpg","contentUrl":"https:\/\/horticom.ee\/e-pood\/wp-content\/uploads\/importedmedia\/product_152592_0_3600166.jpg","width":1000,"height":482},{"@type":"BreadcrumbList","@id":"https:\/\/horticom.ee\/e-pood\/toode\/pooke-ja-silmastamisnuga-felco-3-90-40\/#breadcrumb","itemListElement":[{"@type":"ListItem","position":1,"name":"Home","item":"https:\/\/horticom.ee\/e-pood\/"},{"@type":"ListItem","position":2,"name":"Pood","item":"https:\/\/horticom.ee\/e-pood\/pood\/"},{"@type":"ListItem","position":3,"name":"Pooke- ja silmastamisnuga Felco 3.90 40 kaal 50g"}]},{"@type":"WebSite","@id":"https:\/\/horticom.ee\/e-pood\/#website","url":"https:\/\/horticom.ee\/e-pood\/","name":"Horticom.ee","description":"Aianduskaubad ja kodukaubad nii harrastajatele kui professionaalidele","potentialAction":[{"@type":"SearchAction","target":{"@type":"EntryPoint","urlTemplate":"https:\/\/horticom.ee\/e-pood\/?s={search_term_string}"},"query-input":{"@type":"PropertyValueSpecification","valueRequired":true,"valueName":"search_term_string"}}],"inLanguage":"et"}]}},"_links":{"self":[{"href":"https:\/\/horticom.ee\/e-pood\/wp-json\/wp\/v2\/product\/152592","targetHints":{"allow":["GET"]}}],"collection":[{"href":"https:\/\/horticom.ee\/e-pood\/wp-json\/wp\/v2\/product"}],"about":[{"href":"https:\/\/horticom.ee\/e-pood\/wp-json\/wp\/v2\/types\/product"}],"replies":[{"embeddable":true,"href":"https:\/\/horticom.ee\/e-pood\/wp-json\/wp\/v2\/comments?post=152592"}],"wp:featuredmedia":[{"embeddable":true,"href":"https:\/\/horticom.ee\/e-pood\/wp-json\/wp\/v2\/media\/2397615"}],"wp:attachment":[{"href":"https:\/\/horticom.ee\/e-pood\/wp-json\/wp\/v2\/media?parent=152592"}],"wp:term":[{"taxonomy":"product_cat","embeddable":true,"href":"https:\/\/horticom.ee\/e-pood\/wp-json\/wp\/v2\/product_cat?post=152592"},{"taxonomy":"product_tag","embeddable":true,"href":"https:\/\/horticom.ee\/e-pood\/wp-json\/wp\/v2\/product_tag?post=152592"}],"curies":[{"name":"wp","href":"https:\/\/api.w.org\/{rel}","templated":true}]}}