{"id":152614,"date":"2022-01-17T15:58:00","date_gmt":"2022-01-17T13:58:00","guid":{"rendered":"https:\/\/aednik24.ee\/toode\/talveloor-gs-50g-m2-16-x-5m-8m2-valge\/"},"modified":"2026-05-04T03:03:17","modified_gmt":"2026-05-04T00:03:17","slug":"talveloor-gs-50g-m2-16-x-5m-8m2-valge","status":"publish","type":"product","link":"https:\/\/horticom.ee\/e-pood\/toode\/talveloor-gs-50g-m2-16-x-5m-8m2-valge\/","title":{"rendered":"Talveloor GS 50g\/m2 1,6 x 5m 8m2 valge"},"content":{"rendered":"<p>Tugevam ja tihedam kui katteloor ning kaitseb k\u00fclma eest paremini. Laseb h\u00e4sti l\u00e4bi valgust, \u00f5hku, ning pinnale langenud vett. Kuna loorile ei teki seisvat vett, siis see ei j\u00e4\u00e4tu ning taimed ei j\u00e4\u00e4 \u00f5hupuudusesse. Loor kaitseb ka k\u00fclma tuule eest. Sobib k\u00fclmakartlike p\u00f5\u00f5saste ja ronitaimede kaitsmiseks, ka maasikate katmiseks, kui lund ei ole ja temperatuur langeb alla -10C . Kevadel on v\u00f5imalik talveloori all hakata varakult kasvatama salatit, maitserohelist, varajast kartulit jms.<\/p>\n","protected":false},"excerpt":{"rendered":"<p>Tugevam ja tihedam kui katteloor ning kaitseb k\u00fclma eest paremini. Laseb h\u00e4sti l\u00e4bi valgust, \u00f5hku, ning pinnale langenud vett. Kuna loorile ei teki seisvat vett, siis see ei j\u00e4\u00e4tu ning taimed ei j\u00e4\u00e4 \u00f5hupuudusesse. Loor kaitseb ka k\u00fclma tuule eest. Sobib k\u00fclmakartlike p\u00f5\u00f5saste ja ronitaimede kaitsmiseks, ka maasikate katmiseks, kui lund ei ole ja temperatuur [&hellip;]<\/p>\n","protected":false},"featured_media":2381378,"comment_status":"closed","ping_status":"closed","template":"","meta":{"_themeisle_gutenberg_block_has_review":false},"product_cat":[13381,13639],"product_tag":[],"class_list":{"0":"post-152614","1":"product","2":"type-product","3":"status-publish","4":"has-post-thumbnail","6":"product_cat-talvekangad","7":"product_cat-talvekangad-tootjale","9":"first","10":"outofstock","11":"shipping-taxable","12":"purchasable","13":"product-type-simple"},"yoast_head":"<!-- This site is optimized with the Yoast SEO plugin v24.0 - https:\/\/yoast.com\/wordpress\/plugins\/seo\/ -->\n<title>Talveloor GS 50g\/m2 1,6 x 5m 8m2 valge - Horticom<\/title>\n<meta name=\"robots\" content=\"index, follow, max-snippet:-1, max-image-preview:large, max-video-preview:-1\" \/>\n<link rel=\"canonical\" href=\"https:\/\/horticom.ee\/e-pood\/toode\/talveloor-gs-50g-m2-16-x-5m-8m2-valge\/\" \/>\n<meta property=\"og:locale\" content=\"et_EE\" \/>\n<meta property=\"og:type\" content=\"article\" \/>\n<meta property=\"og:title\" content=\"Talveloor GS 50g\/m2 1,6 x 5m 8m2 valge - Horticom\" \/>\n<meta property=\"og:description\" content=\"Tugevam ja tihedam kui katteloor ning kaitseb k\u00fclma eest paremini. Laseb h\u00e4sti l\u00e4bi valgust, \u00f5hku, ning pinnale langenud vett. Kuna loorile ei teki seisvat vett, siis see ei j\u00e4\u00e4tu ning taimed ei j\u00e4\u00e4 \u00f5hupuudusesse. Loor kaitseb ka k\u00fclma tuule eest. Sobib k\u00fclmakartlike p\u00f5\u00f5saste ja ronitaimede kaitsmiseks, ka maasikate katmiseks, kui lund ei ole ja temperatuur [&hellip;]\" \/>\n<meta property=\"og:url\" content=\"https:\/\/horticom.ee\/e-pood\/toode\/talveloor-gs-50g-m2-16-x-5m-8m2-valge\/\" \/>\n<meta property=\"og:site_name\" content=\"Horticom.ee\" \/>\n<meta property=\"article:publisher\" content=\"https:\/\/www.facebook.com\/horticom.ee\/e-pood\" \/>\n<meta property=\"article:modified_time\" content=\"2026-05-04T00:03:17+00:00\" \/>\n<meta property=\"og:image\" content=\"https:\/\/horticom.ee\/e-pood\/wp-content\/uploads\/importedmedia\/product-152614_0-672126.jpg\" \/>\n\t<meta property=\"og:image:width\" content=\"999\" \/>\n\t<meta property=\"og:image:height\" content=\"1183\" \/>\n\t<meta property=\"og:image:type\" content=\"image\/jpeg\" \/>\n<meta name=\"twitter:card\" content=\"summary_large_image\" \/>\n<script type=\"application\/ld+json\" class=\"yoast-schema-graph\">{\"@context\":\"https:\/\/schema.org\",\"@graph\":[{\"@type\":\"WebPage\",\"@id\":\"https:\/\/horticom.ee\/e-pood\/toode\/talveloor-gs-50g-m2-16-x-5m-8m2-valge\/\",\"url\":\"https:\/\/horticom.ee\/e-pood\/toode\/talveloor-gs-50g-m2-16-x-5m-8m2-valge\/\",\"name\":\"Talveloor GS 50g\/m2 1,6 x 5m 8m2 valge - Horticom\",\"isPartOf\":{\"@id\":\"https:\/\/horticom.ee\/e-pood\/#website\"},\"primaryImageOfPage\":{\"@id\":\"https:\/\/horticom.ee\/e-pood\/toode\/talveloor-gs-50g-m2-16-x-5m-8m2-valge\/#primaryimage\"},\"image\":{\"@id\":\"https:\/\/horticom.ee\/e-pood\/toode\/talveloor-gs-50g-m2-16-x-5m-8m2-valge\/#primaryimage\"},\"thumbnailUrl\":\"https:\/\/horticom.ee\/e-pood\/wp-content\/uploads\/importedmedia\/product-152614_0-672126.jpg\",\"datePublished\":\"2022-01-17T13:58:00+00:00\",\"dateModified\":\"2026-05-04T00:03:17+00:00\",\"breadcrumb\":{\"@id\":\"https:\/\/horticom.ee\/e-pood\/toode\/talveloor-gs-50g-m2-16-x-5m-8m2-valge\/#breadcrumb\"},\"inLanguage\":\"et\",\"potentialAction\":[{\"@type\":\"ReadAction\",\"target\":[\"https:\/\/horticom.ee\/e-pood\/toode\/talveloor-gs-50g-m2-16-x-5m-8m2-valge\/\"]}]},{\"@type\":\"ImageObject\",\"inLanguage\":\"et\",\"@id\":\"https:\/\/horticom.ee\/e-pood\/toode\/talveloor-gs-50g-m2-16-x-5m-8m2-valge\/#primaryimage\",\"url\":\"https:\/\/horticom.ee\/e-pood\/wp-content\/uploads\/importedmedia\/product-152614_0-672126.jpg\",\"contentUrl\":\"https:\/\/horticom.ee\/e-pood\/wp-content\/uploads\/importedmedia\/product-152614_0-672126.jpg\",\"width\":999,\"height\":1183},{\"@type\":\"BreadcrumbList\",\"@id\":\"https:\/\/horticom.ee\/e-pood\/toode\/talveloor-gs-50g-m2-16-x-5m-8m2-valge\/#breadcrumb\",\"itemListElement\":[{\"@type\":\"ListItem\",\"position\":1,\"name\":\"Home\",\"item\":\"https:\/\/horticom.ee\/e-pood\/\"},{\"@type\":\"ListItem\",\"position\":2,\"name\":\"Pood\",\"item\":\"https:\/\/horticom.ee\/e-pood\/pood\/\"},{\"@type\":\"ListItem\",\"position\":3,\"name\":\"Talveloor GS 50g\/m2 1,6 x 5m 8m2 valge\"}]},{\"@type\":\"WebSite\",\"@id\":\"https:\/\/horticom.ee\/e-pood\/#website\",\"url\":\"https:\/\/horticom.ee\/e-pood\/\",\"name\":\"Horticom.ee\",\"description\":\"Aianduskaubad ja kodukaubad nii harrastajatele kui professionaalidele\",\"potentialAction\":[{\"@type\":\"SearchAction\",\"target\":{\"@type\":\"EntryPoint\",\"urlTemplate\":\"https:\/\/horticom.ee\/e-pood\/?s={search_term_string}\"},\"query-input\":{\"@type\":\"PropertyValueSpecification\",\"valueRequired\":true,\"valueName\":\"search_term_string\"}}],\"inLanguage\":\"et\"}]}<\/script>\n<!-- \/ Yoast SEO plugin. -->","yoast_head_json":{"title":"Talveloor GS 50g\/m2 1,6 x 5m 8m2 valge - Horticom","robots":{"index":"index","follow":"follow","max-snippet":"max-snippet:-1","max-image-preview":"max-image-preview:large","max-video-preview":"max-video-preview:-1"},"canonical":"https:\/\/horticom.ee\/e-pood\/toode\/talveloor-gs-50g-m2-16-x-5m-8m2-valge\/","og_locale":"et_EE","og_type":"article","og_title":"Talveloor GS 50g\/m2 1,6 x 5m 8m2 valge - Horticom","og_description":"Tugevam ja tihedam kui katteloor ning kaitseb k\u00fclma eest paremini. Laseb h\u00e4sti l\u00e4bi valgust, \u00f5hku, ning pinnale langenud vett. Kuna loorile ei teki seisvat vett, siis see ei j\u00e4\u00e4tu ning taimed ei j\u00e4\u00e4 \u00f5hupuudusesse. Loor kaitseb ka k\u00fclma tuule eest. Sobib k\u00fclmakartlike p\u00f5\u00f5saste ja ronitaimede kaitsmiseks, ka maasikate katmiseks, kui lund ei ole ja temperatuur [&hellip;]","og_url":"https:\/\/horticom.ee\/e-pood\/toode\/talveloor-gs-50g-m2-16-x-5m-8m2-valge\/","og_site_name":"Horticom.ee","article_publisher":"https:\/\/www.facebook.com\/horticom.ee\/e-pood","article_modified_time":"2026-05-04T00:03:17+00:00","og_image":[{"width":999,"height":1183,"url":"https:\/\/horticom.ee\/e-pood\/wp-content\/uploads\/importedmedia\/product-152614_0-672126.jpg","type":"image\/jpeg"}],"twitter_card":"summary_large_image","schema":{"@context":"https:\/\/schema.org","@graph":[{"@type":"WebPage","@id":"https:\/\/horticom.ee\/e-pood\/toode\/talveloor-gs-50g-m2-16-x-5m-8m2-valge\/","url":"https:\/\/horticom.ee\/e-pood\/toode\/talveloor-gs-50g-m2-16-x-5m-8m2-valge\/","name":"Talveloor GS 50g\/m2 1,6 x 5m 8m2 valge - Horticom","isPartOf":{"@id":"https:\/\/horticom.ee\/e-pood\/#website"},"primaryImageOfPage":{"@id":"https:\/\/horticom.ee\/e-pood\/toode\/talveloor-gs-50g-m2-16-x-5m-8m2-valge\/#primaryimage"},"image":{"@id":"https:\/\/horticom.ee\/e-pood\/toode\/talveloor-gs-50g-m2-16-x-5m-8m2-valge\/#primaryimage"},"thumbnailUrl":"https:\/\/horticom.ee\/e-pood\/wp-content\/uploads\/importedmedia\/product-152614_0-672126.jpg","datePublished":"2022-01-17T13:58:00+00:00","dateModified":"2026-05-04T00:03:17+00:00","breadcrumb":{"@id":"https:\/\/horticom.ee\/e-pood\/toode\/talveloor-gs-50g-m2-16-x-5m-8m2-valge\/#breadcrumb"},"inLanguage":"et","potentialAction":[{"@type":"ReadAction","target":["https:\/\/horticom.ee\/e-pood\/toode\/talveloor-gs-50g-m2-16-x-5m-8m2-valge\/"]}]},{"@type":"ImageObject","inLanguage":"et","@id":"https:\/\/horticom.ee\/e-pood\/toode\/talveloor-gs-50g-m2-16-x-5m-8m2-valge\/#primaryimage","url":"https:\/\/horticom.ee\/e-pood\/wp-content\/uploads\/importedmedia\/product-152614_0-672126.jpg","contentUrl":"https:\/\/horticom.ee\/e-pood\/wp-content\/uploads\/importedmedia\/product-152614_0-672126.jpg","width":999,"height":1183},{"@type":"BreadcrumbList","@id":"https:\/\/horticom.ee\/e-pood\/toode\/talveloor-gs-50g-m2-16-x-5m-8m2-valge\/#breadcrumb","itemListElement":[{"@type":"ListItem","position":1,"name":"Home","item":"https:\/\/horticom.ee\/e-pood\/"},{"@type":"ListItem","position":2,"name":"Pood","item":"https:\/\/horticom.ee\/e-pood\/pood\/"},{"@type":"ListItem","position":3,"name":"Talveloor GS 50g\/m2 1,6 x 5m 8m2 valge"}]},{"@type":"WebSite","@id":"https:\/\/horticom.ee\/e-pood\/#website","url":"https:\/\/horticom.ee\/e-pood\/","name":"Horticom.ee","description":"Aianduskaubad ja kodukaubad nii harrastajatele kui professionaalidele","potentialAction":[{"@type":"SearchAction","target":{"@type":"EntryPoint","urlTemplate":"https:\/\/horticom.ee\/e-pood\/?s={search_term_string}"},"query-input":{"@type":"PropertyValueSpecification","valueRequired":true,"valueName":"search_term_string"}}],"inLanguage":"et"}]}},"_links":{"self":[{"href":"https:\/\/horticom.ee\/e-pood\/wp-json\/wp\/v2\/product\/152614","targetHints":{"allow":["GET"]}}],"collection":[{"href":"https:\/\/horticom.ee\/e-pood\/wp-json\/wp\/v2\/product"}],"about":[{"href":"https:\/\/horticom.ee\/e-pood\/wp-json\/wp\/v2\/types\/product"}],"replies":[{"embeddable":true,"href":"https:\/\/horticom.ee\/e-pood\/wp-json\/wp\/v2\/comments?post=152614"}],"wp:featuredmedia":[{"embeddable":true,"href":"https:\/\/horticom.ee\/e-pood\/wp-json\/wp\/v2\/media\/2381378"}],"wp:attachment":[{"href":"https:\/\/horticom.ee\/e-pood\/wp-json\/wp\/v2\/media?parent=152614"}],"wp:term":[{"taxonomy":"product_cat","embeddable":true,"href":"https:\/\/horticom.ee\/e-pood\/wp-json\/wp\/v2\/product_cat?post=152614"},{"taxonomy":"product_tag","embeddable":true,"href":"https:\/\/horticom.ee\/e-pood\/wp-json\/wp\/v2\/product_tag?post=152614"}],"curies":[{"name":"wp","href":"https:\/\/api.w.org\/{rel}","templated":true}]}}