{"id":152642,"date":"2022-01-17T15:58:17","date_gmt":"2022-01-17T13:58:17","guid":{"rendered":"https:\/\/aednik24.ee\/toode\/orhidee-power-toitelahus-compo-30ml\/"},"modified":"2026-05-02T03:04:01","modified_gmt":"2026-05-02T00:04:01","slug":"orhidee-power-toitelahus-compo-30ml","status":"publish","type":"product","link":"https:\/\/horticom.ee\/e-pood\/toode\/orhidee-power-toitelahus-compo-30ml\/","title":{"rendered":"Orhidee Power toitelahus Compo 30ml"},"content":{"rendered":"<p>Mugav kasutada, toimib kuni 4 n\u00e4dalat. V\u00e4etis tugevdab orhideede lehti ja toodab rohkem \u00f5isi. Lisaks pikendab \u00f5itsemist. Orchid Power on erilise, v\u00e4ga innovatiivse koostisega toitelahus k\u00f5ikide orhideeliikide kosutamiseks ja taastamiseks. Spetsiaalne koostis stimuleerib, tugevdab ja pikendab \u00f5itsemisperioodi. Asjatundlik, esteetiline ja kasutusvalmis pakend lihtsustab toote kasutamist.<\/p>\n","protected":false},"excerpt":{"rendered":"<p>Mugav kasutada, toimib kuni 4 n\u00e4dalat. V\u00e4etis tugevdab orhideede lehti ja toodab rohkem \u00f5isi. Lisaks pikendab \u00f5itsemist. Orchid Power on erilise, v\u00e4ga innovatiivse koostisega toitelahus k\u00f5ikide orhideeliikide kosutamiseks ja taastamiseks. Spetsiaalne koostis stimuleerib, tugevdab ja pikendab \u00f5itsemisperioodi. Asjatundlik, esteetiline ja kasutusvalmis pakend lihtsustab toote kasutamist.<\/p>\n","protected":false},"featured_media":2377886,"comment_status":"closed","ping_status":"closed","template":"","meta":{"_themeisle_gutenberg_block_has_review":false},"product_cat":[16971],"product_tag":[],"class_list":{"0":"post-152642","1":"product","2":"type-product","3":"status-publish","4":"has-post-thumbnail","6":"product_cat-orhideedele","8":"first","9":"instock","10":"shipping-taxable","11":"purchasable","12":"product-type-simple"},"yoast_head":"<!-- This site is optimized with the Yoast SEO plugin v24.0 - https:\/\/yoast.com\/wordpress\/plugins\/seo\/ -->\n<title>Orhidee Power toitelahus Compo 30ml - Horticom<\/title>\n<meta name=\"robots\" content=\"index, follow, max-snippet:-1, max-image-preview:large, max-video-preview:-1\" \/>\n<link rel=\"canonical\" href=\"https:\/\/horticom.ee\/e-pood\/toode\/orhidee-power-toitelahus-compo-30ml\/\" \/>\n<meta property=\"og:locale\" content=\"et_EE\" \/>\n<meta property=\"og:type\" content=\"article\" \/>\n<meta property=\"og:title\" content=\"Orhidee Power toitelahus Compo 30ml - Horticom\" \/>\n<meta property=\"og:description\" content=\"Mugav kasutada, toimib kuni 4 n\u00e4dalat. V\u00e4etis tugevdab orhideede lehti ja toodab rohkem \u00f5isi. Lisaks pikendab \u00f5itsemist. Orchid Power on erilise, v\u00e4ga innovatiivse koostisega toitelahus k\u00f5ikide orhideeliikide kosutamiseks ja taastamiseks. Spetsiaalne koostis stimuleerib, tugevdab ja pikendab \u00f5itsemisperioodi. Asjatundlik, esteetiline ja kasutusvalmis pakend lihtsustab toote kasutamist.\" \/>\n<meta property=\"og:url\" content=\"https:\/\/horticom.ee\/e-pood\/toode\/orhidee-power-toitelahus-compo-30ml\/\" \/>\n<meta property=\"og:site_name\" content=\"Horticom.ee\" \/>\n<meta property=\"article:publisher\" content=\"https:\/\/www.facebook.com\/horticom.ee\/e-pood\" \/>\n<meta property=\"article:modified_time\" content=\"2026-05-02T00:04:01+00:00\" \/>\n<meta property=\"og:image\" content=\"https:\/\/horticom.ee\/e-pood\/wp-content\/uploads\/importedmedia\/product-152642_0-6701331.jpg\" \/>\n\t<meta property=\"og:image:width\" content=\"1000\" \/>\n\t<meta property=\"og:image:height\" content=\"1414\" \/>\n\t<meta property=\"og:image:type\" content=\"image\/jpeg\" \/>\n<meta name=\"twitter:card\" content=\"summary_large_image\" \/>\n<script type=\"application\/ld+json\" class=\"yoast-schema-graph\">{\"@context\":\"https:\/\/schema.org\",\"@graph\":[{\"@type\":\"WebPage\",\"@id\":\"https:\/\/horticom.ee\/e-pood\/toode\/orhidee-power-toitelahus-compo-30ml\/\",\"url\":\"https:\/\/horticom.ee\/e-pood\/toode\/orhidee-power-toitelahus-compo-30ml\/\",\"name\":\"Orhidee Power toitelahus Compo 30ml - Horticom\",\"isPartOf\":{\"@id\":\"https:\/\/horticom.ee\/e-pood\/#website\"},\"primaryImageOfPage\":{\"@id\":\"https:\/\/horticom.ee\/e-pood\/toode\/orhidee-power-toitelahus-compo-30ml\/#primaryimage\"},\"image\":{\"@id\":\"https:\/\/horticom.ee\/e-pood\/toode\/orhidee-power-toitelahus-compo-30ml\/#primaryimage\"},\"thumbnailUrl\":\"https:\/\/horticom.ee\/e-pood\/wp-content\/uploads\/importedmedia\/product-152642_0-6701331.jpg\",\"datePublished\":\"2022-01-17T13:58:17+00:00\",\"dateModified\":\"2026-05-02T00:04:01+00:00\",\"breadcrumb\":{\"@id\":\"https:\/\/horticom.ee\/e-pood\/toode\/orhidee-power-toitelahus-compo-30ml\/#breadcrumb\"},\"inLanguage\":\"et\",\"potentialAction\":[{\"@type\":\"ReadAction\",\"target\":[\"https:\/\/horticom.ee\/e-pood\/toode\/orhidee-power-toitelahus-compo-30ml\/\"]}]},{\"@type\":\"ImageObject\",\"inLanguage\":\"et\",\"@id\":\"https:\/\/horticom.ee\/e-pood\/toode\/orhidee-power-toitelahus-compo-30ml\/#primaryimage\",\"url\":\"https:\/\/horticom.ee\/e-pood\/wp-content\/uploads\/importedmedia\/product-152642_0-6701331.jpg\",\"contentUrl\":\"https:\/\/horticom.ee\/e-pood\/wp-content\/uploads\/importedmedia\/product-152642_0-6701331.jpg\",\"width\":1000,\"height\":1414},{\"@type\":\"BreadcrumbList\",\"@id\":\"https:\/\/horticom.ee\/e-pood\/toode\/orhidee-power-toitelahus-compo-30ml\/#breadcrumb\",\"itemListElement\":[{\"@type\":\"ListItem\",\"position\":1,\"name\":\"Home\",\"item\":\"https:\/\/horticom.ee\/e-pood\/\"},{\"@type\":\"ListItem\",\"position\":2,\"name\":\"Pood\",\"item\":\"https:\/\/horticom.ee\/e-pood\/pood\/\"},{\"@type\":\"ListItem\",\"position\":3,\"name\":\"Orhidee Power toitelahus Compo 30ml\"}]},{\"@type\":\"WebSite\",\"@id\":\"https:\/\/horticom.ee\/e-pood\/#website\",\"url\":\"https:\/\/horticom.ee\/e-pood\/\",\"name\":\"Horticom.ee\",\"description\":\"Aianduskaubad ja kodukaubad nii harrastajatele kui professionaalidele\",\"potentialAction\":[{\"@type\":\"SearchAction\",\"target\":{\"@type\":\"EntryPoint\",\"urlTemplate\":\"https:\/\/horticom.ee\/e-pood\/?s={search_term_string}\"},\"query-input\":{\"@type\":\"PropertyValueSpecification\",\"valueRequired\":true,\"valueName\":\"search_term_string\"}}],\"inLanguage\":\"et\"}]}<\/script>\n<!-- \/ Yoast SEO plugin. -->","yoast_head_json":{"title":"Orhidee Power toitelahus Compo 30ml - Horticom","robots":{"index":"index","follow":"follow","max-snippet":"max-snippet:-1","max-image-preview":"max-image-preview:large","max-video-preview":"max-video-preview:-1"},"canonical":"https:\/\/horticom.ee\/e-pood\/toode\/orhidee-power-toitelahus-compo-30ml\/","og_locale":"et_EE","og_type":"article","og_title":"Orhidee Power toitelahus Compo 30ml - Horticom","og_description":"Mugav kasutada, toimib kuni 4 n\u00e4dalat. V\u00e4etis tugevdab orhideede lehti ja toodab rohkem \u00f5isi. Lisaks pikendab \u00f5itsemist. Orchid Power on erilise, v\u00e4ga innovatiivse koostisega toitelahus k\u00f5ikide orhideeliikide kosutamiseks ja taastamiseks. Spetsiaalne koostis stimuleerib, tugevdab ja pikendab \u00f5itsemisperioodi. Asjatundlik, esteetiline ja kasutusvalmis pakend lihtsustab toote kasutamist.","og_url":"https:\/\/horticom.ee\/e-pood\/toode\/orhidee-power-toitelahus-compo-30ml\/","og_site_name":"Horticom.ee","article_publisher":"https:\/\/www.facebook.com\/horticom.ee\/e-pood","article_modified_time":"2026-05-02T00:04:01+00:00","og_image":[{"width":1000,"height":1414,"url":"https:\/\/horticom.ee\/e-pood\/wp-content\/uploads\/importedmedia\/product-152642_0-6701331.jpg","type":"image\/jpeg"}],"twitter_card":"summary_large_image","schema":{"@context":"https:\/\/schema.org","@graph":[{"@type":"WebPage","@id":"https:\/\/horticom.ee\/e-pood\/toode\/orhidee-power-toitelahus-compo-30ml\/","url":"https:\/\/horticom.ee\/e-pood\/toode\/orhidee-power-toitelahus-compo-30ml\/","name":"Orhidee Power toitelahus Compo 30ml - Horticom","isPartOf":{"@id":"https:\/\/horticom.ee\/e-pood\/#website"},"primaryImageOfPage":{"@id":"https:\/\/horticom.ee\/e-pood\/toode\/orhidee-power-toitelahus-compo-30ml\/#primaryimage"},"image":{"@id":"https:\/\/horticom.ee\/e-pood\/toode\/orhidee-power-toitelahus-compo-30ml\/#primaryimage"},"thumbnailUrl":"https:\/\/horticom.ee\/e-pood\/wp-content\/uploads\/importedmedia\/product-152642_0-6701331.jpg","datePublished":"2022-01-17T13:58:17+00:00","dateModified":"2026-05-02T00:04:01+00:00","breadcrumb":{"@id":"https:\/\/horticom.ee\/e-pood\/toode\/orhidee-power-toitelahus-compo-30ml\/#breadcrumb"},"inLanguage":"et","potentialAction":[{"@type":"ReadAction","target":["https:\/\/horticom.ee\/e-pood\/toode\/orhidee-power-toitelahus-compo-30ml\/"]}]},{"@type":"ImageObject","inLanguage":"et","@id":"https:\/\/horticom.ee\/e-pood\/toode\/orhidee-power-toitelahus-compo-30ml\/#primaryimage","url":"https:\/\/horticom.ee\/e-pood\/wp-content\/uploads\/importedmedia\/product-152642_0-6701331.jpg","contentUrl":"https:\/\/horticom.ee\/e-pood\/wp-content\/uploads\/importedmedia\/product-152642_0-6701331.jpg","width":1000,"height":1414},{"@type":"BreadcrumbList","@id":"https:\/\/horticom.ee\/e-pood\/toode\/orhidee-power-toitelahus-compo-30ml\/#breadcrumb","itemListElement":[{"@type":"ListItem","position":1,"name":"Home","item":"https:\/\/horticom.ee\/e-pood\/"},{"@type":"ListItem","position":2,"name":"Pood","item":"https:\/\/horticom.ee\/e-pood\/pood\/"},{"@type":"ListItem","position":3,"name":"Orhidee Power toitelahus Compo 30ml"}]},{"@type":"WebSite","@id":"https:\/\/horticom.ee\/e-pood\/#website","url":"https:\/\/horticom.ee\/e-pood\/","name":"Horticom.ee","description":"Aianduskaubad ja kodukaubad nii harrastajatele kui professionaalidele","potentialAction":[{"@type":"SearchAction","target":{"@type":"EntryPoint","urlTemplate":"https:\/\/horticom.ee\/e-pood\/?s={search_term_string}"},"query-input":{"@type":"PropertyValueSpecification","valueRequired":true,"valueName":"search_term_string"}}],"inLanguage":"et"}]}},"_links":{"self":[{"href":"https:\/\/horticom.ee\/e-pood\/wp-json\/wp\/v2\/product\/152642","targetHints":{"allow":["GET"]}}],"collection":[{"href":"https:\/\/horticom.ee\/e-pood\/wp-json\/wp\/v2\/product"}],"about":[{"href":"https:\/\/horticom.ee\/e-pood\/wp-json\/wp\/v2\/types\/product"}],"replies":[{"embeddable":true,"href":"https:\/\/horticom.ee\/e-pood\/wp-json\/wp\/v2\/comments?post=152642"}],"wp:featuredmedia":[{"embeddable":true,"href":"https:\/\/horticom.ee\/e-pood\/wp-json\/wp\/v2\/media\/2377886"}],"wp:attachment":[{"href":"https:\/\/horticom.ee\/e-pood\/wp-json\/wp\/v2\/media?parent=152642"}],"wp:term":[{"taxonomy":"product_cat","embeddable":true,"href":"https:\/\/horticom.ee\/e-pood\/wp-json\/wp\/v2\/product_cat?post=152642"},{"taxonomy":"product_tag","embeddable":true,"href":"https:\/\/horticom.ee\/e-pood\/wp-json\/wp\/v2\/product_tag?post=152642"}],"curies":[{"name":"wp","href":"https:\/\/api.w.org\/{rel}","templated":true}]}}