{"id":152645,"date":"2022-01-17T15:58:18","date_gmt":"2022-01-17T13:58:18","guid":{"rendered":"https:\/\/aednik24.ee\/toode\/jaasulataja-ambris-5kg-lk2021\/"},"modified":"2026-04-24T10:01:27","modified_gmt":"2026-04-24T07:01:27","slug":"jaasulataja-ambris-5kg-lk2021","status":"publish","type":"product","link":"https:\/\/horticom.ee\/e-pood\/toode\/jaasulataja-ambris-5kg-lk2021\/","title":{"rendered":"J\u00e4\u00e4sulataja Heissner 5kg \u00e4mbris"},"content":{"rendered":"<p>J\u00e4\u00e4sulataja \u00e4mbris on efektiivne vahend lume- ja j\u00e4\u00e4 kiireks sulatamiseks. Graanulhelveste sulatamisel tekkiv soojus kiirendab protsessi 8-10 korda. Toimib 3 p\u00e4eva jooksul t\u00f5husalt kuni -50\u00b0C juures. Kasutusala: Aia- ja garaa\u017ei sisses\u00f5iduteed, teed, sissep\u00e4\u00e4sud, trepid, lasteasutuste ja koolide \u00fcmbrus, erinevad laadimispaigad, parklad, j\u00e4\u00e4tunud v\u00e4ravad ja uksed, tanklad.  Puidule j\u00e4\u00e4sulataja pigem ei sobi, sest sisaldab kaltsiumkloriidi, mis v\u00f5ib j\u00e4tta puidule valgeid laike. Lisaks v\u00f5ib see ka puitu imbuda, olenevalt puidumaterjalist ja v\u00e4rvist. Sulatamisel tekkiv soojus kiirendab protsessi 8 korda. \u00d6koloogiliselt puhas, ohutu loodusele, koduloomade k\u00e4ppadele, taimedele, murule, haljasaladele. Sobib kasutamiseks koduhoovis ja \u00fchiskondlikel maa-aladel. \u00d5ige doseerimise korral ei kahjusta kvaliteetset looduskivi, betooni, kivisillutist, asfalti. Ei p\u00f5hjusta allergiaid koduloomadele. Lahustub t\u00e4ies ulatuses.<br \/>\nLoe lisaks: https:\/\/horticom.ee\/blogi\/lumesulataja<\/p>\n","protected":false},"excerpt":{"rendered":"<p>J\u00e4\u00e4sulataja \u00e4mbris on efektiivne vahend lume- ja j\u00e4\u00e4 kiireks sulatamiseks. Graanulhelveste sulatamisel tekkiv soojus kiirendab protsessi 8-10 korda. Toimib 3 p\u00e4eva jooksul t\u00f5husalt kuni -50\u00b0C juures. Kasutusala: Aia- ja garaa\u017ei sisses\u00f5iduteed, teed, sissep\u00e4\u00e4sud, trepid, lasteasutuste ja koolide \u00fcmbrus, erinevad laadimispaigad, parklad, j\u00e4\u00e4tunud v\u00e4ravad ja uksed, tanklad. Puidule j\u00e4\u00e4sulataja pigem ei sobi, sest sisaldab kaltsiumkloriidi, mis [&hellip;]<\/p>\n","protected":false},"featured_media":2377810,"comment_status":"closed","ping_status":"closed","template":"","meta":{"_themeisle_gutenberg_block_has_review":false},"product_cat":[13445],"product_tag":[],"class_list":{"0":"post-152645","1":"product","2":"type-product","3":"status-publish","4":"has-post-thumbnail","6":"product_cat-jaasulatajad","8":"first","9":"instock","10":"shipping-taxable","11":"purchasable","12":"product-type-simple"},"yoast_head":"<!-- This site is optimized with the Yoast SEO plugin v24.0 - https:\/\/yoast.com\/wordpress\/plugins\/seo\/ -->\n<title>J\u00e4\u00e4sulataja Heissner 5kg \u00e4mbris - Horticom<\/title>\n<meta name=\"robots\" content=\"index, follow, max-snippet:-1, max-image-preview:large, max-video-preview:-1\" \/>\n<link rel=\"canonical\" href=\"https:\/\/horticom.ee\/e-pood\/toode\/jaasulataja-ambris-5kg-lk2021\/\" \/>\n<meta property=\"og:locale\" content=\"et_EE\" \/>\n<meta property=\"og:type\" content=\"article\" \/>\n<meta property=\"og:title\" content=\"J\u00e4\u00e4sulataja Heissner 5kg \u00e4mbris - Horticom\" \/>\n<meta property=\"og:description\" content=\"J\u00e4\u00e4sulataja \u00e4mbris on efektiivne vahend lume- ja j\u00e4\u00e4 kiireks sulatamiseks. Graanulhelveste sulatamisel tekkiv soojus kiirendab protsessi 8-10 korda. Toimib 3 p\u00e4eva jooksul t\u00f5husalt kuni -50\u00b0C juures. Kasutusala: Aia- ja garaa\u017ei sisses\u00f5iduteed, teed, sissep\u00e4\u00e4sud, trepid, lasteasutuste ja koolide \u00fcmbrus, erinevad laadimispaigad, parklad, j\u00e4\u00e4tunud v\u00e4ravad ja uksed, tanklad. Puidule j\u00e4\u00e4sulataja pigem ei sobi, sest sisaldab kaltsiumkloriidi, mis [&hellip;]\" \/>\n<meta property=\"og:url\" content=\"https:\/\/horticom.ee\/e-pood\/toode\/jaasulataja-ambris-5kg-lk2021\/\" \/>\n<meta property=\"og:site_name\" content=\"Horticom.ee\" \/>\n<meta property=\"article:publisher\" content=\"https:\/\/www.facebook.com\/horticom.ee\/e-pood\" \/>\n<meta property=\"article:modified_time\" content=\"2026-04-24T07:01:27+00:00\" \/>\n<meta property=\"og:image\" content=\"https:\/\/horticom.ee\/e-pood\/wp-content\/uploads\/importedmedia\/product-152645_0-850005.jpg\" \/>\n\t<meta property=\"og:image:width\" content=\"1000\" \/>\n\t<meta property=\"og:image:height\" content=\"750\" \/>\n\t<meta property=\"og:image:type\" content=\"image\/jpeg\" \/>\n<meta name=\"twitter:card\" content=\"summary_large_image\" \/>\n<meta name=\"twitter:label1\" content=\"Est. reading time\" \/>\n\t<meta name=\"twitter:data1\" content=\"1 minut\" \/>\n<script type=\"application\/ld+json\" class=\"yoast-schema-graph\">{\"@context\":\"https:\/\/schema.org\",\"@graph\":[{\"@type\":\"WebPage\",\"@id\":\"https:\/\/horticom.ee\/e-pood\/toode\/jaasulataja-ambris-5kg-lk2021\/\",\"url\":\"https:\/\/horticom.ee\/e-pood\/toode\/jaasulataja-ambris-5kg-lk2021\/\",\"name\":\"J\u00e4\u00e4sulataja Heissner 5kg \u00e4mbris - Horticom\",\"isPartOf\":{\"@id\":\"https:\/\/horticom.ee\/e-pood\/#website\"},\"primaryImageOfPage\":{\"@id\":\"https:\/\/horticom.ee\/e-pood\/toode\/jaasulataja-ambris-5kg-lk2021\/#primaryimage\"},\"image\":{\"@id\":\"https:\/\/horticom.ee\/e-pood\/toode\/jaasulataja-ambris-5kg-lk2021\/#primaryimage\"},\"thumbnailUrl\":\"https:\/\/horticom.ee\/e-pood\/wp-content\/uploads\/importedmedia\/product-152645_0-850005.jpg\",\"datePublished\":\"2022-01-17T13:58:18+00:00\",\"dateModified\":\"2026-04-24T07:01:27+00:00\",\"breadcrumb\":{\"@id\":\"https:\/\/horticom.ee\/e-pood\/toode\/jaasulataja-ambris-5kg-lk2021\/#breadcrumb\"},\"inLanguage\":\"et\",\"potentialAction\":[{\"@type\":\"ReadAction\",\"target\":[\"https:\/\/horticom.ee\/e-pood\/toode\/jaasulataja-ambris-5kg-lk2021\/\"]}]},{\"@type\":\"ImageObject\",\"inLanguage\":\"et\",\"@id\":\"https:\/\/horticom.ee\/e-pood\/toode\/jaasulataja-ambris-5kg-lk2021\/#primaryimage\",\"url\":\"https:\/\/horticom.ee\/e-pood\/wp-content\/uploads\/importedmedia\/product-152645_0-850005.jpg\",\"contentUrl\":\"https:\/\/horticom.ee\/e-pood\/wp-content\/uploads\/importedmedia\/product-152645_0-850005.jpg\",\"width\":1000,\"height\":750},{\"@type\":\"BreadcrumbList\",\"@id\":\"https:\/\/horticom.ee\/e-pood\/toode\/jaasulataja-ambris-5kg-lk2021\/#breadcrumb\",\"itemListElement\":[{\"@type\":\"ListItem\",\"position\":1,\"name\":\"Home\",\"item\":\"https:\/\/horticom.ee\/e-pood\/\"},{\"@type\":\"ListItem\",\"position\":2,\"name\":\"Pood\",\"item\":\"https:\/\/horticom.ee\/e-pood\/pood\/\"},{\"@type\":\"ListItem\",\"position\":3,\"name\":\"J\u00e4\u00e4sulataja Heissner 5kg \u00e4mbris\"}]},{\"@type\":\"WebSite\",\"@id\":\"https:\/\/horticom.ee\/e-pood\/#website\",\"url\":\"https:\/\/horticom.ee\/e-pood\/\",\"name\":\"Horticom.ee\",\"description\":\"Aianduskaubad ja kodukaubad nii harrastajatele kui professionaalidele\",\"potentialAction\":[{\"@type\":\"SearchAction\",\"target\":{\"@type\":\"EntryPoint\",\"urlTemplate\":\"https:\/\/horticom.ee\/e-pood\/?s={search_term_string}\"},\"query-input\":{\"@type\":\"PropertyValueSpecification\",\"valueRequired\":true,\"valueName\":\"search_term_string\"}}],\"inLanguage\":\"et\"}]}<\/script>\n<!-- \/ Yoast SEO plugin. -->","yoast_head_json":{"title":"J\u00e4\u00e4sulataja Heissner 5kg \u00e4mbris - Horticom","robots":{"index":"index","follow":"follow","max-snippet":"max-snippet:-1","max-image-preview":"max-image-preview:large","max-video-preview":"max-video-preview:-1"},"canonical":"https:\/\/horticom.ee\/e-pood\/toode\/jaasulataja-ambris-5kg-lk2021\/","og_locale":"et_EE","og_type":"article","og_title":"J\u00e4\u00e4sulataja Heissner 5kg \u00e4mbris - Horticom","og_description":"J\u00e4\u00e4sulataja \u00e4mbris on efektiivne vahend lume- ja j\u00e4\u00e4 kiireks sulatamiseks. Graanulhelveste sulatamisel tekkiv soojus kiirendab protsessi 8-10 korda. Toimib 3 p\u00e4eva jooksul t\u00f5husalt kuni -50\u00b0C juures. Kasutusala: Aia- ja garaa\u017ei sisses\u00f5iduteed, teed, sissep\u00e4\u00e4sud, trepid, lasteasutuste ja koolide \u00fcmbrus, erinevad laadimispaigad, parklad, j\u00e4\u00e4tunud v\u00e4ravad ja uksed, tanklad. Puidule j\u00e4\u00e4sulataja pigem ei sobi, sest sisaldab kaltsiumkloriidi, mis [&hellip;]","og_url":"https:\/\/horticom.ee\/e-pood\/toode\/jaasulataja-ambris-5kg-lk2021\/","og_site_name":"Horticom.ee","article_publisher":"https:\/\/www.facebook.com\/horticom.ee\/e-pood","article_modified_time":"2026-04-24T07:01:27+00:00","og_image":[{"width":1000,"height":750,"url":"https:\/\/horticom.ee\/e-pood\/wp-content\/uploads\/importedmedia\/product-152645_0-850005.jpg","type":"image\/jpeg"}],"twitter_card":"summary_large_image","twitter_misc":{"Est. reading time":"1 minut"},"schema":{"@context":"https:\/\/schema.org","@graph":[{"@type":"WebPage","@id":"https:\/\/horticom.ee\/e-pood\/toode\/jaasulataja-ambris-5kg-lk2021\/","url":"https:\/\/horticom.ee\/e-pood\/toode\/jaasulataja-ambris-5kg-lk2021\/","name":"J\u00e4\u00e4sulataja Heissner 5kg \u00e4mbris - Horticom","isPartOf":{"@id":"https:\/\/horticom.ee\/e-pood\/#website"},"primaryImageOfPage":{"@id":"https:\/\/horticom.ee\/e-pood\/toode\/jaasulataja-ambris-5kg-lk2021\/#primaryimage"},"image":{"@id":"https:\/\/horticom.ee\/e-pood\/toode\/jaasulataja-ambris-5kg-lk2021\/#primaryimage"},"thumbnailUrl":"https:\/\/horticom.ee\/e-pood\/wp-content\/uploads\/importedmedia\/product-152645_0-850005.jpg","datePublished":"2022-01-17T13:58:18+00:00","dateModified":"2026-04-24T07:01:27+00:00","breadcrumb":{"@id":"https:\/\/horticom.ee\/e-pood\/toode\/jaasulataja-ambris-5kg-lk2021\/#breadcrumb"},"inLanguage":"et","potentialAction":[{"@type":"ReadAction","target":["https:\/\/horticom.ee\/e-pood\/toode\/jaasulataja-ambris-5kg-lk2021\/"]}]},{"@type":"ImageObject","inLanguage":"et","@id":"https:\/\/horticom.ee\/e-pood\/toode\/jaasulataja-ambris-5kg-lk2021\/#primaryimage","url":"https:\/\/horticom.ee\/e-pood\/wp-content\/uploads\/importedmedia\/product-152645_0-850005.jpg","contentUrl":"https:\/\/horticom.ee\/e-pood\/wp-content\/uploads\/importedmedia\/product-152645_0-850005.jpg","width":1000,"height":750},{"@type":"BreadcrumbList","@id":"https:\/\/horticom.ee\/e-pood\/toode\/jaasulataja-ambris-5kg-lk2021\/#breadcrumb","itemListElement":[{"@type":"ListItem","position":1,"name":"Home","item":"https:\/\/horticom.ee\/e-pood\/"},{"@type":"ListItem","position":2,"name":"Pood","item":"https:\/\/horticom.ee\/e-pood\/pood\/"},{"@type":"ListItem","position":3,"name":"J\u00e4\u00e4sulataja Heissner 5kg \u00e4mbris"}]},{"@type":"WebSite","@id":"https:\/\/horticom.ee\/e-pood\/#website","url":"https:\/\/horticom.ee\/e-pood\/","name":"Horticom.ee","description":"Aianduskaubad ja kodukaubad nii harrastajatele kui professionaalidele","potentialAction":[{"@type":"SearchAction","target":{"@type":"EntryPoint","urlTemplate":"https:\/\/horticom.ee\/e-pood\/?s={search_term_string}"},"query-input":{"@type":"PropertyValueSpecification","valueRequired":true,"valueName":"search_term_string"}}],"inLanguage":"et"}]}},"_links":{"self":[{"href":"https:\/\/horticom.ee\/e-pood\/wp-json\/wp\/v2\/product\/152645","targetHints":{"allow":["GET"]}}],"collection":[{"href":"https:\/\/horticom.ee\/e-pood\/wp-json\/wp\/v2\/product"}],"about":[{"href":"https:\/\/horticom.ee\/e-pood\/wp-json\/wp\/v2\/types\/product"}],"replies":[{"embeddable":true,"href":"https:\/\/horticom.ee\/e-pood\/wp-json\/wp\/v2\/comments?post=152645"}],"wp:featuredmedia":[{"embeddable":true,"href":"https:\/\/horticom.ee\/e-pood\/wp-json\/wp\/v2\/media\/2377810"}],"wp:attachment":[{"href":"https:\/\/horticom.ee\/e-pood\/wp-json\/wp\/v2\/media?parent=152645"}],"wp:term":[{"taxonomy":"product_cat","embeddable":true,"href":"https:\/\/horticom.ee\/e-pood\/wp-json\/wp\/v2\/product_cat?post=152645"},{"taxonomy":"product_tag","embeddable":true,"href":"https:\/\/horticom.ee\/e-pood\/wp-json\/wp\/v2\/product_tag?post=152645"}],"curies":[{"name":"wp","href":"https:\/\/api.w.org\/{rel}","templated":true}]}}