{"id":152813,"date":"2022-01-17T15:59:47","date_gmt":"2022-01-17T13:59:47","guid":{"rendered":"https:\/\/aednik24.ee\/toode\/pikaajaline-rodovaetis-compo-3-kuud-850g\/"},"modified":"2026-05-02T03:04:19","modified_gmt":"2026-05-02T00:04:19","slug":"pikaajaline-rodovaetis-compo-3-kuud-850g","status":"publish","type":"product","link":"https:\/\/horticom.ee\/e-pood\/toode\/pikaajaline-rodovaetis-compo-3-kuud-850g\/","title":{"rendered":"Pikaajaline rodov\u00e4etis Compo 3-kuud 850g"},"content":{"rendered":"<p>Uudne v\u00e4etamiss\u00fcsteem, kus toitainete vabastamine toimub kahes faasis. Helehallid v\u00e4etisegraanulid vabastavad toiteained kohe nii, et taimed on esimesest p\u00e4evast alates k\u00f5ikide olulisemate p\u00f5hi- ja mikrotoitainetega varustatud. K\u00f5rge algvajadus kaetakse seel\u00e4bi optimaalselt. Vaigukihiga kaetud rohelised v\u00e4etisegraanulid katavad hilisema toitainete vajaduse. Nende pikaajaline toime 3 kuud hakkab aeglaselt m\u00f5juma. Soojuse ja vee m\u00f5jul tungivad toitained v\u00e4hehaaval l\u00e4bi \u00fcmbriskihi. T\u00e4nu v\u00e4etisele \u00f5itsevad taimed rikkalikult. \u00dchekordsest v\u00e4etamisest piisab terveks \u00f5itsemishooajaks. Optimaalne varustamine t\u00e4nu esmasele ja pikaajalisele m\u00f5jule. Pole \u00fcle- ega alav\u00e4etamist, vajadusekohane doseerimine vastavalt niiskusele ja soojusele. K\u00f5ik olulisemad p\u00f5hi- ja mikrotoitained igas teras hoolitsevad tugeva \u00f5ie ja terve kasvu eest. T\u00e4nu v\u00e4etisele suureneb vastupidavus haiguste ja kahjustuste vastu. COMPO pikaajalise toimega rododendroniv\u00e4etis on koosk\u00f5las sootaimede\/helof\u00fc\u00fctide, n\u00e4iteks rododendronid, asalead, erikad, hortensiate ja fuksiate spetsiaalsete vajadustega. V\u00e4etis sobib ka mustikatele.<\/p>\n","protected":false},"excerpt":{"rendered":"<p>Uudne v\u00e4etamiss\u00fcsteem, kus toitainete vabastamine toimub kahes faasis. Helehallid v\u00e4etisegraanulid vabastavad toiteained kohe nii, et taimed on esimesest p\u00e4evast alates k\u00f5ikide olulisemate p\u00f5hi- ja mikrotoitainetega varustatud. K\u00f5rge algvajadus kaetakse seel\u00e4bi optimaalselt. Vaigukihiga kaetud rohelised v\u00e4etisegraanulid katavad hilisema toitainete vajaduse. Nende pikaajaline toime 3 kuud hakkab aeglaselt m\u00f5juma. Soojuse ja vee m\u00f5jul tungivad toitained v\u00e4hehaaval l\u00e4bi [&hellip;]<\/p>\n","protected":false},"featured_media":175965,"comment_status":"closed","ping_status":"closed","template":"","meta":{"_themeisle_gutenberg_block_has_review":false},"product_cat":[16967],"product_tag":[],"class_list":{"0":"post-152813","1":"product","2":"type-product","3":"status-publish","4":"has-post-thumbnail","6":"product_cat-okaspuudele-rododele-ja-hortensiatele","8":"first","9":"instock","10":"shipping-taxable","11":"purchasable","12":"product-type-simple"},"yoast_head":"<!-- This site is optimized with the Yoast SEO plugin v24.0 - https:\/\/yoast.com\/wordpress\/plugins\/seo\/ -->\n<title>Pikaajaline rodov\u00e4etis Compo 3-kuud 850g - Horticom.ee<\/title>\n<meta name=\"description\" content=\"Compo rododendroniv\u00e4etis \u2013 toitainevabastus kahes faasis, 3-kuuline toime. Soodustab \u00f5itsemist. Sobib rododendronitele, asaleadele ja mustikatele.\" \/>\n<meta name=\"robots\" content=\"index, follow, max-snippet:-1, max-image-preview:large, max-video-preview:-1\" \/>\n<link rel=\"canonical\" href=\"https:\/\/horticom.ee\/e-pood\/toode\/pikaajaline-rodovaetis-compo-3-kuud-850g\/\" \/>\n<meta property=\"og:locale\" content=\"et_EE\" \/>\n<meta property=\"og:type\" content=\"article\" \/>\n<meta property=\"og:title\" content=\"Pikaajaline rodov\u00e4etis Compo 3-kuud 850g - Horticom.ee\" \/>\n<meta property=\"og:description\" content=\"Compo rododendroniv\u00e4etis \u2013 toitainevabastus kahes faasis, 3-kuuline toime. Soodustab \u00f5itsemist. Sobib rododendronitele, asaleadele ja mustikatele.\" \/>\n<meta property=\"og:url\" content=\"https:\/\/horticom.ee\/e-pood\/toode\/pikaajaline-rodovaetis-compo-3-kuud-850g\/\" \/>\n<meta property=\"og:site_name\" content=\"Horticom.ee\" \/>\n<meta property=\"article:publisher\" content=\"https:\/\/www.facebook.com\/horticom.ee\/e-pood\" \/>\n<meta property=\"article:modified_time\" content=\"2026-05-02T00:04:19+00:00\" \/>\n<meta property=\"og:image\" content=\"https:\/\/horticom.ee\/e-pood\/wp-content\/uploads\/importedmedia\/product-152813_0-670123_8.jpg\" \/>\n\t<meta property=\"og:image:width\" content=\"1000\" \/>\n\t<meta property=\"og:image:height\" content=\"1414\" \/>\n\t<meta property=\"og:image:type\" content=\"image\/jpeg\" \/>\n<meta name=\"twitter:card\" content=\"summary_large_image\" \/>\n<meta name=\"twitter:label1\" content=\"Est. reading time\" \/>\n\t<meta name=\"twitter:data1\" content=\"1 minut\" \/>\n<script type=\"application\/ld+json\" class=\"yoast-schema-graph\">{\"@context\":\"https:\/\/schema.org\",\"@graph\":[{\"@type\":\"WebPage\",\"@id\":\"https:\/\/horticom.ee\/e-pood\/toode\/pikaajaline-rodovaetis-compo-3-kuud-850g\/\",\"url\":\"https:\/\/horticom.ee\/e-pood\/toode\/pikaajaline-rodovaetis-compo-3-kuud-850g\/\",\"name\":\"Pikaajaline rodov\u00e4etis Compo 3-kuud 850g - Horticom.ee\",\"isPartOf\":{\"@id\":\"https:\/\/horticom.ee\/e-pood\/#website\"},\"primaryImageOfPage\":{\"@id\":\"https:\/\/horticom.ee\/e-pood\/toode\/pikaajaline-rodovaetis-compo-3-kuud-850g\/#primaryimage\"},\"image\":{\"@id\":\"https:\/\/horticom.ee\/e-pood\/toode\/pikaajaline-rodovaetis-compo-3-kuud-850g\/#primaryimage\"},\"thumbnailUrl\":\"https:\/\/horticom.ee\/e-pood\/wp-content\/uploads\/importedmedia\/product-152813_0-670123_8.jpg\",\"datePublished\":\"2022-01-17T13:59:47+00:00\",\"dateModified\":\"2026-05-02T00:04:19+00:00\",\"description\":\"Compo rododendroniv\u00e4etis \u2013 toitainevabastus kahes faasis, 3-kuuline toime. Soodustab \u00f5itsemist. Sobib rododendronitele, asaleadele ja mustikatele.\",\"breadcrumb\":{\"@id\":\"https:\/\/horticom.ee\/e-pood\/toode\/pikaajaline-rodovaetis-compo-3-kuud-850g\/#breadcrumb\"},\"inLanguage\":\"et\",\"potentialAction\":[{\"@type\":\"ReadAction\",\"target\":[\"https:\/\/horticom.ee\/e-pood\/toode\/pikaajaline-rodovaetis-compo-3-kuud-850g\/\"]}]},{\"@type\":\"ImageObject\",\"inLanguage\":\"et\",\"@id\":\"https:\/\/horticom.ee\/e-pood\/toode\/pikaajaline-rodovaetis-compo-3-kuud-850g\/#primaryimage\",\"url\":\"https:\/\/horticom.ee\/e-pood\/wp-content\/uploads\/importedmedia\/product-152813_0-670123_8.jpg\",\"contentUrl\":\"https:\/\/horticom.ee\/e-pood\/wp-content\/uploads\/importedmedia\/product-152813_0-670123_8.jpg\",\"width\":1000,\"height\":1414,\"caption\":\"Pikaajaline rodov\u00e4etis Compo 3-kuud 850g\"},{\"@type\":\"BreadcrumbList\",\"@id\":\"https:\/\/horticom.ee\/e-pood\/toode\/pikaajaline-rodovaetis-compo-3-kuud-850g\/#breadcrumb\",\"itemListElement\":[{\"@type\":\"ListItem\",\"position\":1,\"name\":\"Home\",\"item\":\"https:\/\/horticom.ee\/e-pood\/\"},{\"@type\":\"ListItem\",\"position\":2,\"name\":\"Pood\",\"item\":\"https:\/\/horticom.ee\/e-pood\/pood\/\"},{\"@type\":\"ListItem\",\"position\":3,\"name\":\"Pikaajaline rodov\u00e4etis Compo 3-kuud 850g\"}]},{\"@type\":\"WebSite\",\"@id\":\"https:\/\/horticom.ee\/e-pood\/#website\",\"url\":\"https:\/\/horticom.ee\/e-pood\/\",\"name\":\"Horticom.ee\",\"description\":\"Aianduskaubad ja kodukaubad nii harrastajatele kui professionaalidele\",\"potentialAction\":[{\"@type\":\"SearchAction\",\"target\":{\"@type\":\"EntryPoint\",\"urlTemplate\":\"https:\/\/horticom.ee\/e-pood\/?s={search_term_string}\"},\"query-input\":{\"@type\":\"PropertyValueSpecification\",\"valueRequired\":true,\"valueName\":\"search_term_string\"}}],\"inLanguage\":\"et\"}]}<\/script>\n<!-- \/ Yoast SEO plugin. -->","yoast_head_json":{"title":"Pikaajaline rodov\u00e4etis Compo 3-kuud 850g - Horticom.ee","description":"Compo rododendroniv\u00e4etis \u2013 toitainevabastus kahes faasis, 3-kuuline toime. Soodustab \u00f5itsemist. Sobib rododendronitele, asaleadele ja mustikatele.","robots":{"index":"index","follow":"follow","max-snippet":"max-snippet:-1","max-image-preview":"max-image-preview:large","max-video-preview":"max-video-preview:-1"},"canonical":"https:\/\/horticom.ee\/e-pood\/toode\/pikaajaline-rodovaetis-compo-3-kuud-850g\/","og_locale":"et_EE","og_type":"article","og_title":"Pikaajaline rodov\u00e4etis Compo 3-kuud 850g - Horticom.ee","og_description":"Compo rododendroniv\u00e4etis \u2013 toitainevabastus kahes faasis, 3-kuuline toime. Soodustab \u00f5itsemist. Sobib rododendronitele, asaleadele ja mustikatele.","og_url":"https:\/\/horticom.ee\/e-pood\/toode\/pikaajaline-rodovaetis-compo-3-kuud-850g\/","og_site_name":"Horticom.ee","article_publisher":"https:\/\/www.facebook.com\/horticom.ee\/e-pood","article_modified_time":"2026-05-02T00:04:19+00:00","og_image":[{"width":1000,"height":1414,"url":"https:\/\/horticom.ee\/e-pood\/wp-content\/uploads\/importedmedia\/product-152813_0-670123_8.jpg","type":"image\/jpeg"}],"twitter_card":"summary_large_image","twitter_misc":{"Est. reading time":"1 minut"},"schema":{"@context":"https:\/\/schema.org","@graph":[{"@type":"WebPage","@id":"https:\/\/horticom.ee\/e-pood\/toode\/pikaajaline-rodovaetis-compo-3-kuud-850g\/","url":"https:\/\/horticom.ee\/e-pood\/toode\/pikaajaline-rodovaetis-compo-3-kuud-850g\/","name":"Pikaajaline rodov\u00e4etis Compo 3-kuud 850g - Horticom.ee","isPartOf":{"@id":"https:\/\/horticom.ee\/e-pood\/#website"},"primaryImageOfPage":{"@id":"https:\/\/horticom.ee\/e-pood\/toode\/pikaajaline-rodovaetis-compo-3-kuud-850g\/#primaryimage"},"image":{"@id":"https:\/\/horticom.ee\/e-pood\/toode\/pikaajaline-rodovaetis-compo-3-kuud-850g\/#primaryimage"},"thumbnailUrl":"https:\/\/horticom.ee\/e-pood\/wp-content\/uploads\/importedmedia\/product-152813_0-670123_8.jpg","datePublished":"2022-01-17T13:59:47+00:00","dateModified":"2026-05-02T00:04:19+00:00","description":"Compo rododendroniv\u00e4etis \u2013 toitainevabastus kahes faasis, 3-kuuline toime. Soodustab \u00f5itsemist. Sobib rododendronitele, asaleadele ja mustikatele.","breadcrumb":{"@id":"https:\/\/horticom.ee\/e-pood\/toode\/pikaajaline-rodovaetis-compo-3-kuud-850g\/#breadcrumb"},"inLanguage":"et","potentialAction":[{"@type":"ReadAction","target":["https:\/\/horticom.ee\/e-pood\/toode\/pikaajaline-rodovaetis-compo-3-kuud-850g\/"]}]},{"@type":"ImageObject","inLanguage":"et","@id":"https:\/\/horticom.ee\/e-pood\/toode\/pikaajaline-rodovaetis-compo-3-kuud-850g\/#primaryimage","url":"https:\/\/horticom.ee\/e-pood\/wp-content\/uploads\/importedmedia\/product-152813_0-670123_8.jpg","contentUrl":"https:\/\/horticom.ee\/e-pood\/wp-content\/uploads\/importedmedia\/product-152813_0-670123_8.jpg","width":1000,"height":1414,"caption":"Pikaajaline rodov\u00e4etis Compo 3-kuud 850g"},{"@type":"BreadcrumbList","@id":"https:\/\/horticom.ee\/e-pood\/toode\/pikaajaline-rodovaetis-compo-3-kuud-850g\/#breadcrumb","itemListElement":[{"@type":"ListItem","position":1,"name":"Home","item":"https:\/\/horticom.ee\/e-pood\/"},{"@type":"ListItem","position":2,"name":"Pood","item":"https:\/\/horticom.ee\/e-pood\/pood\/"},{"@type":"ListItem","position":3,"name":"Pikaajaline rodov\u00e4etis Compo 3-kuud 850g"}]},{"@type":"WebSite","@id":"https:\/\/horticom.ee\/e-pood\/#website","url":"https:\/\/horticom.ee\/e-pood\/","name":"Horticom.ee","description":"Aianduskaubad ja kodukaubad nii harrastajatele kui professionaalidele","potentialAction":[{"@type":"SearchAction","target":{"@type":"EntryPoint","urlTemplate":"https:\/\/horticom.ee\/e-pood\/?s={search_term_string}"},"query-input":{"@type":"PropertyValueSpecification","valueRequired":true,"valueName":"search_term_string"}}],"inLanguage":"et"}]}},"_links":{"self":[{"href":"https:\/\/horticom.ee\/e-pood\/wp-json\/wp\/v2\/product\/152813","targetHints":{"allow":["GET"]}}],"collection":[{"href":"https:\/\/horticom.ee\/e-pood\/wp-json\/wp\/v2\/product"}],"about":[{"href":"https:\/\/horticom.ee\/e-pood\/wp-json\/wp\/v2\/types\/product"}],"replies":[{"embeddable":true,"href":"https:\/\/horticom.ee\/e-pood\/wp-json\/wp\/v2\/comments?post=152813"}],"wp:featuredmedia":[{"embeddable":true,"href":"https:\/\/horticom.ee\/e-pood\/wp-json\/wp\/v2\/media\/175965"}],"wp:attachment":[{"href":"https:\/\/horticom.ee\/e-pood\/wp-json\/wp\/v2\/media?parent=152813"}],"wp:term":[{"taxonomy":"product_cat","embeddable":true,"href":"https:\/\/horticom.ee\/e-pood\/wp-json\/wp\/v2\/product_cat?post=152813"},{"taxonomy":"product_tag","embeddable":true,"href":"https:\/\/horticom.ee\/e-pood\/wp-json\/wp\/v2\/product_tag?post=152813"}],"curies":[{"name":"wp","href":"https:\/\/api.w.org\/{rel}","templated":true}]}}