{"id":152999,"date":"2022-01-17T16:01:29","date_gmt":"2022-01-17T14:01:29","guid":{"rendered":"https:\/\/aednik24.ee\/toode\/vaetis-novatec-classic-npk-12-8-16-3mgo-me-25kg\/"},"modified":"2026-05-03T03:05:51","modified_gmt":"2026-05-03T00:05:51","slug":"vaetis-novatec-classic-npk-12-8-16-3mgo-me-25kg","status":"publish","type":"product","link":"https:\/\/horticom.ee\/e-pood\/toode\/vaetis-novatec-classic-npk-12-8-16-3mgo-me-25kg\/","title":{"rendered":"V\u00e4etis Novatec Classic NPK 12-8-16-3MgO +me 25kg"},"content":{"rendered":"<p>Originaalne toime p\u00f5hineb v\u00e4etises sisalduval \u00fchendil DMPP, mis aeglustab mulda viidud ammooniuml\u00e4mmastiku \u00fcleminekut nitraatl\u00e4mmastikuks 6 kuni 10 n\u00e4dala jooksul. Kuigi taimestik omastab p\u00f5hiliselt nitraatl\u00e4mmastikku (NO3), v\u00f5ivad nad teatud oludes kasutada taime kasvuks v\u00e4ikeses koguses paralleelselt ka ammooniuml\u00e4mmastikku (NH4). Taimestik kasutab mulda viidud l\u00e4mmastikku \u00fchtlasemalt ning ei teki toitainete &#8211; l\u00e4mmastiku defitsiiti. Praktikas on oluline, et taim oleks varustatud piisava l\u00e4mmastikuga, sest intensiivsema kasvu korral vajatakse antud toitainet rohkem. Novatec v\u00e4etisega ei teki nitraatide defitsiiti ega \u00fclek\u00fcllust, mis on tavaliselt omane traditsioonilisi v\u00e4etisi kasutades. Pikaajaliselt toimiv k\u00f5rgekvaliteediline graanulv\u00e4etis maasika, vaarika ja teiste marjap\u00f5\u00f5saste tasakaalustatud v\u00e4etamiseks.<\/p>\n","protected":false},"excerpt":{"rendered":"<p>Originaalne toime p\u00f5hineb v\u00e4etises sisalduval \u00fchendil DMPP, mis aeglustab mulda viidud ammooniuml\u00e4mmastiku \u00fcleminekut nitraatl\u00e4mmastikuks 6 kuni 10 n\u00e4dala jooksul. Kuigi taimestik omastab p\u00f5hiliselt nitraatl\u00e4mmastikku (NO3), v\u00f5ivad nad teatud oludes kasutada taime kasvuks v\u00e4ikeses koguses paralleelselt ka ammooniuml\u00e4mmastikku (NH4). Taimestik kasutab mulda viidud l\u00e4mmastikku \u00fchtlasemalt ning ei teki toitainete &#8211; l\u00e4mmastiku defitsiiti. Praktikas on oluline, et [&hellip;]<\/p>\n","protected":false},"featured_media":2378300,"comment_status":"closed","ping_status":"closed","template":"","meta":{"_themeisle_gutenberg_block_has_review":false},"product_cat":[16965,16966],"product_tag":[],"class_list":{"0":"post-152999","1":"product","2":"type-product","3":"status-publish","4":"has-post-thumbnail","6":"product_cat-koogiviljadele-ja-maitsetaimedele","7":"product_cat-marjadele-ja-puuviljadele","9":"first","10":"instock","11":"sale","12":"shipping-taxable","13":"purchasable","14":"product-type-simple"},"yoast_head":"<!-- This site is optimized with the Yoast SEO plugin v24.0 - https:\/\/yoast.com\/wordpress\/plugins\/seo\/ -->\n<title>V\u00e4etis Novatec Classic NPK 12-8-16-3MgO +me 25kg - Horticom<\/title>\n<meta name=\"robots\" content=\"index, follow, max-snippet:-1, max-image-preview:large, max-video-preview:-1\" \/>\n<link rel=\"canonical\" href=\"https:\/\/horticom.ee\/e-pood\/toode\/vaetis-novatec-classic-npk-12-8-16-3mgo-me-25kg\/\" \/>\n<meta property=\"og:locale\" content=\"et_EE\" \/>\n<meta property=\"og:type\" content=\"article\" \/>\n<meta property=\"og:title\" content=\"V\u00e4etis Novatec Classic NPK 12-8-16-3MgO +me 25kg - Horticom\" \/>\n<meta property=\"og:description\" content=\"Originaalne toime p\u00f5hineb v\u00e4etises sisalduval \u00fchendil DMPP, mis aeglustab mulda viidud ammooniuml\u00e4mmastiku \u00fcleminekut nitraatl\u00e4mmastikuks 6 kuni 10 n\u00e4dala jooksul. Kuigi taimestik omastab p\u00f5hiliselt nitraatl\u00e4mmastikku (NO3), v\u00f5ivad nad teatud oludes kasutada taime kasvuks v\u00e4ikeses koguses paralleelselt ka ammooniuml\u00e4mmastikku (NH4). Taimestik kasutab mulda viidud l\u00e4mmastikku \u00fchtlasemalt ning ei teki toitainete &#8211; l\u00e4mmastiku defitsiiti. Praktikas on oluline, et [&hellip;]\" \/>\n<meta property=\"og:url\" content=\"https:\/\/horticom.ee\/e-pood\/toode\/vaetis-novatec-classic-npk-12-8-16-3mgo-me-25kg\/\" \/>\n<meta property=\"og:site_name\" content=\"Horticom.ee\" \/>\n<meta property=\"article:publisher\" content=\"https:\/\/www.facebook.com\/horticom.ee\/e-pood\" \/>\n<meta property=\"article:modified_time\" content=\"2026-05-03T00:05:51+00:00\" \/>\n<meta property=\"og:image\" content=\"https:\/\/horticom.ee\/e-pood\/wp-content\/uploads\/importedmedia\/product-152999_0-432038.jpg\" \/>\n\t<meta property=\"og:image:width\" content=\"1000\" \/>\n\t<meta property=\"og:image:height\" content=\"1000\" \/>\n\t<meta property=\"og:image:type\" content=\"image\/jpeg\" \/>\n<meta name=\"twitter:card\" content=\"summary_large_image\" \/>\n<meta name=\"twitter:label1\" content=\"Est. reading time\" \/>\n\t<meta name=\"twitter:data1\" content=\"1 minut\" \/>\n<script type=\"application\/ld+json\" class=\"yoast-schema-graph\">{\"@context\":\"https:\/\/schema.org\",\"@graph\":[{\"@type\":\"WebPage\",\"@id\":\"https:\/\/horticom.ee\/e-pood\/toode\/vaetis-novatec-classic-npk-12-8-16-3mgo-me-25kg\/\",\"url\":\"https:\/\/horticom.ee\/e-pood\/toode\/vaetis-novatec-classic-npk-12-8-16-3mgo-me-25kg\/\",\"name\":\"V\u00e4etis Novatec Classic NPK 12-8-16-3MgO +me 25kg - Horticom\",\"isPartOf\":{\"@id\":\"https:\/\/horticom.ee\/e-pood\/#website\"},\"primaryImageOfPage\":{\"@id\":\"https:\/\/horticom.ee\/e-pood\/toode\/vaetis-novatec-classic-npk-12-8-16-3mgo-me-25kg\/#primaryimage\"},\"image\":{\"@id\":\"https:\/\/horticom.ee\/e-pood\/toode\/vaetis-novatec-classic-npk-12-8-16-3mgo-me-25kg\/#primaryimage\"},\"thumbnailUrl\":\"https:\/\/horticom.ee\/e-pood\/wp-content\/uploads\/importedmedia\/product-152999_0-432038.jpg\",\"datePublished\":\"2022-01-17T14:01:29+00:00\",\"dateModified\":\"2026-05-03T00:05:51+00:00\",\"breadcrumb\":{\"@id\":\"https:\/\/horticom.ee\/e-pood\/toode\/vaetis-novatec-classic-npk-12-8-16-3mgo-me-25kg\/#breadcrumb\"},\"inLanguage\":\"et\",\"potentialAction\":[{\"@type\":\"ReadAction\",\"target\":[\"https:\/\/horticom.ee\/e-pood\/toode\/vaetis-novatec-classic-npk-12-8-16-3mgo-me-25kg\/\"]}]},{\"@type\":\"ImageObject\",\"inLanguage\":\"et\",\"@id\":\"https:\/\/horticom.ee\/e-pood\/toode\/vaetis-novatec-classic-npk-12-8-16-3mgo-me-25kg\/#primaryimage\",\"url\":\"https:\/\/horticom.ee\/e-pood\/wp-content\/uploads\/importedmedia\/product-152999_0-432038.jpg\",\"contentUrl\":\"https:\/\/horticom.ee\/e-pood\/wp-content\/uploads\/importedmedia\/product-152999_0-432038.jpg\",\"width\":1000,\"height\":1000},{\"@type\":\"BreadcrumbList\",\"@id\":\"https:\/\/horticom.ee\/e-pood\/toode\/vaetis-novatec-classic-npk-12-8-16-3mgo-me-25kg\/#breadcrumb\",\"itemListElement\":[{\"@type\":\"ListItem\",\"position\":1,\"name\":\"Home\",\"item\":\"https:\/\/horticom.ee\/e-pood\/\"},{\"@type\":\"ListItem\",\"position\":2,\"name\":\"Pood\",\"item\":\"https:\/\/horticom.ee\/e-pood\/pood\/\"},{\"@type\":\"ListItem\",\"position\":3,\"name\":\"V\u00e4etis Novatec Classic NPK 12-8-16-3MgO +me 25kg\"}]},{\"@type\":\"WebSite\",\"@id\":\"https:\/\/horticom.ee\/e-pood\/#website\",\"url\":\"https:\/\/horticom.ee\/e-pood\/\",\"name\":\"Horticom.ee\",\"description\":\"Aianduskaubad ja kodukaubad nii harrastajatele kui professionaalidele\",\"potentialAction\":[{\"@type\":\"SearchAction\",\"target\":{\"@type\":\"EntryPoint\",\"urlTemplate\":\"https:\/\/horticom.ee\/e-pood\/?s={search_term_string}\"},\"query-input\":{\"@type\":\"PropertyValueSpecification\",\"valueRequired\":true,\"valueName\":\"search_term_string\"}}],\"inLanguage\":\"et\"}]}<\/script>\n<!-- \/ Yoast SEO plugin. -->","yoast_head_json":{"title":"V\u00e4etis Novatec Classic NPK 12-8-16-3MgO +me 25kg - Horticom","robots":{"index":"index","follow":"follow","max-snippet":"max-snippet:-1","max-image-preview":"max-image-preview:large","max-video-preview":"max-video-preview:-1"},"canonical":"https:\/\/horticom.ee\/e-pood\/toode\/vaetis-novatec-classic-npk-12-8-16-3mgo-me-25kg\/","og_locale":"et_EE","og_type":"article","og_title":"V\u00e4etis Novatec Classic NPK 12-8-16-3MgO +me 25kg - Horticom","og_description":"Originaalne toime p\u00f5hineb v\u00e4etises sisalduval \u00fchendil DMPP, mis aeglustab mulda viidud ammooniuml\u00e4mmastiku \u00fcleminekut nitraatl\u00e4mmastikuks 6 kuni 10 n\u00e4dala jooksul. Kuigi taimestik omastab p\u00f5hiliselt nitraatl\u00e4mmastikku (NO3), v\u00f5ivad nad teatud oludes kasutada taime kasvuks v\u00e4ikeses koguses paralleelselt ka ammooniuml\u00e4mmastikku (NH4). Taimestik kasutab mulda viidud l\u00e4mmastikku \u00fchtlasemalt ning ei teki toitainete &#8211; l\u00e4mmastiku defitsiiti. Praktikas on oluline, et [&hellip;]","og_url":"https:\/\/horticom.ee\/e-pood\/toode\/vaetis-novatec-classic-npk-12-8-16-3mgo-me-25kg\/","og_site_name":"Horticom.ee","article_publisher":"https:\/\/www.facebook.com\/horticom.ee\/e-pood","article_modified_time":"2026-05-03T00:05:51+00:00","og_image":[{"width":1000,"height":1000,"url":"https:\/\/horticom.ee\/e-pood\/wp-content\/uploads\/importedmedia\/product-152999_0-432038.jpg","type":"image\/jpeg"}],"twitter_card":"summary_large_image","twitter_misc":{"Est. reading time":"1 minut"},"schema":{"@context":"https:\/\/schema.org","@graph":[{"@type":"WebPage","@id":"https:\/\/horticom.ee\/e-pood\/toode\/vaetis-novatec-classic-npk-12-8-16-3mgo-me-25kg\/","url":"https:\/\/horticom.ee\/e-pood\/toode\/vaetis-novatec-classic-npk-12-8-16-3mgo-me-25kg\/","name":"V\u00e4etis Novatec Classic NPK 12-8-16-3MgO +me 25kg - Horticom","isPartOf":{"@id":"https:\/\/horticom.ee\/e-pood\/#website"},"primaryImageOfPage":{"@id":"https:\/\/horticom.ee\/e-pood\/toode\/vaetis-novatec-classic-npk-12-8-16-3mgo-me-25kg\/#primaryimage"},"image":{"@id":"https:\/\/horticom.ee\/e-pood\/toode\/vaetis-novatec-classic-npk-12-8-16-3mgo-me-25kg\/#primaryimage"},"thumbnailUrl":"https:\/\/horticom.ee\/e-pood\/wp-content\/uploads\/importedmedia\/product-152999_0-432038.jpg","datePublished":"2022-01-17T14:01:29+00:00","dateModified":"2026-05-03T00:05:51+00:00","breadcrumb":{"@id":"https:\/\/horticom.ee\/e-pood\/toode\/vaetis-novatec-classic-npk-12-8-16-3mgo-me-25kg\/#breadcrumb"},"inLanguage":"et","potentialAction":[{"@type":"ReadAction","target":["https:\/\/horticom.ee\/e-pood\/toode\/vaetis-novatec-classic-npk-12-8-16-3mgo-me-25kg\/"]}]},{"@type":"ImageObject","inLanguage":"et","@id":"https:\/\/horticom.ee\/e-pood\/toode\/vaetis-novatec-classic-npk-12-8-16-3mgo-me-25kg\/#primaryimage","url":"https:\/\/horticom.ee\/e-pood\/wp-content\/uploads\/importedmedia\/product-152999_0-432038.jpg","contentUrl":"https:\/\/horticom.ee\/e-pood\/wp-content\/uploads\/importedmedia\/product-152999_0-432038.jpg","width":1000,"height":1000},{"@type":"BreadcrumbList","@id":"https:\/\/horticom.ee\/e-pood\/toode\/vaetis-novatec-classic-npk-12-8-16-3mgo-me-25kg\/#breadcrumb","itemListElement":[{"@type":"ListItem","position":1,"name":"Home","item":"https:\/\/horticom.ee\/e-pood\/"},{"@type":"ListItem","position":2,"name":"Pood","item":"https:\/\/horticom.ee\/e-pood\/pood\/"},{"@type":"ListItem","position":3,"name":"V\u00e4etis Novatec Classic NPK 12-8-16-3MgO +me 25kg"}]},{"@type":"WebSite","@id":"https:\/\/horticom.ee\/e-pood\/#website","url":"https:\/\/horticom.ee\/e-pood\/","name":"Horticom.ee","description":"Aianduskaubad ja kodukaubad nii harrastajatele kui professionaalidele","potentialAction":[{"@type":"SearchAction","target":{"@type":"EntryPoint","urlTemplate":"https:\/\/horticom.ee\/e-pood\/?s={search_term_string}"},"query-input":{"@type":"PropertyValueSpecification","valueRequired":true,"valueName":"search_term_string"}}],"inLanguage":"et"}]}},"_links":{"self":[{"href":"https:\/\/horticom.ee\/e-pood\/wp-json\/wp\/v2\/product\/152999","targetHints":{"allow":["GET"]}}],"collection":[{"href":"https:\/\/horticom.ee\/e-pood\/wp-json\/wp\/v2\/product"}],"about":[{"href":"https:\/\/horticom.ee\/e-pood\/wp-json\/wp\/v2\/types\/product"}],"replies":[{"embeddable":true,"href":"https:\/\/horticom.ee\/e-pood\/wp-json\/wp\/v2\/comments?post=152999"}],"wp:featuredmedia":[{"embeddable":true,"href":"https:\/\/horticom.ee\/e-pood\/wp-json\/wp\/v2\/media\/2378300"}],"wp:attachment":[{"href":"https:\/\/horticom.ee\/e-pood\/wp-json\/wp\/v2\/media?parent=152999"}],"wp:term":[{"taxonomy":"product_cat","embeddable":true,"href":"https:\/\/horticom.ee\/e-pood\/wp-json\/wp\/v2\/product_cat?post=152999"},{"taxonomy":"product_tag","embeddable":true,"href":"https:\/\/horticom.ee\/e-pood\/wp-json\/wp\/v2\/product_tag?post=152999"}],"curies":[{"name":"wp","href":"https:\/\/api.w.org\/{rel}","templated":true}]}}