{"id":153216,"date":"2022-01-17T16:03:50","date_gmt":"2022-01-17T14:03:50","guid":{"rendered":"https:\/\/aednik24.ee\/toode\/aedlobeelia-white-cascade-valge-lobelia-erinus-l-b\/"},"modified":"2026-05-02T03:06:04","modified_gmt":"2026-05-02T00:06:04","slug":"aedlobeelia-white-cascade-valge-lobelia-erinus-l-b","status":"publish","type":"product","link":"https:\/\/horticom.ee\/e-pood\/toode\/aedlobeelia-white-cascade-valge-lobelia-erinus-l-b\/","title":{"rendered":"Aedlobeelia Lobelia White Cascade annual White- Lobelia erinus L."},"content":{"rendered":"<p>Aedlobeelia White Cascade on \u00fcheaastane taim, k\u00f5rgusega 10cm. \u00d5ied v\u00e4ikesed s\u00e4ravad, \u00f5itseb kaua ja rikkalikult. Kasvuks sobib pigem niiskem liivsavi muld. Seeme on v\u00e4ike, k\u00fclvi turbaga ei kaeta, t\u00e4rkab 14-16 p\u00e4eva. Turvas peab olema kogu aeg kergelt niiske.  Kasvuks r\u00f5dudele ja vaasidesse. 30000tk\/g<\/p>\n","protected":false},"excerpt":{"rendered":"<p>Aedlobeelia White Cascade on \u00fcheaastane taim, k\u00f5rgusega 10cm. \u00d5ied v\u00e4ikesed s\u00e4ravad, \u00f5itseb kaua ja rikkalikult. Kasvuks sobib pigem niiskem liivsavi muld. Seeme on v\u00e4ike, k\u00fclvi turbaga ei kaeta, t\u00e4rkab 14-16 p\u00e4eva. Turvas peab olema kogu aeg kergelt niiske. Kasvuks r\u00f5dudele ja vaasidesse. 30000tk\/g<\/p>\n","protected":false},"featured_media":171380,"comment_status":"closed","ping_status":"closed","template":"","meta":{"_themeisle_gutenberg_block_has_review":false},"product_cat":[13518],"product_tag":[],"class_list":{"0":"post-153216","1":"product","2":"type-product","3":"status-publish","4":"has-post-thumbnail","6":"product_cat-lobeelia-bacopa","8":"first","9":"instock","10":"shipping-taxable","11":"purchasable","12":"product-type-simple"},"yoast_head":"<!-- This site is optimized with the Yoast SEO plugin v24.0 - https:\/\/yoast.com\/wordpress\/plugins\/seo\/ -->\n<title>Aedlobeelia Lobelia White Cascade annual White<\/title>\n<meta name=\"description\" content=\"Aedlobeelia White Cascade on 10 cm k\u00f5rgune taim, s\u00e4ravate v\u00e4ikeste \u00f5itega. Eelistab niiskemat mulda, sobib kasvatamiseks r\u00f5dudel ja vaasides.\" \/>\n<meta name=\"robots\" content=\"index, follow, max-snippet:-1, max-image-preview:large, max-video-preview:-1\" \/>\n<link rel=\"canonical\" href=\"https:\/\/horticom.ee\/e-pood\/toode\/aedlobeelia-white-cascade-valge-lobelia-erinus-l-b\/\" \/>\n<meta property=\"og:locale\" content=\"et_EE\" \/>\n<meta property=\"og:type\" content=\"article\" \/>\n<meta property=\"og:title\" content=\"Aedlobeelia Lobelia White Cascade annual White\" \/>\n<meta property=\"og:description\" content=\"Aedlobeelia White Cascade on 10 cm k\u00f5rgune taim, s\u00e4ravate v\u00e4ikeste \u00f5itega. Eelistab niiskemat mulda, sobib kasvatamiseks r\u00f5dudel ja vaasides.\" \/>\n<meta property=\"og:url\" content=\"https:\/\/horticom.ee\/e-pood\/toode\/aedlobeelia-white-cascade-valge-lobelia-erinus-l-b\/\" \/>\n<meta property=\"og:site_name\" content=\"Horticom.ee\" \/>\n<meta property=\"article:publisher\" content=\"https:\/\/www.facebook.com\/horticom.ee\/e-pood\" \/>\n<meta property=\"article:modified_time\" content=\"2026-05-02T00:06:04+00:00\" \/>\n<meta property=\"og:image\" content=\"https:\/\/horticom.ee\/e-pood\/wp-content\/uploads\/importedmedia\/product-153216_0-L3709.jpg\" \/>\n\t<meta property=\"og:image:width\" content=\"1000\" \/>\n\t<meta property=\"og:image:height\" content=\"1745\" \/>\n\t<meta property=\"og:image:type\" content=\"image\/jpeg\" \/>\n<meta name=\"twitter:card\" content=\"summary_large_image\" \/>\n<script type=\"application\/ld+json\" class=\"yoast-schema-graph\">{\"@context\":\"https:\/\/schema.org\",\"@graph\":[{\"@type\":\"WebPage\",\"@id\":\"https:\/\/horticom.ee\/e-pood\/toode\/aedlobeelia-white-cascade-valge-lobelia-erinus-l-b\/\",\"url\":\"https:\/\/horticom.ee\/e-pood\/toode\/aedlobeelia-white-cascade-valge-lobelia-erinus-l-b\/\",\"name\":\"Aedlobeelia Lobelia White Cascade annual White\",\"isPartOf\":{\"@id\":\"https:\/\/horticom.ee\/e-pood\/#website\"},\"primaryImageOfPage\":{\"@id\":\"https:\/\/horticom.ee\/e-pood\/toode\/aedlobeelia-white-cascade-valge-lobelia-erinus-l-b\/#primaryimage\"},\"image\":{\"@id\":\"https:\/\/horticom.ee\/e-pood\/toode\/aedlobeelia-white-cascade-valge-lobelia-erinus-l-b\/#primaryimage\"},\"thumbnailUrl\":\"https:\/\/horticom.ee\/e-pood\/wp-content\/uploads\/importedmedia\/product-153216_0-L3709.jpg\",\"datePublished\":\"2022-01-17T14:03:50+00:00\",\"dateModified\":\"2026-05-02T00:06:04+00:00\",\"description\":\"Aedlobeelia White Cascade on 10 cm k\u00f5rgune taim, s\u00e4ravate v\u00e4ikeste \u00f5itega. Eelistab niiskemat mulda, sobib kasvatamiseks r\u00f5dudel ja vaasides.\",\"breadcrumb\":{\"@id\":\"https:\/\/horticom.ee\/e-pood\/toode\/aedlobeelia-white-cascade-valge-lobelia-erinus-l-b\/#breadcrumb\"},\"inLanguage\":\"et\",\"potentialAction\":[{\"@type\":\"ReadAction\",\"target\":[\"https:\/\/horticom.ee\/e-pood\/toode\/aedlobeelia-white-cascade-valge-lobelia-erinus-l-b\/\"]}]},{\"@type\":\"ImageObject\",\"inLanguage\":\"et\",\"@id\":\"https:\/\/horticom.ee\/e-pood\/toode\/aedlobeelia-white-cascade-valge-lobelia-erinus-l-b\/#primaryimage\",\"url\":\"https:\/\/horticom.ee\/e-pood\/wp-content\/uploads\/importedmedia\/product-153216_0-L3709.jpg\",\"contentUrl\":\"https:\/\/horticom.ee\/e-pood\/wp-content\/uploads\/importedmedia\/product-153216_0-L3709.jpg\",\"width\":1000,\"height\":1745,\"caption\":\"Aedlobeelia Lobelia White Cascade annual White- Lobelia erinus L.\"},{\"@type\":\"BreadcrumbList\",\"@id\":\"https:\/\/horticom.ee\/e-pood\/toode\/aedlobeelia-white-cascade-valge-lobelia-erinus-l-b\/#breadcrumb\",\"itemListElement\":[{\"@type\":\"ListItem\",\"position\":1,\"name\":\"Home\",\"item\":\"https:\/\/horticom.ee\/e-pood\/\"},{\"@type\":\"ListItem\",\"position\":2,\"name\":\"Pood\",\"item\":\"https:\/\/horticom.ee\/e-pood\/pood\/\"},{\"@type\":\"ListItem\",\"position\":3,\"name\":\"Aedlobeelia Lobelia White Cascade annual White- Lobelia erinus L.\"}]},{\"@type\":\"WebSite\",\"@id\":\"https:\/\/horticom.ee\/e-pood\/#website\",\"url\":\"https:\/\/horticom.ee\/e-pood\/\",\"name\":\"Horticom.ee\",\"description\":\"Aianduskaubad ja kodukaubad nii harrastajatele kui professionaalidele\",\"potentialAction\":[{\"@type\":\"SearchAction\",\"target\":{\"@type\":\"EntryPoint\",\"urlTemplate\":\"https:\/\/horticom.ee\/e-pood\/?s={search_term_string}\"},\"query-input\":{\"@type\":\"PropertyValueSpecification\",\"valueRequired\":true,\"valueName\":\"search_term_string\"}}],\"inLanguage\":\"et\"}]}<\/script>\n<!-- \/ Yoast SEO plugin. -->","yoast_head_json":{"title":"Aedlobeelia Lobelia White Cascade annual White","description":"Aedlobeelia White Cascade on 10 cm k\u00f5rgune taim, s\u00e4ravate v\u00e4ikeste \u00f5itega. Eelistab niiskemat mulda, sobib kasvatamiseks r\u00f5dudel ja vaasides.","robots":{"index":"index","follow":"follow","max-snippet":"max-snippet:-1","max-image-preview":"max-image-preview:large","max-video-preview":"max-video-preview:-1"},"canonical":"https:\/\/horticom.ee\/e-pood\/toode\/aedlobeelia-white-cascade-valge-lobelia-erinus-l-b\/","og_locale":"et_EE","og_type":"article","og_title":"Aedlobeelia Lobelia White Cascade annual White","og_description":"Aedlobeelia White Cascade on 10 cm k\u00f5rgune taim, s\u00e4ravate v\u00e4ikeste \u00f5itega. Eelistab niiskemat mulda, sobib kasvatamiseks r\u00f5dudel ja vaasides.","og_url":"https:\/\/horticom.ee\/e-pood\/toode\/aedlobeelia-white-cascade-valge-lobelia-erinus-l-b\/","og_site_name":"Horticom.ee","article_publisher":"https:\/\/www.facebook.com\/horticom.ee\/e-pood","article_modified_time":"2026-05-02T00:06:04+00:00","og_image":[{"width":1000,"height":1745,"url":"https:\/\/horticom.ee\/e-pood\/wp-content\/uploads\/importedmedia\/product-153216_0-L3709.jpg","type":"image\/jpeg"}],"twitter_card":"summary_large_image","schema":{"@context":"https:\/\/schema.org","@graph":[{"@type":"WebPage","@id":"https:\/\/horticom.ee\/e-pood\/toode\/aedlobeelia-white-cascade-valge-lobelia-erinus-l-b\/","url":"https:\/\/horticom.ee\/e-pood\/toode\/aedlobeelia-white-cascade-valge-lobelia-erinus-l-b\/","name":"Aedlobeelia Lobelia White Cascade annual White","isPartOf":{"@id":"https:\/\/horticom.ee\/e-pood\/#website"},"primaryImageOfPage":{"@id":"https:\/\/horticom.ee\/e-pood\/toode\/aedlobeelia-white-cascade-valge-lobelia-erinus-l-b\/#primaryimage"},"image":{"@id":"https:\/\/horticom.ee\/e-pood\/toode\/aedlobeelia-white-cascade-valge-lobelia-erinus-l-b\/#primaryimage"},"thumbnailUrl":"https:\/\/horticom.ee\/e-pood\/wp-content\/uploads\/importedmedia\/product-153216_0-L3709.jpg","datePublished":"2022-01-17T14:03:50+00:00","dateModified":"2026-05-02T00:06:04+00:00","description":"Aedlobeelia White Cascade on 10 cm k\u00f5rgune taim, s\u00e4ravate v\u00e4ikeste \u00f5itega. Eelistab niiskemat mulda, sobib kasvatamiseks r\u00f5dudel ja vaasides.","breadcrumb":{"@id":"https:\/\/horticom.ee\/e-pood\/toode\/aedlobeelia-white-cascade-valge-lobelia-erinus-l-b\/#breadcrumb"},"inLanguage":"et","potentialAction":[{"@type":"ReadAction","target":["https:\/\/horticom.ee\/e-pood\/toode\/aedlobeelia-white-cascade-valge-lobelia-erinus-l-b\/"]}]},{"@type":"ImageObject","inLanguage":"et","@id":"https:\/\/horticom.ee\/e-pood\/toode\/aedlobeelia-white-cascade-valge-lobelia-erinus-l-b\/#primaryimage","url":"https:\/\/horticom.ee\/e-pood\/wp-content\/uploads\/importedmedia\/product-153216_0-L3709.jpg","contentUrl":"https:\/\/horticom.ee\/e-pood\/wp-content\/uploads\/importedmedia\/product-153216_0-L3709.jpg","width":1000,"height":1745,"caption":"Aedlobeelia Lobelia White Cascade annual White- Lobelia erinus L."},{"@type":"BreadcrumbList","@id":"https:\/\/horticom.ee\/e-pood\/toode\/aedlobeelia-white-cascade-valge-lobelia-erinus-l-b\/#breadcrumb","itemListElement":[{"@type":"ListItem","position":1,"name":"Home","item":"https:\/\/horticom.ee\/e-pood\/"},{"@type":"ListItem","position":2,"name":"Pood","item":"https:\/\/horticom.ee\/e-pood\/pood\/"},{"@type":"ListItem","position":3,"name":"Aedlobeelia Lobelia White Cascade annual White- Lobelia erinus L."}]},{"@type":"WebSite","@id":"https:\/\/horticom.ee\/e-pood\/#website","url":"https:\/\/horticom.ee\/e-pood\/","name":"Horticom.ee","description":"Aianduskaubad ja kodukaubad nii harrastajatele kui professionaalidele","potentialAction":[{"@type":"SearchAction","target":{"@type":"EntryPoint","urlTemplate":"https:\/\/horticom.ee\/e-pood\/?s={search_term_string}"},"query-input":{"@type":"PropertyValueSpecification","valueRequired":true,"valueName":"search_term_string"}}],"inLanguage":"et"}]}},"_links":{"self":[{"href":"https:\/\/horticom.ee\/e-pood\/wp-json\/wp\/v2\/product\/153216","targetHints":{"allow":["GET"]}}],"collection":[{"href":"https:\/\/horticom.ee\/e-pood\/wp-json\/wp\/v2\/product"}],"about":[{"href":"https:\/\/horticom.ee\/e-pood\/wp-json\/wp\/v2\/types\/product"}],"replies":[{"embeddable":true,"href":"https:\/\/horticom.ee\/e-pood\/wp-json\/wp\/v2\/comments?post=153216"}],"wp:featuredmedia":[{"embeddable":true,"href":"https:\/\/horticom.ee\/e-pood\/wp-json\/wp\/v2\/media\/171380"}],"wp:attachment":[{"href":"https:\/\/horticom.ee\/e-pood\/wp-json\/wp\/v2\/media?parent=153216"}],"wp:term":[{"taxonomy":"product_cat","embeddable":true,"href":"https:\/\/horticom.ee\/e-pood\/wp-json\/wp\/v2\/product_cat?post=153216"},{"taxonomy":"product_tag","embeddable":true,"href":"https:\/\/horticom.ee\/e-pood\/wp-json\/wp\/v2\/product_tag?post=153216"}],"curies":[{"name":"wp","href":"https:\/\/api.w.org\/{rel}","templated":true}]}}