{"id":153234,"date":"2022-01-17T16:04:02","date_gmt":"2022-01-17T14:04:02","guid":{"rendered":"https:\/\/aednik24.ee\/toode\/salat-lollo-bionda-lactuca-sativa-l-b\/"},"modified":"2026-04-06T03:10:34","modified_gmt":"2026-04-06T00:10:34","slug":"salat-lollo-bionda-lactuca-sativa-l-b","status":"publish","type":"product","link":"https:\/\/horticom.ee\/e-pood\/toode\/salat-lollo-bionda-lactuca-sativa-l-b\/","title":{"rendered":"Salat Lollo Bionda &#8211; Lactuca sativa L."},"content":{"rendered":"<p>Salat Lollo Bionda on keskmiselt varajane, haigustele vastupidav, viljakas lehtsalati sort. Kasvab suureks 50\u201363 p\u00e4eva jooksul, nopitakse v\u00e4ljakasvanud lehti. Kasvatatakse kasvuhoones ja avamaal. K\u00f5ige paremini kasvab muredas, viljakas pinnases. Salat on k\u00fclmale vastupidav. V\u00f5ib k\u00fclvata v\u00e4lja siis, kui hakkavad \u00f5itsema paiselehed. 1g umbes 800\u20131200 seemet.<\/p>\n","protected":false},"excerpt":{"rendered":"<p>Salat Lollo Bionda on keskmiselt varajane, haigustele vastupidav, viljakas lehtsalati sort. Kasvab suureks 50\u201363 p\u00e4eva jooksul, nopitakse v\u00e4ljakasvanud lehti. Kasvatatakse kasvuhoones ja avamaal. K\u00f5ige paremini kasvab muredas, viljakas pinnases. Salat on k\u00fclmale vastupidav. V\u00f5ib k\u00fclvata v\u00e4lja siis, kui hakkavad \u00f5itsema paiselehed. 1g umbes 800\u20131200 seemet.<\/p>\n","protected":false},"featured_media":171346,"comment_status":"closed","ping_status":"closed","template":"","meta":{"_themeisle_gutenberg_block_has_review":false},"product_cat":[13484],"product_tag":[],"class_list":{"0":"post-153234","1":"product","2":"type-product","3":"status-publish","4":"has-post-thumbnail","6":"product_cat-salat-spinat-ruccola","8":"first","9":"instock","10":"shipping-taxable","11":"purchasable","12":"product-type-simple"},"yoast_head":"<!-- This site is optimized with the Yoast SEO plugin v24.0 - https:\/\/yoast.com\/wordpress\/plugins\/seo\/ -->\n<title>Salat Lollo Bionda - Lactuca sativa L. - Horticom.ee<\/title>\n<meta name=\"description\" content=\"Salat Lollo Bionda on keskmiselt varajane lehtsalat, viljakas. Lehed helerohelised, kr\u00f5mpsuvad ja maitsvad. Sobib h\u00e4sti v\u00e4rskelt tarbimiseks.\" \/>\n<meta name=\"robots\" content=\"index, follow, max-snippet:-1, max-image-preview:large, max-video-preview:-1\" \/>\n<link rel=\"canonical\" href=\"https:\/\/horticom.ee\/e-pood\/toode\/salat-lollo-bionda-lactuca-sativa-l-b\/\" \/>\n<meta property=\"og:locale\" content=\"et_EE\" \/>\n<meta property=\"og:type\" content=\"article\" \/>\n<meta property=\"og:title\" content=\"Salat Lollo Bionda - Lactuca sativa L. - Horticom.ee\" \/>\n<meta property=\"og:description\" content=\"Salat Lollo Bionda on keskmiselt varajane lehtsalat, viljakas. Lehed helerohelised, kr\u00f5mpsuvad ja maitsvad. Sobib h\u00e4sti v\u00e4rskelt tarbimiseks.\" \/>\n<meta property=\"og:url\" content=\"https:\/\/horticom.ee\/e-pood\/toode\/salat-lollo-bionda-lactuca-sativa-l-b\/\" \/>\n<meta property=\"og:site_name\" content=\"Horticom.ee\" \/>\n<meta property=\"article:publisher\" content=\"https:\/\/www.facebook.com\/horticom.ee\/e-pood\" \/>\n<meta property=\"article:modified_time\" content=\"2026-04-06T00:10:34+00:00\" \/>\n<meta property=\"og:image\" content=\"https:\/\/horticom.ee\/e-pood\/wp-content\/uploads\/importedmedia\/product-153234_0-L4104-639x1024.jpg\" \/>\n\t<meta property=\"og:image:width\" content=\"639\" \/>\n\t<meta property=\"og:image:height\" content=\"1024\" \/>\n\t<meta property=\"og:image:type\" content=\"image\/jpeg\" \/>\n<meta name=\"twitter:card\" content=\"summary_large_image\" \/>\n<script type=\"application\/ld+json\" class=\"yoast-schema-graph\">{\"@context\":\"https:\/\/schema.org\",\"@graph\":[{\"@type\":\"WebPage\",\"@id\":\"https:\/\/horticom.ee\/e-pood\/toode\/salat-lollo-bionda-lactuca-sativa-l-b\/\",\"url\":\"https:\/\/horticom.ee\/e-pood\/toode\/salat-lollo-bionda-lactuca-sativa-l-b\/\",\"name\":\"Salat Lollo Bionda - Lactuca sativa L. - Horticom.ee\",\"isPartOf\":{\"@id\":\"https:\/\/horticom.ee\/e-pood\/#website\"},\"primaryImageOfPage\":{\"@id\":\"https:\/\/horticom.ee\/e-pood\/toode\/salat-lollo-bionda-lactuca-sativa-l-b\/#primaryimage\"},\"image\":{\"@id\":\"https:\/\/horticom.ee\/e-pood\/toode\/salat-lollo-bionda-lactuca-sativa-l-b\/#primaryimage\"},\"thumbnailUrl\":\"https:\/\/horticom.ee\/e-pood\/wp-content\/uploads\/importedmedia\/product-153234_0-L4104.jpg\",\"datePublished\":\"2022-01-17T14:04:02+00:00\",\"dateModified\":\"2026-04-06T00:10:34+00:00\",\"description\":\"Salat Lollo Bionda on keskmiselt varajane lehtsalat, viljakas. Lehed helerohelised, kr\u00f5mpsuvad ja maitsvad. Sobib h\u00e4sti v\u00e4rskelt tarbimiseks.\",\"breadcrumb\":{\"@id\":\"https:\/\/horticom.ee\/e-pood\/toode\/salat-lollo-bionda-lactuca-sativa-l-b\/#breadcrumb\"},\"inLanguage\":\"et\",\"potentialAction\":[{\"@type\":\"ReadAction\",\"target\":[\"https:\/\/horticom.ee\/e-pood\/toode\/salat-lollo-bionda-lactuca-sativa-l-b\/\"]}]},{\"@type\":\"ImageObject\",\"inLanguage\":\"et\",\"@id\":\"https:\/\/horticom.ee\/e-pood\/toode\/salat-lollo-bionda-lactuca-sativa-l-b\/#primaryimage\",\"url\":\"https:\/\/horticom.ee\/e-pood\/wp-content\/uploads\/importedmedia\/product-153234_0-L4104.jpg\",\"contentUrl\":\"https:\/\/horticom.ee\/e-pood\/wp-content\/uploads\/importedmedia\/product-153234_0-L4104.jpg\",\"width\":1000,\"height\":1603,\"caption\":\"Salat Lollo Bionda - Lactuca sativa L.\"},{\"@type\":\"BreadcrumbList\",\"@id\":\"https:\/\/horticom.ee\/e-pood\/toode\/salat-lollo-bionda-lactuca-sativa-l-b\/#breadcrumb\",\"itemListElement\":[{\"@type\":\"ListItem\",\"position\":1,\"name\":\"Home\",\"item\":\"https:\/\/horticom.ee\/e-pood\/\"},{\"@type\":\"ListItem\",\"position\":2,\"name\":\"Pood\",\"item\":\"https:\/\/horticom.ee\/e-pood\/pood\/\"},{\"@type\":\"ListItem\",\"position\":3,\"name\":\"Salat Lollo Bionda &#8211; Lactuca sativa L.\"}]},{\"@type\":\"WebSite\",\"@id\":\"https:\/\/horticom.ee\/e-pood\/#website\",\"url\":\"https:\/\/horticom.ee\/e-pood\/\",\"name\":\"Horticom.ee\",\"description\":\"Aianduskaubad ja kodukaubad nii harrastajatele kui professionaalidele\",\"potentialAction\":[{\"@type\":\"SearchAction\",\"target\":{\"@type\":\"EntryPoint\",\"urlTemplate\":\"https:\/\/horticom.ee\/e-pood\/?s={search_term_string}\"},\"query-input\":{\"@type\":\"PropertyValueSpecification\",\"valueRequired\":true,\"valueName\":\"search_term_string\"}}],\"inLanguage\":\"et\"}]}<\/script>\n<!-- \/ Yoast SEO plugin. -->","yoast_head_json":{"title":"Salat Lollo Bionda - Lactuca sativa L. - Horticom.ee","description":"Salat Lollo Bionda on keskmiselt varajane lehtsalat, viljakas. Lehed helerohelised, kr\u00f5mpsuvad ja maitsvad. Sobib h\u00e4sti v\u00e4rskelt tarbimiseks.","robots":{"index":"index","follow":"follow","max-snippet":"max-snippet:-1","max-image-preview":"max-image-preview:large","max-video-preview":"max-video-preview:-1"},"canonical":"https:\/\/horticom.ee\/e-pood\/toode\/salat-lollo-bionda-lactuca-sativa-l-b\/","og_locale":"et_EE","og_type":"article","og_title":"Salat Lollo Bionda - Lactuca sativa L. - Horticom.ee","og_description":"Salat Lollo Bionda on keskmiselt varajane lehtsalat, viljakas. Lehed helerohelised, kr\u00f5mpsuvad ja maitsvad. Sobib h\u00e4sti v\u00e4rskelt tarbimiseks.","og_url":"https:\/\/horticom.ee\/e-pood\/toode\/salat-lollo-bionda-lactuca-sativa-l-b\/","og_site_name":"Horticom.ee","article_publisher":"https:\/\/www.facebook.com\/horticom.ee\/e-pood","article_modified_time":"2026-04-06T00:10:34+00:00","og_image":[{"width":639,"height":1024,"url":"https:\/\/horticom.ee\/e-pood\/wp-content\/uploads\/importedmedia\/product-153234_0-L4104-639x1024.jpg","type":"image\/jpeg"}],"twitter_card":"summary_large_image","schema":{"@context":"https:\/\/schema.org","@graph":[{"@type":"WebPage","@id":"https:\/\/horticom.ee\/e-pood\/toode\/salat-lollo-bionda-lactuca-sativa-l-b\/","url":"https:\/\/horticom.ee\/e-pood\/toode\/salat-lollo-bionda-lactuca-sativa-l-b\/","name":"Salat Lollo Bionda - Lactuca sativa L. - Horticom.ee","isPartOf":{"@id":"https:\/\/horticom.ee\/e-pood\/#website"},"primaryImageOfPage":{"@id":"https:\/\/horticom.ee\/e-pood\/toode\/salat-lollo-bionda-lactuca-sativa-l-b\/#primaryimage"},"image":{"@id":"https:\/\/horticom.ee\/e-pood\/toode\/salat-lollo-bionda-lactuca-sativa-l-b\/#primaryimage"},"thumbnailUrl":"https:\/\/horticom.ee\/e-pood\/wp-content\/uploads\/importedmedia\/product-153234_0-L4104.jpg","datePublished":"2022-01-17T14:04:02+00:00","dateModified":"2026-04-06T00:10:34+00:00","description":"Salat Lollo Bionda on keskmiselt varajane lehtsalat, viljakas. Lehed helerohelised, kr\u00f5mpsuvad ja maitsvad. Sobib h\u00e4sti v\u00e4rskelt tarbimiseks.","breadcrumb":{"@id":"https:\/\/horticom.ee\/e-pood\/toode\/salat-lollo-bionda-lactuca-sativa-l-b\/#breadcrumb"},"inLanguage":"et","potentialAction":[{"@type":"ReadAction","target":["https:\/\/horticom.ee\/e-pood\/toode\/salat-lollo-bionda-lactuca-sativa-l-b\/"]}]},{"@type":"ImageObject","inLanguage":"et","@id":"https:\/\/horticom.ee\/e-pood\/toode\/salat-lollo-bionda-lactuca-sativa-l-b\/#primaryimage","url":"https:\/\/horticom.ee\/e-pood\/wp-content\/uploads\/importedmedia\/product-153234_0-L4104.jpg","contentUrl":"https:\/\/horticom.ee\/e-pood\/wp-content\/uploads\/importedmedia\/product-153234_0-L4104.jpg","width":1000,"height":1603,"caption":"Salat Lollo Bionda - Lactuca sativa L."},{"@type":"BreadcrumbList","@id":"https:\/\/horticom.ee\/e-pood\/toode\/salat-lollo-bionda-lactuca-sativa-l-b\/#breadcrumb","itemListElement":[{"@type":"ListItem","position":1,"name":"Home","item":"https:\/\/horticom.ee\/e-pood\/"},{"@type":"ListItem","position":2,"name":"Pood","item":"https:\/\/horticom.ee\/e-pood\/pood\/"},{"@type":"ListItem","position":3,"name":"Salat Lollo Bionda &#8211; Lactuca sativa L."}]},{"@type":"WebSite","@id":"https:\/\/horticom.ee\/e-pood\/#website","url":"https:\/\/horticom.ee\/e-pood\/","name":"Horticom.ee","description":"Aianduskaubad ja kodukaubad nii harrastajatele kui professionaalidele","potentialAction":[{"@type":"SearchAction","target":{"@type":"EntryPoint","urlTemplate":"https:\/\/horticom.ee\/e-pood\/?s={search_term_string}"},"query-input":{"@type":"PropertyValueSpecification","valueRequired":true,"valueName":"search_term_string"}}],"inLanguage":"et"}]}},"_links":{"self":[{"href":"https:\/\/horticom.ee\/e-pood\/wp-json\/wp\/v2\/product\/153234","targetHints":{"allow":["GET"]}}],"collection":[{"href":"https:\/\/horticom.ee\/e-pood\/wp-json\/wp\/v2\/product"}],"about":[{"href":"https:\/\/horticom.ee\/e-pood\/wp-json\/wp\/v2\/types\/product"}],"replies":[{"embeddable":true,"href":"https:\/\/horticom.ee\/e-pood\/wp-json\/wp\/v2\/comments?post=153234"}],"wp:featuredmedia":[{"embeddable":true,"href":"https:\/\/horticom.ee\/e-pood\/wp-json\/wp\/v2\/media\/171346"}],"wp:attachment":[{"href":"https:\/\/horticom.ee\/e-pood\/wp-json\/wp\/v2\/media?parent=153234"}],"wp:term":[{"taxonomy":"product_cat","embeddable":true,"href":"https:\/\/horticom.ee\/e-pood\/wp-json\/wp\/v2\/product_cat?post=153234"},{"taxonomy":"product_tag","embeddable":true,"href":"https:\/\/horticom.ee\/e-pood\/wp-json\/wp\/v2\/product_tag?post=153234"}],"curies":[{"name":"wp","href":"https:\/\/api.w.org\/{rel}","templated":true}]}}