{"id":153283,"date":"2022-01-17T16:04:36","date_gmt":"2022-01-17T14:04:36","guid":{"rendered":"https:\/\/aednik24.ee\/toode\/till-tetra-anethum-graveolens-l\/"},"modified":"2026-05-04T16:01:25","modified_gmt":"2026-05-04T13:01:25","slug":"till-tetra-anethum-graveolens-l","status":"publish","type":"product","link":"https:\/\/horticom.ee\/e-pood\/toode\/till-tetra-anethum-graveolens-l\/","title":{"rendered":"Till Tetra"},"content":{"rendered":"<p>Till Tetra on keskmiselt varajane viljakas sort rohelise massi jaoks. \u00d5isikud kujunevad v\u00e4lja hilja. Taim on madalat kasvu. On kerge kasvatada, mitten\u00f5udlik. Kannatab poolvilu. Selleks, et tilli oleks terve suvi, k\u00fclvatakse seda korduvalt.<\/p>\n","protected":false},"excerpt":{"rendered":"<p>Till Tetra on keskmiselt varajane viljakas sort rohelise massi jaoks. \u00d5isikud kujunevad v\u00e4lja hilja. Taim on madalat kasvu. On kerge kasvatada, mitten\u00f5udlik. Kannatab poolvilu. Selleks, et tilli oleks terve suvi, k\u00fclvatakse seda korduvalt.<\/p>\n","protected":false},"featured_media":170454,"comment_status":"closed","ping_status":"closed","template":"","meta":{"_themeisle_gutenberg_block_has_review":false},"product_cat":[13490],"product_tag":[],"class_list":{"0":"post-153283","1":"product","2":"type-product","3":"status-publish","4":"has-post-thumbnail","6":"product_cat-maitsetaimede-seemned","8":"first","9":"instock","10":"shipping-taxable","11":"purchasable","12":"product-type-simple"},"yoast_head":"<!-- This site is optimized with the Yoast SEO plugin v24.0 - https:\/\/yoast.com\/wordpress\/plugins\/seo\/ -->\n<title>Till Tetra - Horticom.ee\/e-pood<\/title>\n<meta name=\"description\" content=\"Till Tetra \u2013 keskmiselt varajane, viljakas tilli sort. Sobib rohelise massi saamiseks. Kasvab h\u00e4sti ka poolvarjus.\" \/>\n<meta name=\"robots\" content=\"index, follow, max-snippet:-1, max-image-preview:large, max-video-preview:-1\" \/>\n<link rel=\"canonical\" href=\"https:\/\/horticom.ee\/e-pood\/toode\/till-tetra-anethum-graveolens-l\/\" \/>\n<meta property=\"og:locale\" content=\"et_EE\" \/>\n<meta property=\"og:type\" content=\"article\" \/>\n<meta property=\"og:title\" content=\"Till Tetra - Horticom.ee\/e-pood\" \/>\n<meta property=\"og:description\" content=\"Till Tetra \u2013 keskmiselt varajane, viljakas tilli sort. Sobib rohelise massi saamiseks. Kasvab h\u00e4sti ka poolvarjus.\" \/>\n<meta property=\"og:url\" content=\"https:\/\/horticom.ee\/e-pood\/toode\/till-tetra-anethum-graveolens-l\/\" \/>\n<meta property=\"og:site_name\" content=\"Horticom.ee\" \/>\n<meta property=\"article:publisher\" content=\"https:\/\/www.facebook.com\/horticom.ee\/e-pood\" \/>\n<meta property=\"article:modified_time\" content=\"2026-05-04T13:01:25+00:00\" \/>\n<meta property=\"og:image\" content=\"https:\/\/horticom.ee\/e-pood\/wp-content\/uploads\/importedmedia\/product-153283_0-PL0463-585x1024.jpg\" \/>\n\t<meta property=\"og:image:width\" content=\"585\" \/>\n\t<meta property=\"og:image:height\" content=\"1024\" \/>\n\t<meta property=\"og:image:type\" content=\"image\/jpeg\" \/>\n<meta name=\"twitter:card\" content=\"summary_large_image\" \/>\n<script type=\"application\/ld+json\" class=\"yoast-schema-graph\">{\"@context\":\"https:\/\/schema.org\",\"@graph\":[{\"@type\":\"WebPage\",\"@id\":\"https:\/\/horticom.ee\/e-pood\/toode\/till-tetra-anethum-graveolens-l\/\",\"url\":\"https:\/\/horticom.ee\/e-pood\/toode\/till-tetra-anethum-graveolens-l\/\",\"name\":\"Till Tetra - Horticom.ee\/e-pood\",\"isPartOf\":{\"@id\":\"https:\/\/horticom.ee\/e-pood\/#website\"},\"primaryImageOfPage\":{\"@id\":\"https:\/\/horticom.ee\/e-pood\/toode\/till-tetra-anethum-graveolens-l\/#primaryimage\"},\"image\":{\"@id\":\"https:\/\/horticom.ee\/e-pood\/toode\/till-tetra-anethum-graveolens-l\/#primaryimage\"},\"thumbnailUrl\":\"https:\/\/horticom.ee\/e-pood\/wp-content\/uploads\/importedmedia\/product-153283_0-PL0463.jpg\",\"datePublished\":\"2022-01-17T14:04:36+00:00\",\"dateModified\":\"2026-05-04T13:01:25+00:00\",\"description\":\"Till Tetra \u2013 keskmiselt varajane, viljakas tilli sort. Sobib rohelise massi saamiseks. Kasvab h\u00e4sti ka poolvarjus.\",\"breadcrumb\":{\"@id\":\"https:\/\/horticom.ee\/e-pood\/toode\/till-tetra-anethum-graveolens-l\/#breadcrumb\"},\"inLanguage\":\"et\",\"potentialAction\":[{\"@type\":\"ReadAction\",\"target\":[\"https:\/\/horticom.ee\/e-pood\/toode\/till-tetra-anethum-graveolens-l\/\"]}]},{\"@type\":\"ImageObject\",\"inLanguage\":\"et\",\"@id\":\"https:\/\/horticom.ee\/e-pood\/toode\/till-tetra-anethum-graveolens-l\/#primaryimage\",\"url\":\"https:\/\/horticom.ee\/e-pood\/wp-content\/uploads\/importedmedia\/product-153283_0-PL0463.jpg\",\"contentUrl\":\"https:\/\/horticom.ee\/e-pood\/wp-content\/uploads\/importedmedia\/product-153283_0-PL0463.jpg\",\"width\":1000,\"height\":1750,\"caption\":\"Till Tetra\"},{\"@type\":\"BreadcrumbList\",\"@id\":\"https:\/\/horticom.ee\/e-pood\/toode\/till-tetra-anethum-graveolens-l\/#breadcrumb\",\"itemListElement\":[{\"@type\":\"ListItem\",\"position\":1,\"name\":\"Home\",\"item\":\"https:\/\/horticom.ee\/e-pood\/\"},{\"@type\":\"ListItem\",\"position\":2,\"name\":\"Pood\",\"item\":\"https:\/\/horticom.ee\/e-pood\/pood\/\"},{\"@type\":\"ListItem\",\"position\":3,\"name\":\"Till Tetra\"}]},{\"@type\":\"WebSite\",\"@id\":\"https:\/\/horticom.ee\/e-pood\/#website\",\"url\":\"https:\/\/horticom.ee\/e-pood\/\",\"name\":\"Horticom.ee\",\"description\":\"Aianduskaubad ja kodukaubad nii harrastajatele kui professionaalidele\",\"potentialAction\":[{\"@type\":\"SearchAction\",\"target\":{\"@type\":\"EntryPoint\",\"urlTemplate\":\"https:\/\/horticom.ee\/e-pood\/?s={search_term_string}\"},\"query-input\":{\"@type\":\"PropertyValueSpecification\",\"valueRequired\":true,\"valueName\":\"search_term_string\"}}],\"inLanguage\":\"et\"}]}<\/script>\n<!-- \/ Yoast SEO plugin. -->","yoast_head_json":{"title":"Till Tetra - Horticom.ee\/e-pood","description":"Till Tetra \u2013 keskmiselt varajane, viljakas tilli sort. Sobib rohelise massi saamiseks. Kasvab h\u00e4sti ka poolvarjus.","robots":{"index":"index","follow":"follow","max-snippet":"max-snippet:-1","max-image-preview":"max-image-preview:large","max-video-preview":"max-video-preview:-1"},"canonical":"https:\/\/horticom.ee\/e-pood\/toode\/till-tetra-anethum-graveolens-l\/","og_locale":"et_EE","og_type":"article","og_title":"Till Tetra - Horticom.ee\/e-pood","og_description":"Till Tetra \u2013 keskmiselt varajane, viljakas tilli sort. Sobib rohelise massi saamiseks. Kasvab h\u00e4sti ka poolvarjus.","og_url":"https:\/\/horticom.ee\/e-pood\/toode\/till-tetra-anethum-graveolens-l\/","og_site_name":"Horticom.ee","article_publisher":"https:\/\/www.facebook.com\/horticom.ee\/e-pood","article_modified_time":"2026-05-04T13:01:25+00:00","og_image":[{"width":585,"height":1024,"url":"https:\/\/horticom.ee\/e-pood\/wp-content\/uploads\/importedmedia\/product-153283_0-PL0463-585x1024.jpg","type":"image\/jpeg"}],"twitter_card":"summary_large_image","schema":{"@context":"https:\/\/schema.org","@graph":[{"@type":"WebPage","@id":"https:\/\/horticom.ee\/e-pood\/toode\/till-tetra-anethum-graveolens-l\/","url":"https:\/\/horticom.ee\/e-pood\/toode\/till-tetra-anethum-graveolens-l\/","name":"Till Tetra - Horticom.ee\/e-pood","isPartOf":{"@id":"https:\/\/horticom.ee\/e-pood\/#website"},"primaryImageOfPage":{"@id":"https:\/\/horticom.ee\/e-pood\/toode\/till-tetra-anethum-graveolens-l\/#primaryimage"},"image":{"@id":"https:\/\/horticom.ee\/e-pood\/toode\/till-tetra-anethum-graveolens-l\/#primaryimage"},"thumbnailUrl":"https:\/\/horticom.ee\/e-pood\/wp-content\/uploads\/importedmedia\/product-153283_0-PL0463.jpg","datePublished":"2022-01-17T14:04:36+00:00","dateModified":"2026-05-04T13:01:25+00:00","description":"Till Tetra \u2013 keskmiselt varajane, viljakas tilli sort. Sobib rohelise massi saamiseks. Kasvab h\u00e4sti ka poolvarjus.","breadcrumb":{"@id":"https:\/\/horticom.ee\/e-pood\/toode\/till-tetra-anethum-graveolens-l\/#breadcrumb"},"inLanguage":"et","potentialAction":[{"@type":"ReadAction","target":["https:\/\/horticom.ee\/e-pood\/toode\/till-tetra-anethum-graveolens-l\/"]}]},{"@type":"ImageObject","inLanguage":"et","@id":"https:\/\/horticom.ee\/e-pood\/toode\/till-tetra-anethum-graveolens-l\/#primaryimage","url":"https:\/\/horticom.ee\/e-pood\/wp-content\/uploads\/importedmedia\/product-153283_0-PL0463.jpg","contentUrl":"https:\/\/horticom.ee\/e-pood\/wp-content\/uploads\/importedmedia\/product-153283_0-PL0463.jpg","width":1000,"height":1750,"caption":"Till Tetra"},{"@type":"BreadcrumbList","@id":"https:\/\/horticom.ee\/e-pood\/toode\/till-tetra-anethum-graveolens-l\/#breadcrumb","itemListElement":[{"@type":"ListItem","position":1,"name":"Home","item":"https:\/\/horticom.ee\/e-pood\/"},{"@type":"ListItem","position":2,"name":"Pood","item":"https:\/\/horticom.ee\/e-pood\/pood\/"},{"@type":"ListItem","position":3,"name":"Till Tetra"}]},{"@type":"WebSite","@id":"https:\/\/horticom.ee\/e-pood\/#website","url":"https:\/\/horticom.ee\/e-pood\/","name":"Horticom.ee","description":"Aianduskaubad ja kodukaubad nii harrastajatele kui professionaalidele","potentialAction":[{"@type":"SearchAction","target":{"@type":"EntryPoint","urlTemplate":"https:\/\/horticom.ee\/e-pood\/?s={search_term_string}"},"query-input":{"@type":"PropertyValueSpecification","valueRequired":true,"valueName":"search_term_string"}}],"inLanguage":"et"}]}},"_links":{"self":[{"href":"https:\/\/horticom.ee\/e-pood\/wp-json\/wp\/v2\/product\/153283","targetHints":{"allow":["GET"]}}],"collection":[{"href":"https:\/\/horticom.ee\/e-pood\/wp-json\/wp\/v2\/product"}],"about":[{"href":"https:\/\/horticom.ee\/e-pood\/wp-json\/wp\/v2\/types\/product"}],"replies":[{"embeddable":true,"href":"https:\/\/horticom.ee\/e-pood\/wp-json\/wp\/v2\/comments?post=153283"}],"wp:featuredmedia":[{"embeddable":true,"href":"https:\/\/horticom.ee\/e-pood\/wp-json\/wp\/v2\/media\/170454"}],"wp:attachment":[{"href":"https:\/\/horticom.ee\/e-pood\/wp-json\/wp\/v2\/media?parent=153283"}],"wp:term":[{"taxonomy":"product_cat","embeddable":true,"href":"https:\/\/horticom.ee\/e-pood\/wp-json\/wp\/v2\/product_cat?post=153283"},{"taxonomy":"product_tag","embeddable":true,"href":"https:\/\/horticom.ee\/e-pood\/wp-json\/wp\/v2\/product_tag?post=153283"}],"curies":[{"name":"wp","href":"https:\/\/api.w.org\/{rel}","templated":true}]}}