{"id":153300,"date":"2022-01-17T16:04:45","date_gmt":"2022-01-17T14:04:45","guid":{"rendered":"https:\/\/aednik24.ee\/toode\/ripplobeelia-hamburgia-mini-lobelia-erinus-l\/"},"modified":"2026-04-23T19:00:59","modified_gmt":"2026-04-23T16:00:59","slug":"ripplobeelia-hamburgia-mini-lobelia-erinus-l","status":"publish","type":"product","link":"https:\/\/horticom.ee\/e-pood\/toode\/ripplobeelia-hamburgia-mini-lobelia-erinus-l\/","title":{"rendered":"Ripplobeelia Hamburgia"},"content":{"rendered":"<p>Ripplobeelia Hamburgia Mini on \u00fcheaastane, 30cm k\u00f5rgune ripplill. 1g umbes 30 000 seemet. \u00d5ied v\u00e4ikesed, erksad. Sobib r\u00f5dukastide, rippvaaside haljastamiseks. Kasvab h\u00e4sti niiskes liivsavimullas. Seemned on v\u00e4ga v\u00e4ikesed, istutamisel mulda peale ei puistata, t\u00e4rkavad 14 \u2013 16 p\u00e4eva p\u00e4rast.<\/p>\n","protected":false},"excerpt":{"rendered":"<p>Ripplobeelia Hamburgia Mini on \u00fcheaastane, 30cm k\u00f5rgune ripplill. 1g umbes 30 000 seemet. \u00d5ied v\u00e4ikesed, erksad. Sobib r\u00f5dukastide, rippvaaside haljastamiseks. Kasvab h\u00e4sti niiskes liivsavimullas. Seemned on v\u00e4ga v\u00e4ikesed, istutamisel mulda peale ei puistata, t\u00e4rkavad 14 \u2013 16 p\u00e4eva p\u00e4rast.<\/p>\n","protected":false},"featured_media":170424,"comment_status":"closed","ping_status":"closed","template":"","meta":{"_themeisle_gutenberg_block_has_review":false},"product_cat":[13518],"product_tag":[],"class_list":{"0":"post-153300","1":"product","2":"type-product","3":"status-publish","4":"has-post-thumbnail","6":"product_cat-lobeelia-bacopa","8":"first","9":"instock","10":"shipping-taxable","11":"purchasable","12":"product-type-simple"},"yoast_head":"<!-- This site is optimized with the Yoast SEO plugin v24.0 - https:\/\/yoast.com\/wordpress\/plugins\/seo\/ -->\n<title>Ripplobeelia Hamburgia - Horticom.ee\/e-pood<\/title>\n<meta name=\"description\" content=\"Ripplobeelia Hamburgia Mini on \u00fcheaastane, 30cm k\u00f5rgune ripplill. \u00d5ied v\u00e4ikesed, erksad. Sobib r\u00f5dukastide, rippvaaside haljastamiseks.\" \/>\n<meta name=\"robots\" content=\"index, follow, max-snippet:-1, max-image-preview:large, max-video-preview:-1\" \/>\n<link rel=\"canonical\" href=\"https:\/\/horticom.ee\/e-pood\/toode\/ripplobeelia-hamburgia-mini-lobelia-erinus-l\/\" \/>\n<meta property=\"og:locale\" content=\"et_EE\" \/>\n<meta property=\"og:type\" content=\"article\" \/>\n<meta property=\"og:title\" content=\"Ripplobeelia Hamburgia - Horticom.ee\/e-pood\" \/>\n<meta property=\"og:description\" content=\"Ripplobeelia Hamburgia Mini on \u00fcheaastane, 30cm k\u00f5rgune ripplill. \u00d5ied v\u00e4ikesed, erksad. Sobib r\u00f5dukastide, rippvaaside haljastamiseks.\" \/>\n<meta property=\"og:url\" content=\"https:\/\/horticom.ee\/e-pood\/toode\/ripplobeelia-hamburgia-mini-lobelia-erinus-l\/\" \/>\n<meta property=\"og:site_name\" content=\"Horticom.ee\" \/>\n<meta property=\"article:publisher\" content=\"https:\/\/www.facebook.com\/horticom.ee\/e-pood\" \/>\n<meta property=\"article:modified_time\" content=\"2026-04-23T16:00:59+00:00\" \/>\n<meta property=\"og:image\" content=\"https:\/\/horticom.ee\/e-pood\/wp-content\/uploads\/importedmedia\/product-153300_0-PL0416-585x1024.jpg\" \/>\n\t<meta property=\"og:image:width\" content=\"585\" \/>\n\t<meta property=\"og:image:height\" content=\"1024\" \/>\n\t<meta property=\"og:image:type\" content=\"image\/jpeg\" \/>\n<meta name=\"twitter:card\" content=\"summary_large_image\" \/>\n<script type=\"application\/ld+json\" class=\"yoast-schema-graph\">{\"@context\":\"https:\/\/schema.org\",\"@graph\":[{\"@type\":\"WebPage\",\"@id\":\"https:\/\/horticom.ee\/e-pood\/toode\/ripplobeelia-hamburgia-mini-lobelia-erinus-l\/\",\"url\":\"https:\/\/horticom.ee\/e-pood\/toode\/ripplobeelia-hamburgia-mini-lobelia-erinus-l\/\",\"name\":\"Ripplobeelia Hamburgia - Horticom.ee\/e-pood\",\"isPartOf\":{\"@id\":\"https:\/\/horticom.ee\/e-pood\/#website\"},\"primaryImageOfPage\":{\"@id\":\"https:\/\/horticom.ee\/e-pood\/toode\/ripplobeelia-hamburgia-mini-lobelia-erinus-l\/#primaryimage\"},\"image\":{\"@id\":\"https:\/\/horticom.ee\/e-pood\/toode\/ripplobeelia-hamburgia-mini-lobelia-erinus-l\/#primaryimage\"},\"thumbnailUrl\":\"https:\/\/horticom.ee\/e-pood\/wp-content\/uploads\/importedmedia\/product-153300_0-PL0416.jpg\",\"datePublished\":\"2022-01-17T14:04:45+00:00\",\"dateModified\":\"2026-04-23T16:00:59+00:00\",\"description\":\"Ripplobeelia Hamburgia Mini on \u00fcheaastane, 30cm k\u00f5rgune ripplill. \u00d5ied v\u00e4ikesed, erksad. Sobib r\u00f5dukastide, rippvaaside haljastamiseks.\",\"breadcrumb\":{\"@id\":\"https:\/\/horticom.ee\/e-pood\/toode\/ripplobeelia-hamburgia-mini-lobelia-erinus-l\/#breadcrumb\"},\"inLanguage\":\"et\",\"potentialAction\":[{\"@type\":\"ReadAction\",\"target\":[\"https:\/\/horticom.ee\/e-pood\/toode\/ripplobeelia-hamburgia-mini-lobelia-erinus-l\/\"]}]},{\"@type\":\"ImageObject\",\"inLanguage\":\"et\",\"@id\":\"https:\/\/horticom.ee\/e-pood\/toode\/ripplobeelia-hamburgia-mini-lobelia-erinus-l\/#primaryimage\",\"url\":\"https:\/\/horticom.ee\/e-pood\/wp-content\/uploads\/importedmedia\/product-153300_0-PL0416.jpg\",\"contentUrl\":\"https:\/\/horticom.ee\/e-pood\/wp-content\/uploads\/importedmedia\/product-153300_0-PL0416.jpg\",\"width\":1000,\"height\":1750,\"caption\":\"Ripplobeelia Hamburgia\"},{\"@type\":\"BreadcrumbList\",\"@id\":\"https:\/\/horticom.ee\/e-pood\/toode\/ripplobeelia-hamburgia-mini-lobelia-erinus-l\/#breadcrumb\",\"itemListElement\":[{\"@type\":\"ListItem\",\"position\":1,\"name\":\"Home\",\"item\":\"https:\/\/horticom.ee\/e-pood\/\"},{\"@type\":\"ListItem\",\"position\":2,\"name\":\"Pood\",\"item\":\"https:\/\/horticom.ee\/e-pood\/pood\/\"},{\"@type\":\"ListItem\",\"position\":3,\"name\":\"Ripplobeelia Hamburgia\"}]},{\"@type\":\"WebSite\",\"@id\":\"https:\/\/horticom.ee\/e-pood\/#website\",\"url\":\"https:\/\/horticom.ee\/e-pood\/\",\"name\":\"Horticom.ee\",\"description\":\"Aianduskaubad ja kodukaubad nii harrastajatele kui professionaalidele\",\"potentialAction\":[{\"@type\":\"SearchAction\",\"target\":{\"@type\":\"EntryPoint\",\"urlTemplate\":\"https:\/\/horticom.ee\/e-pood\/?s={search_term_string}\"},\"query-input\":{\"@type\":\"PropertyValueSpecification\",\"valueRequired\":true,\"valueName\":\"search_term_string\"}}],\"inLanguage\":\"et\"}]}<\/script>\n<!-- \/ Yoast SEO plugin. -->","yoast_head_json":{"title":"Ripplobeelia Hamburgia - Horticom.ee\/e-pood","description":"Ripplobeelia Hamburgia Mini on \u00fcheaastane, 30cm k\u00f5rgune ripplill. \u00d5ied v\u00e4ikesed, erksad. Sobib r\u00f5dukastide, rippvaaside haljastamiseks.","robots":{"index":"index","follow":"follow","max-snippet":"max-snippet:-1","max-image-preview":"max-image-preview:large","max-video-preview":"max-video-preview:-1"},"canonical":"https:\/\/horticom.ee\/e-pood\/toode\/ripplobeelia-hamburgia-mini-lobelia-erinus-l\/","og_locale":"et_EE","og_type":"article","og_title":"Ripplobeelia Hamburgia - Horticom.ee\/e-pood","og_description":"Ripplobeelia Hamburgia Mini on \u00fcheaastane, 30cm k\u00f5rgune ripplill. \u00d5ied v\u00e4ikesed, erksad. Sobib r\u00f5dukastide, rippvaaside haljastamiseks.","og_url":"https:\/\/horticom.ee\/e-pood\/toode\/ripplobeelia-hamburgia-mini-lobelia-erinus-l\/","og_site_name":"Horticom.ee","article_publisher":"https:\/\/www.facebook.com\/horticom.ee\/e-pood","article_modified_time":"2026-04-23T16:00:59+00:00","og_image":[{"width":585,"height":1024,"url":"https:\/\/horticom.ee\/e-pood\/wp-content\/uploads\/importedmedia\/product-153300_0-PL0416-585x1024.jpg","type":"image\/jpeg"}],"twitter_card":"summary_large_image","schema":{"@context":"https:\/\/schema.org","@graph":[{"@type":"WebPage","@id":"https:\/\/horticom.ee\/e-pood\/toode\/ripplobeelia-hamburgia-mini-lobelia-erinus-l\/","url":"https:\/\/horticom.ee\/e-pood\/toode\/ripplobeelia-hamburgia-mini-lobelia-erinus-l\/","name":"Ripplobeelia Hamburgia - Horticom.ee\/e-pood","isPartOf":{"@id":"https:\/\/horticom.ee\/e-pood\/#website"},"primaryImageOfPage":{"@id":"https:\/\/horticom.ee\/e-pood\/toode\/ripplobeelia-hamburgia-mini-lobelia-erinus-l\/#primaryimage"},"image":{"@id":"https:\/\/horticom.ee\/e-pood\/toode\/ripplobeelia-hamburgia-mini-lobelia-erinus-l\/#primaryimage"},"thumbnailUrl":"https:\/\/horticom.ee\/e-pood\/wp-content\/uploads\/importedmedia\/product-153300_0-PL0416.jpg","datePublished":"2022-01-17T14:04:45+00:00","dateModified":"2026-04-23T16:00:59+00:00","description":"Ripplobeelia Hamburgia Mini on \u00fcheaastane, 30cm k\u00f5rgune ripplill. \u00d5ied v\u00e4ikesed, erksad. Sobib r\u00f5dukastide, rippvaaside haljastamiseks.","breadcrumb":{"@id":"https:\/\/horticom.ee\/e-pood\/toode\/ripplobeelia-hamburgia-mini-lobelia-erinus-l\/#breadcrumb"},"inLanguage":"et","potentialAction":[{"@type":"ReadAction","target":["https:\/\/horticom.ee\/e-pood\/toode\/ripplobeelia-hamburgia-mini-lobelia-erinus-l\/"]}]},{"@type":"ImageObject","inLanguage":"et","@id":"https:\/\/horticom.ee\/e-pood\/toode\/ripplobeelia-hamburgia-mini-lobelia-erinus-l\/#primaryimage","url":"https:\/\/horticom.ee\/e-pood\/wp-content\/uploads\/importedmedia\/product-153300_0-PL0416.jpg","contentUrl":"https:\/\/horticom.ee\/e-pood\/wp-content\/uploads\/importedmedia\/product-153300_0-PL0416.jpg","width":1000,"height":1750,"caption":"Ripplobeelia Hamburgia"},{"@type":"BreadcrumbList","@id":"https:\/\/horticom.ee\/e-pood\/toode\/ripplobeelia-hamburgia-mini-lobelia-erinus-l\/#breadcrumb","itemListElement":[{"@type":"ListItem","position":1,"name":"Home","item":"https:\/\/horticom.ee\/e-pood\/"},{"@type":"ListItem","position":2,"name":"Pood","item":"https:\/\/horticom.ee\/e-pood\/pood\/"},{"@type":"ListItem","position":3,"name":"Ripplobeelia Hamburgia"}]},{"@type":"WebSite","@id":"https:\/\/horticom.ee\/e-pood\/#website","url":"https:\/\/horticom.ee\/e-pood\/","name":"Horticom.ee","description":"Aianduskaubad ja kodukaubad nii harrastajatele kui professionaalidele","potentialAction":[{"@type":"SearchAction","target":{"@type":"EntryPoint","urlTemplate":"https:\/\/horticom.ee\/e-pood\/?s={search_term_string}"},"query-input":{"@type":"PropertyValueSpecification","valueRequired":true,"valueName":"search_term_string"}}],"inLanguage":"et"}]}},"_links":{"self":[{"href":"https:\/\/horticom.ee\/e-pood\/wp-json\/wp\/v2\/product\/153300","targetHints":{"allow":["GET"]}}],"collection":[{"href":"https:\/\/horticom.ee\/e-pood\/wp-json\/wp\/v2\/product"}],"about":[{"href":"https:\/\/horticom.ee\/e-pood\/wp-json\/wp\/v2\/types\/product"}],"replies":[{"embeddable":true,"href":"https:\/\/horticom.ee\/e-pood\/wp-json\/wp\/v2\/comments?post=153300"}],"wp:featuredmedia":[{"embeddable":true,"href":"https:\/\/horticom.ee\/e-pood\/wp-json\/wp\/v2\/media\/170424"}],"wp:attachment":[{"href":"https:\/\/horticom.ee\/e-pood\/wp-json\/wp\/v2\/media?parent=153300"}],"wp:term":[{"taxonomy":"product_cat","embeddable":true,"href":"https:\/\/horticom.ee\/e-pood\/wp-json\/wp\/v2\/product_cat?post=153300"},{"taxonomy":"product_tag","embeddable":true,"href":"https:\/\/horticom.ee\/e-pood\/wp-json\/wp\/v2\/product_tag?post=153300"}],"curies":[{"name":"wp","href":"https:\/\/api.w.org\/{rel}","templated":true}]}}