{"id":153515,"date":"2022-01-17T16:06:55","date_gmt":"2022-01-17T14:06:55","guid":{"rendered":"https:\/\/aednik24.ee\/toode\/purskkaevu-smartline-komplekt-3000l-h\/"},"modified":"2026-05-03T03:08:47","modified_gmt":"2026-05-03T00:08:47","slug":"purskkaevu-smartline-komplekt-3000l-h","status":"publish","type":"product","link":"https:\/\/horticom.ee\/e-pood\/toode\/purskkaevu-smartline-komplekt-3000l-h\/","title":{"rendered":"Purskkaevu Smartline komplekt 3300L\/h"},"content":{"rendered":"<p>Pumbaga kaasas teleskoopvars (20-48cm) ning 2 purskkaevupead (kelluke + kaskaad), millega on v\u00f5imalik tekitada erinevaid veejugasid. Veesamba maksimaalne k\u00f5rgus 80cm. Samuti \u00fchendatav erinevate purskaevu kujukestega. Sobib ideaalselt v\u00e4ikestesse tiikidesse ja veesilmadesse, ning kasutamiseks koos kaladega!<br \/>\nParameetrid: 3100 l\/h, 48W, toitekaabli pikkus 10m. K\u00fclmakindlus kuni -20C.<\/p>\n","protected":false},"excerpt":{"rendered":"<p>Pumbaga kaasas teleskoopvars (20-48cm) ning 2 purskkaevupead (kelluke + kaskaad), millega on v\u00f5imalik tekitada erinevaid veejugasid. Veesamba maksimaalne k\u00f5rgus 80cm. Samuti \u00fchendatav erinevate purskaevu kujukestega. Sobib ideaalselt v\u00e4ikestesse tiikidesse ja veesilmadesse, ning kasutamiseks koos kaladega! Parameetrid: 3100 l\/h, 48W, toitekaabli pikkus 10m. K\u00fclmakindlus kuni -20C.<\/p>\n","protected":false},"featured_media":2377790,"comment_status":"closed","ping_status":"closed","template":"","meta":{"_themeisle_gutenberg_block_has_review":false},"product_cat":[18563,13363],"product_tag":[],"class_list":{"0":"post-153515","1":"product","2":"type-product","3":"status-publish","4":"has-post-thumbnail","6":"product_cat-lopumuugitooted","7":"product_cat-purskkaevud","9":"first","10":"instock","11":"sale","12":"shipping-taxable","13":"purchasable","14":"product-type-simple"},"yoast_head":"<!-- This site is optimized with the Yoast SEO plugin v24.0 - https:\/\/yoast.com\/wordpress\/plugins\/seo\/ -->\n<title>Purskkaevu Smartline komplekt 3300L\/h - Horticom<\/title>\n<meta name=\"robots\" content=\"index, follow, max-snippet:-1, max-image-preview:large, max-video-preview:-1\" \/>\n<link rel=\"canonical\" href=\"https:\/\/horticom.ee\/e-pood\/toode\/purskkaevu-smartline-komplekt-3000l-h\/\" \/>\n<meta property=\"og:locale\" content=\"et_EE\" \/>\n<meta property=\"og:type\" content=\"article\" \/>\n<meta property=\"og:title\" content=\"Purskkaevu Smartline komplekt 3300L\/h - Horticom\" \/>\n<meta property=\"og:description\" content=\"Pumbaga kaasas teleskoopvars (20-48cm) ning 2 purskkaevupead (kelluke + kaskaad), millega on v\u00f5imalik tekitada erinevaid veejugasid. Veesamba maksimaalne k\u00f5rgus 80cm. Samuti \u00fchendatav erinevate purskaevu kujukestega. Sobib ideaalselt v\u00e4ikestesse tiikidesse ja veesilmadesse, ning kasutamiseks koos kaladega! Parameetrid: 3100 l\/h, 48W, toitekaabli pikkus 10m. K\u00fclmakindlus kuni -20C.\" \/>\n<meta property=\"og:url\" content=\"https:\/\/horticom.ee\/e-pood\/toode\/purskkaevu-smartline-komplekt-3000l-h\/\" \/>\n<meta property=\"og:site_name\" content=\"Horticom.ee\" \/>\n<meta property=\"article:publisher\" content=\"https:\/\/www.facebook.com\/horticom.ee\/e-pood\" \/>\n<meta property=\"article:modified_time\" content=\"2026-05-03T00:08:47+00:00\" \/>\n<meta property=\"og:image\" content=\"https:\/\/horticom.ee\/e-pood\/wp-content\/uploads\/importedmedia\/product-153515_0-8503000.jpg\" \/>\n\t<meta property=\"og:image:width\" content=\"999\" \/>\n\t<meta property=\"og:image:height\" content=\"666\" \/>\n\t<meta property=\"og:image:type\" content=\"image\/jpeg\" \/>\n<meta name=\"twitter:card\" content=\"summary_large_image\" \/>\n<script type=\"application\/ld+json\" class=\"yoast-schema-graph\">{\"@context\":\"https:\/\/schema.org\",\"@graph\":[{\"@type\":\"WebPage\",\"@id\":\"https:\/\/horticom.ee\/e-pood\/toode\/purskkaevu-smartline-komplekt-3000l-h\/\",\"url\":\"https:\/\/horticom.ee\/e-pood\/toode\/purskkaevu-smartline-komplekt-3000l-h\/\",\"name\":\"Purskkaevu Smartline komplekt 3300L\/h - Horticom\",\"isPartOf\":{\"@id\":\"https:\/\/horticom.ee\/e-pood\/#website\"},\"primaryImageOfPage\":{\"@id\":\"https:\/\/horticom.ee\/e-pood\/toode\/purskkaevu-smartline-komplekt-3000l-h\/#primaryimage\"},\"image\":{\"@id\":\"https:\/\/horticom.ee\/e-pood\/toode\/purskkaevu-smartline-komplekt-3000l-h\/#primaryimage\"},\"thumbnailUrl\":\"https:\/\/horticom.ee\/e-pood\/wp-content\/uploads\/importedmedia\/product-153515_0-8503000.jpg\",\"datePublished\":\"2022-01-17T14:06:55+00:00\",\"dateModified\":\"2026-05-03T00:08:47+00:00\",\"breadcrumb\":{\"@id\":\"https:\/\/horticom.ee\/e-pood\/toode\/purskkaevu-smartline-komplekt-3000l-h\/#breadcrumb\"},\"inLanguage\":\"et\",\"potentialAction\":[{\"@type\":\"ReadAction\",\"target\":[\"https:\/\/horticom.ee\/e-pood\/toode\/purskkaevu-smartline-komplekt-3000l-h\/\"]}]},{\"@type\":\"ImageObject\",\"inLanguage\":\"et\",\"@id\":\"https:\/\/horticom.ee\/e-pood\/toode\/purskkaevu-smartline-komplekt-3000l-h\/#primaryimage\",\"url\":\"https:\/\/horticom.ee\/e-pood\/wp-content\/uploads\/importedmedia\/product-153515_0-8503000.jpg\",\"contentUrl\":\"https:\/\/horticom.ee\/e-pood\/wp-content\/uploads\/importedmedia\/product-153515_0-8503000.jpg\",\"width\":999,\"height\":666},{\"@type\":\"BreadcrumbList\",\"@id\":\"https:\/\/horticom.ee\/e-pood\/toode\/purskkaevu-smartline-komplekt-3000l-h\/#breadcrumb\",\"itemListElement\":[{\"@type\":\"ListItem\",\"position\":1,\"name\":\"Home\",\"item\":\"https:\/\/horticom.ee\/e-pood\/\"},{\"@type\":\"ListItem\",\"position\":2,\"name\":\"Pood\",\"item\":\"https:\/\/horticom.ee\/e-pood\/pood\/\"},{\"@type\":\"ListItem\",\"position\":3,\"name\":\"Purskkaevu Smartline komplekt 3300L\/h\"}]},{\"@type\":\"WebSite\",\"@id\":\"https:\/\/horticom.ee\/e-pood\/#website\",\"url\":\"https:\/\/horticom.ee\/e-pood\/\",\"name\":\"Horticom.ee\",\"description\":\"Aianduskaubad ja kodukaubad nii harrastajatele kui professionaalidele\",\"potentialAction\":[{\"@type\":\"SearchAction\",\"target\":{\"@type\":\"EntryPoint\",\"urlTemplate\":\"https:\/\/horticom.ee\/e-pood\/?s={search_term_string}\"},\"query-input\":{\"@type\":\"PropertyValueSpecification\",\"valueRequired\":true,\"valueName\":\"search_term_string\"}}],\"inLanguage\":\"et\"}]}<\/script>\n<!-- \/ Yoast SEO plugin. -->","yoast_head_json":{"title":"Purskkaevu Smartline komplekt 3300L\/h - Horticom","robots":{"index":"index","follow":"follow","max-snippet":"max-snippet:-1","max-image-preview":"max-image-preview:large","max-video-preview":"max-video-preview:-1"},"canonical":"https:\/\/horticom.ee\/e-pood\/toode\/purskkaevu-smartline-komplekt-3000l-h\/","og_locale":"et_EE","og_type":"article","og_title":"Purskkaevu Smartline komplekt 3300L\/h - Horticom","og_description":"Pumbaga kaasas teleskoopvars (20-48cm) ning 2 purskkaevupead (kelluke + kaskaad), millega on v\u00f5imalik tekitada erinevaid veejugasid. Veesamba maksimaalne k\u00f5rgus 80cm. Samuti \u00fchendatav erinevate purskaevu kujukestega. Sobib ideaalselt v\u00e4ikestesse tiikidesse ja veesilmadesse, ning kasutamiseks koos kaladega! Parameetrid: 3100 l\/h, 48W, toitekaabli pikkus 10m. K\u00fclmakindlus kuni -20C.","og_url":"https:\/\/horticom.ee\/e-pood\/toode\/purskkaevu-smartline-komplekt-3000l-h\/","og_site_name":"Horticom.ee","article_publisher":"https:\/\/www.facebook.com\/horticom.ee\/e-pood","article_modified_time":"2026-05-03T00:08:47+00:00","og_image":[{"width":999,"height":666,"url":"https:\/\/horticom.ee\/e-pood\/wp-content\/uploads\/importedmedia\/product-153515_0-8503000.jpg","type":"image\/jpeg"}],"twitter_card":"summary_large_image","schema":{"@context":"https:\/\/schema.org","@graph":[{"@type":"WebPage","@id":"https:\/\/horticom.ee\/e-pood\/toode\/purskkaevu-smartline-komplekt-3000l-h\/","url":"https:\/\/horticom.ee\/e-pood\/toode\/purskkaevu-smartline-komplekt-3000l-h\/","name":"Purskkaevu Smartline komplekt 3300L\/h - Horticom","isPartOf":{"@id":"https:\/\/horticom.ee\/e-pood\/#website"},"primaryImageOfPage":{"@id":"https:\/\/horticom.ee\/e-pood\/toode\/purskkaevu-smartline-komplekt-3000l-h\/#primaryimage"},"image":{"@id":"https:\/\/horticom.ee\/e-pood\/toode\/purskkaevu-smartline-komplekt-3000l-h\/#primaryimage"},"thumbnailUrl":"https:\/\/horticom.ee\/e-pood\/wp-content\/uploads\/importedmedia\/product-153515_0-8503000.jpg","datePublished":"2022-01-17T14:06:55+00:00","dateModified":"2026-05-03T00:08:47+00:00","breadcrumb":{"@id":"https:\/\/horticom.ee\/e-pood\/toode\/purskkaevu-smartline-komplekt-3000l-h\/#breadcrumb"},"inLanguage":"et","potentialAction":[{"@type":"ReadAction","target":["https:\/\/horticom.ee\/e-pood\/toode\/purskkaevu-smartline-komplekt-3000l-h\/"]}]},{"@type":"ImageObject","inLanguage":"et","@id":"https:\/\/horticom.ee\/e-pood\/toode\/purskkaevu-smartline-komplekt-3000l-h\/#primaryimage","url":"https:\/\/horticom.ee\/e-pood\/wp-content\/uploads\/importedmedia\/product-153515_0-8503000.jpg","contentUrl":"https:\/\/horticom.ee\/e-pood\/wp-content\/uploads\/importedmedia\/product-153515_0-8503000.jpg","width":999,"height":666},{"@type":"BreadcrumbList","@id":"https:\/\/horticom.ee\/e-pood\/toode\/purskkaevu-smartline-komplekt-3000l-h\/#breadcrumb","itemListElement":[{"@type":"ListItem","position":1,"name":"Home","item":"https:\/\/horticom.ee\/e-pood\/"},{"@type":"ListItem","position":2,"name":"Pood","item":"https:\/\/horticom.ee\/e-pood\/pood\/"},{"@type":"ListItem","position":3,"name":"Purskkaevu Smartline komplekt 3300L\/h"}]},{"@type":"WebSite","@id":"https:\/\/horticom.ee\/e-pood\/#website","url":"https:\/\/horticom.ee\/e-pood\/","name":"Horticom.ee","description":"Aianduskaubad ja kodukaubad nii harrastajatele kui professionaalidele","potentialAction":[{"@type":"SearchAction","target":{"@type":"EntryPoint","urlTemplate":"https:\/\/horticom.ee\/e-pood\/?s={search_term_string}"},"query-input":{"@type":"PropertyValueSpecification","valueRequired":true,"valueName":"search_term_string"}}],"inLanguage":"et"}]}},"_links":{"self":[{"href":"https:\/\/horticom.ee\/e-pood\/wp-json\/wp\/v2\/product\/153515","targetHints":{"allow":["GET"]}}],"collection":[{"href":"https:\/\/horticom.ee\/e-pood\/wp-json\/wp\/v2\/product"}],"about":[{"href":"https:\/\/horticom.ee\/e-pood\/wp-json\/wp\/v2\/types\/product"}],"replies":[{"embeddable":true,"href":"https:\/\/horticom.ee\/e-pood\/wp-json\/wp\/v2\/comments?post=153515"}],"wp:featuredmedia":[{"embeddable":true,"href":"https:\/\/horticom.ee\/e-pood\/wp-json\/wp\/v2\/media\/2377790"}],"wp:attachment":[{"href":"https:\/\/horticom.ee\/e-pood\/wp-json\/wp\/v2\/media?parent=153515"}],"wp:term":[{"taxonomy":"product_cat","embeddable":true,"href":"https:\/\/horticom.ee\/e-pood\/wp-json\/wp\/v2\/product_cat?post=153515"},{"taxonomy":"product_tag","embeddable":true,"href":"https:\/\/horticom.ee\/e-pood\/wp-json\/wp\/v2\/product_tag?post=153515"}],"curies":[{"name":"wp","href":"https:\/\/api.w.org\/{rel}","templated":true}]}}