{"id":153737,"date":"2022-01-17T16:09:07","date_gmt":"2022-01-17T14:09:07","guid":{"rendered":"https:\/\/aednik24.ee\/toode\/katteloor-17g-m2-42-x-238m-100m2\/"},"modified":"2026-04-19T03:11:39","modified_gmt":"2026-04-19T00:11:39","slug":"katteloor-17g-m2-42-x-238m-100m2","status":"publish","type":"product","link":"https:\/\/horticom.ee\/e-pood\/toode\/katteloor-17g-m2-42-x-238m-100m2\/","title":{"rendered":"Katteloor 17g\/m2 4,2 x 23,8m 100m2"},"content":{"rendered":"<p>Selle abil saavutatakse ideaalsed tingimused taimede kasvuks. Loori all on \u00fchtlane temperatuur, sobiv \u00f5hutsirkulatsioon, piisavalt valgust ja niiskust. Katteloor on suurep\u00e4rase veel\u00e4bilaskev\u00f5imega ja ideaalse valgusl\u00e4bilaskev\u00f5imega. T\u00e4nu tugevatele ja \u00fchtlaselt jaotatud kiududele on loori kasutusaeg pikk.<\/p>\n","protected":false},"excerpt":{"rendered":"<p>Selle abil saavutatakse ideaalsed tingimused taimede kasvuks. Loori all on \u00fchtlane temperatuur, sobiv \u00f5hutsirkulatsioon, piisavalt valgust ja niiskust. Katteloor on suurep\u00e4rase veel\u00e4bilaskev\u00f5imega ja ideaalse valgusl\u00e4bilaskev\u00f5imega. T\u00e4nu tugevatele ja \u00fchtlaselt jaotatud kiududele on loori kasutusaeg pikk.<\/p>\n","protected":false},"featured_media":153887,"comment_status":"closed","ping_status":"closed","template":"","meta":{"_themeisle_gutenberg_block_has_review":false},"product_cat":[13384,13636],"product_tag":[],"class_list":{"0":"post-153737","1":"product","2":"type-product","3":"status-publish","4":"has-post-thumbnail","6":"product_cat-katteloorid","7":"product_cat-katteloorid-tootjale","9":"first","10":"instock","11":"shipping-taxable","12":"purchasable","13":"product-type-simple"},"yoast_head":"<!-- This site is optimized with the Yoast SEO plugin v24.0 - https:\/\/yoast.com\/wordpress\/plugins\/seo\/ -->\n<title>Katteloor 17g\/m2 4,2 x 23,8m 100m2 - Horticom<\/title>\n<meta name=\"robots\" content=\"index, follow, max-snippet:-1, max-image-preview:large, max-video-preview:-1\" \/>\n<link rel=\"canonical\" href=\"https:\/\/horticom.ee\/e-pood\/toode\/katteloor-17g-m2-42-x-238m-100m2\/\" \/>\n<meta property=\"og:locale\" content=\"et_EE\" \/>\n<meta property=\"og:type\" content=\"article\" \/>\n<meta property=\"og:title\" content=\"Katteloor 17g\/m2 4,2 x 23,8m 100m2 - Horticom\" \/>\n<meta property=\"og:description\" content=\"Selle abil saavutatakse ideaalsed tingimused taimede kasvuks. Loori all on \u00fchtlane temperatuur, sobiv \u00f5hutsirkulatsioon, piisavalt valgust ja niiskust. Katteloor on suurep\u00e4rase veel\u00e4bilaskev\u00f5imega ja ideaalse valgusl\u00e4bilaskev\u00f5imega. T\u00e4nu tugevatele ja \u00fchtlaselt jaotatud kiududele on loori kasutusaeg pikk.\" \/>\n<meta property=\"og:url\" content=\"https:\/\/horticom.ee\/e-pood\/toode\/katteloor-17g-m2-42-x-238m-100m2\/\" \/>\n<meta property=\"og:site_name\" content=\"Horticom.ee\" \/>\n<meta property=\"article:publisher\" content=\"https:\/\/www.facebook.com\/horticom.ee\/e-pood\" \/>\n<meta property=\"article:modified_time\" content=\"2026-04-19T00:11:39+00:00\" \/>\n<meta property=\"og:image\" content=\"https:\/\/horticom.ee\/e-pood\/wp-content\/uploads\/importedmedia\/product-153737_0-672261.jpg\" \/>\n\t<meta property=\"og:image:width\" content=\"999\" \/>\n\t<meta property=\"og:image:height\" content=\"666\" \/>\n\t<meta property=\"og:image:type\" content=\"image\/jpeg\" \/>\n<meta name=\"twitter:card\" content=\"summary_large_image\" \/>\n<script type=\"application\/ld+json\" class=\"yoast-schema-graph\">{\"@context\":\"https:\/\/schema.org\",\"@graph\":[{\"@type\":\"WebPage\",\"@id\":\"https:\/\/horticom.ee\/e-pood\/toode\/katteloor-17g-m2-42-x-238m-100m2\/\",\"url\":\"https:\/\/horticom.ee\/e-pood\/toode\/katteloor-17g-m2-42-x-238m-100m2\/\",\"name\":\"Katteloor 17g\/m2 4,2 x 23,8m 100m2 - Horticom\",\"isPartOf\":{\"@id\":\"https:\/\/horticom.ee\/e-pood\/#website\"},\"primaryImageOfPage\":{\"@id\":\"https:\/\/horticom.ee\/e-pood\/toode\/katteloor-17g-m2-42-x-238m-100m2\/#primaryimage\"},\"image\":{\"@id\":\"https:\/\/horticom.ee\/e-pood\/toode\/katteloor-17g-m2-42-x-238m-100m2\/#primaryimage\"},\"thumbnailUrl\":\"https:\/\/horticom.ee\/e-pood\/wp-content\/uploads\/importedmedia\/product-153737_0-672261.jpg\",\"datePublished\":\"2022-01-17T14:09:07+00:00\",\"dateModified\":\"2026-04-19T00:11:39+00:00\",\"breadcrumb\":{\"@id\":\"https:\/\/horticom.ee\/e-pood\/toode\/katteloor-17g-m2-42-x-238m-100m2\/#breadcrumb\"},\"inLanguage\":\"et\",\"potentialAction\":[{\"@type\":\"ReadAction\",\"target\":[\"https:\/\/horticom.ee\/e-pood\/toode\/katteloor-17g-m2-42-x-238m-100m2\/\"]}]},{\"@type\":\"ImageObject\",\"inLanguage\":\"et\",\"@id\":\"https:\/\/horticom.ee\/e-pood\/toode\/katteloor-17g-m2-42-x-238m-100m2\/#primaryimage\",\"url\":\"https:\/\/horticom.ee\/e-pood\/wp-content\/uploads\/importedmedia\/product-153737_0-672261.jpg\",\"contentUrl\":\"https:\/\/horticom.ee\/e-pood\/wp-content\/uploads\/importedmedia\/product-153737_0-672261.jpg\",\"width\":999,\"height\":666},{\"@type\":\"BreadcrumbList\",\"@id\":\"https:\/\/horticom.ee\/e-pood\/toode\/katteloor-17g-m2-42-x-238m-100m2\/#breadcrumb\",\"itemListElement\":[{\"@type\":\"ListItem\",\"position\":1,\"name\":\"Home\",\"item\":\"https:\/\/horticom.ee\/e-pood\/\"},{\"@type\":\"ListItem\",\"position\":2,\"name\":\"Pood\",\"item\":\"https:\/\/horticom.ee\/e-pood\/pood\/\"},{\"@type\":\"ListItem\",\"position\":3,\"name\":\"Katteloor 17g\/m2 4,2 x 23,8m 100m2\"}]},{\"@type\":\"WebSite\",\"@id\":\"https:\/\/horticom.ee\/e-pood\/#website\",\"url\":\"https:\/\/horticom.ee\/e-pood\/\",\"name\":\"Horticom.ee\",\"description\":\"Aianduskaubad ja kodukaubad nii harrastajatele kui professionaalidele\",\"potentialAction\":[{\"@type\":\"SearchAction\",\"target\":{\"@type\":\"EntryPoint\",\"urlTemplate\":\"https:\/\/horticom.ee\/e-pood\/?s={search_term_string}\"},\"query-input\":{\"@type\":\"PropertyValueSpecification\",\"valueRequired\":true,\"valueName\":\"search_term_string\"}}],\"inLanguage\":\"et\"}]}<\/script>\n<!-- \/ Yoast SEO plugin. -->","yoast_head_json":{"title":"Katteloor 17g\/m2 4,2 x 23,8m 100m2 - Horticom","robots":{"index":"index","follow":"follow","max-snippet":"max-snippet:-1","max-image-preview":"max-image-preview:large","max-video-preview":"max-video-preview:-1"},"canonical":"https:\/\/horticom.ee\/e-pood\/toode\/katteloor-17g-m2-42-x-238m-100m2\/","og_locale":"et_EE","og_type":"article","og_title":"Katteloor 17g\/m2 4,2 x 23,8m 100m2 - Horticom","og_description":"Selle abil saavutatakse ideaalsed tingimused taimede kasvuks. Loori all on \u00fchtlane temperatuur, sobiv \u00f5hutsirkulatsioon, piisavalt valgust ja niiskust. Katteloor on suurep\u00e4rase veel\u00e4bilaskev\u00f5imega ja ideaalse valgusl\u00e4bilaskev\u00f5imega. T\u00e4nu tugevatele ja \u00fchtlaselt jaotatud kiududele on loori kasutusaeg pikk.","og_url":"https:\/\/horticom.ee\/e-pood\/toode\/katteloor-17g-m2-42-x-238m-100m2\/","og_site_name":"Horticom.ee","article_publisher":"https:\/\/www.facebook.com\/horticom.ee\/e-pood","article_modified_time":"2026-04-19T00:11:39+00:00","og_image":[{"width":999,"height":666,"url":"https:\/\/horticom.ee\/e-pood\/wp-content\/uploads\/importedmedia\/product-153737_0-672261.jpg","type":"image\/jpeg"}],"twitter_card":"summary_large_image","schema":{"@context":"https:\/\/schema.org","@graph":[{"@type":"WebPage","@id":"https:\/\/horticom.ee\/e-pood\/toode\/katteloor-17g-m2-42-x-238m-100m2\/","url":"https:\/\/horticom.ee\/e-pood\/toode\/katteloor-17g-m2-42-x-238m-100m2\/","name":"Katteloor 17g\/m2 4,2 x 23,8m 100m2 - Horticom","isPartOf":{"@id":"https:\/\/horticom.ee\/e-pood\/#website"},"primaryImageOfPage":{"@id":"https:\/\/horticom.ee\/e-pood\/toode\/katteloor-17g-m2-42-x-238m-100m2\/#primaryimage"},"image":{"@id":"https:\/\/horticom.ee\/e-pood\/toode\/katteloor-17g-m2-42-x-238m-100m2\/#primaryimage"},"thumbnailUrl":"https:\/\/horticom.ee\/e-pood\/wp-content\/uploads\/importedmedia\/product-153737_0-672261.jpg","datePublished":"2022-01-17T14:09:07+00:00","dateModified":"2026-04-19T00:11:39+00:00","breadcrumb":{"@id":"https:\/\/horticom.ee\/e-pood\/toode\/katteloor-17g-m2-42-x-238m-100m2\/#breadcrumb"},"inLanguage":"et","potentialAction":[{"@type":"ReadAction","target":["https:\/\/horticom.ee\/e-pood\/toode\/katteloor-17g-m2-42-x-238m-100m2\/"]}]},{"@type":"ImageObject","inLanguage":"et","@id":"https:\/\/horticom.ee\/e-pood\/toode\/katteloor-17g-m2-42-x-238m-100m2\/#primaryimage","url":"https:\/\/horticom.ee\/e-pood\/wp-content\/uploads\/importedmedia\/product-153737_0-672261.jpg","contentUrl":"https:\/\/horticom.ee\/e-pood\/wp-content\/uploads\/importedmedia\/product-153737_0-672261.jpg","width":999,"height":666},{"@type":"BreadcrumbList","@id":"https:\/\/horticom.ee\/e-pood\/toode\/katteloor-17g-m2-42-x-238m-100m2\/#breadcrumb","itemListElement":[{"@type":"ListItem","position":1,"name":"Home","item":"https:\/\/horticom.ee\/e-pood\/"},{"@type":"ListItem","position":2,"name":"Pood","item":"https:\/\/horticom.ee\/e-pood\/pood\/"},{"@type":"ListItem","position":3,"name":"Katteloor 17g\/m2 4,2 x 23,8m 100m2"}]},{"@type":"WebSite","@id":"https:\/\/horticom.ee\/e-pood\/#website","url":"https:\/\/horticom.ee\/e-pood\/","name":"Horticom.ee","description":"Aianduskaubad ja kodukaubad nii harrastajatele kui professionaalidele","potentialAction":[{"@type":"SearchAction","target":{"@type":"EntryPoint","urlTemplate":"https:\/\/horticom.ee\/e-pood\/?s={search_term_string}"},"query-input":{"@type":"PropertyValueSpecification","valueRequired":true,"valueName":"search_term_string"}}],"inLanguage":"et"}]}},"_links":{"self":[{"href":"https:\/\/horticom.ee\/e-pood\/wp-json\/wp\/v2\/product\/153737","targetHints":{"allow":["GET"]}}],"collection":[{"href":"https:\/\/horticom.ee\/e-pood\/wp-json\/wp\/v2\/product"}],"about":[{"href":"https:\/\/horticom.ee\/e-pood\/wp-json\/wp\/v2\/types\/product"}],"replies":[{"embeddable":true,"href":"https:\/\/horticom.ee\/e-pood\/wp-json\/wp\/v2\/comments?post=153737"}],"wp:featuredmedia":[{"embeddable":true,"href":"https:\/\/horticom.ee\/e-pood\/wp-json\/wp\/v2\/media\/153887"}],"wp:attachment":[{"href":"https:\/\/horticom.ee\/e-pood\/wp-json\/wp\/v2\/media?parent=153737"}],"wp:term":[{"taxonomy":"product_cat","embeddable":true,"href":"https:\/\/horticom.ee\/e-pood\/wp-json\/wp\/v2\/product_cat?post=153737"},{"taxonomy":"product_tag","embeddable":true,"href":"https:\/\/horticom.ee\/e-pood\/wp-json\/wp\/v2\/product_tag?post=153737"}],"curies":[{"name":"wp","href":"https:\/\/api.w.org\/{rel}","templated":true}]}}