{"id":153761,"date":"2022-01-17T16:09:23","date_gmt":"2022-01-17T14:09:23","guid":{"rendered":"https:\/\/aednik24.ee\/toode\/lavendel-lavendula-officinalis\/"},"modified":"2026-05-04T16:01:30","modified_gmt":"2026-05-04T13:01:30","slug":"lavendel-lavendula-officinalis","status":"publish","type":"product","link":"https:\/\/horticom.ee\/e-pood\/toode\/lavendel-lavendula-officinalis\/","title":{"rendered":"Lavendel Lavendula officinalis"},"content":{"rendered":"<p>Lavendel on mitmeaastane umbes 50cm k\u00f5rgune taim. Taime kasutatakse maitse- ja ravimtaimena ja intensiivselt l\u00f5hnava dekoratiivtaimena. Leiab kasutamist kuivlilleseades, r\u00f5ivaste v\u00e4rskendamisel, koide vastase vahendina. T\u00f5mmis toimib rahustavalt, v\u00e4rskendavalt ja antiseptiliselt. Sobib aastaringseks kasvatamiseks potis aknalaual. Eelistab p\u00e4ikeselist kasvukohta ja vett l\u00e4bilaskvat pinnast.<\/p>\n","protected":false},"excerpt":{"rendered":"<p>Lavendel on mitmeaastane umbes 50cm k\u00f5rgune taim. Taime kasutatakse maitse- ja ravimtaimena ja intensiivselt l\u00f5hnava dekoratiivtaimena. Leiab kasutamist kuivlilleseades, r\u00f5ivaste v\u00e4rskendamisel, koide vastase vahendina. T\u00f5mmis toimib rahustavalt, v\u00e4rskendavalt ja antiseptiliselt. Sobib aastaringseks kasvatamiseks potis aknalaual. Eelistab p\u00e4ikeselist kasvukohta ja vett l\u00e4bilaskvat pinnast.<\/p>\n","protected":false},"featured_media":153815,"comment_status":"closed","ping_status":"closed","template":"","meta":{"_themeisle_gutenberg_block_has_review":false},"product_cat":[13490],"product_tag":[],"class_list":{"0":"post-153761","1":"product","2":"type-product","3":"status-publish","4":"has-post-thumbnail","6":"product_cat-maitsetaimede-seemned","8":"first","9":"instock","10":"shipping-taxable","11":"purchasable","12":"product-type-simple"},"yoast_head":"<!-- This site is optimized with the Yoast SEO plugin v24.0 - https:\/\/yoast.com\/wordpress\/plugins\/seo\/ -->\n<title>Lavendel Lavendula officinalis - Horticom.ee\/e-pood<\/title>\n<meta name=\"description\" content=\"Lavendel \u2013 mitmeaastane taim, k\u00f5rgus kuni 50 cm. Kasutatakse dekoratiiv- ja ravimtaimena, sobib kuivlilleseadeteks ja l\u00f5hnava koit\u00f5rjevahendina.\" \/>\n<meta name=\"robots\" content=\"index, follow, max-snippet:-1, max-image-preview:large, max-video-preview:-1\" \/>\n<link rel=\"canonical\" href=\"https:\/\/horticom.ee\/e-pood\/toode\/lavendel-lavendula-officinalis\/\" \/>\n<meta property=\"og:locale\" content=\"et_EE\" \/>\n<meta property=\"og:type\" content=\"article\" \/>\n<meta property=\"og:title\" content=\"Lavendel Lavendula officinalis - Horticom.ee\/e-pood\" \/>\n<meta property=\"og:description\" content=\"Lavendel \u2013 mitmeaastane taim, k\u00f5rgus kuni 50 cm. Kasutatakse dekoratiiv- ja ravimtaimena, sobib kuivlilleseadeteks ja l\u00f5hnava koit\u00f5rjevahendina.\" \/>\n<meta property=\"og:url\" content=\"https:\/\/horticom.ee\/e-pood\/toode\/lavendel-lavendula-officinalis\/\" \/>\n<meta property=\"og:site_name\" content=\"Horticom.ee\" \/>\n<meta property=\"article:publisher\" content=\"https:\/\/www.facebook.com\/horticom.ee\/e-pood\" \/>\n<meta property=\"article:modified_time\" content=\"2026-05-04T13:01:30+00:00\" \/>\n<meta property=\"og:image\" content=\"https:\/\/horticom.ee\/e-pood\/wp-content\/uploads\/importedmedia\/product-153761_0-VC511-538x1024.jpg\" \/>\n\t<meta property=\"og:image:width\" content=\"538\" \/>\n\t<meta property=\"og:image:height\" content=\"1024\" \/>\n\t<meta property=\"og:image:type\" content=\"image\/jpeg\" \/>\n<meta name=\"twitter:card\" content=\"summary_large_image\" \/>\n<script type=\"application\/ld+json\" class=\"yoast-schema-graph\">{\"@context\":\"https:\/\/schema.org\",\"@graph\":[{\"@type\":\"WebPage\",\"@id\":\"https:\/\/horticom.ee\/e-pood\/toode\/lavendel-lavendula-officinalis\/\",\"url\":\"https:\/\/horticom.ee\/e-pood\/toode\/lavendel-lavendula-officinalis\/\",\"name\":\"Lavendel Lavendula officinalis - Horticom.ee\/e-pood\",\"isPartOf\":{\"@id\":\"https:\/\/horticom.ee\/e-pood\/#website\"},\"primaryImageOfPage\":{\"@id\":\"https:\/\/horticom.ee\/e-pood\/toode\/lavendel-lavendula-officinalis\/#primaryimage\"},\"image\":{\"@id\":\"https:\/\/horticom.ee\/e-pood\/toode\/lavendel-lavendula-officinalis\/#primaryimage\"},\"thumbnailUrl\":\"https:\/\/horticom.ee\/e-pood\/wp-content\/uploads\/importedmedia\/product-153761_0-VC511.jpg\",\"datePublished\":\"2022-01-17T14:09:23+00:00\",\"dateModified\":\"2026-05-04T13:01:30+00:00\",\"description\":\"Lavendel \u2013 mitmeaastane taim, k\u00f5rgus kuni 50 cm. Kasutatakse dekoratiiv- ja ravimtaimena, sobib kuivlilleseadeteks ja l\u00f5hnava koit\u00f5rjevahendina.\",\"breadcrumb\":{\"@id\":\"https:\/\/horticom.ee\/e-pood\/toode\/lavendel-lavendula-officinalis\/#breadcrumb\"},\"inLanguage\":\"et\",\"potentialAction\":[{\"@type\":\"ReadAction\",\"target\":[\"https:\/\/horticom.ee\/e-pood\/toode\/lavendel-lavendula-officinalis\/\"]}]},{\"@type\":\"ImageObject\",\"inLanguage\":\"et\",\"@id\":\"https:\/\/horticom.ee\/e-pood\/toode\/lavendel-lavendula-officinalis\/#primaryimage\",\"url\":\"https:\/\/horticom.ee\/e-pood\/wp-content\/uploads\/importedmedia\/product-153761_0-VC511.jpg\",\"contentUrl\":\"https:\/\/horticom.ee\/e-pood\/wp-content\/uploads\/importedmedia\/product-153761_0-VC511.jpg\",\"width\":1000,\"height\":1905,\"caption\":\"Lavendel Lavendula officinalis\"},{\"@type\":\"BreadcrumbList\",\"@id\":\"https:\/\/horticom.ee\/e-pood\/toode\/lavendel-lavendula-officinalis\/#breadcrumb\",\"itemListElement\":[{\"@type\":\"ListItem\",\"position\":1,\"name\":\"Home\",\"item\":\"https:\/\/horticom.ee\/e-pood\/\"},{\"@type\":\"ListItem\",\"position\":2,\"name\":\"Pood\",\"item\":\"https:\/\/horticom.ee\/e-pood\/pood\/\"},{\"@type\":\"ListItem\",\"position\":3,\"name\":\"Lavendel Lavendula officinalis\"}]},{\"@type\":\"WebSite\",\"@id\":\"https:\/\/horticom.ee\/e-pood\/#website\",\"url\":\"https:\/\/horticom.ee\/e-pood\/\",\"name\":\"Horticom.ee\",\"description\":\"Aianduskaubad ja kodukaubad nii harrastajatele kui professionaalidele\",\"potentialAction\":[{\"@type\":\"SearchAction\",\"target\":{\"@type\":\"EntryPoint\",\"urlTemplate\":\"https:\/\/horticom.ee\/e-pood\/?s={search_term_string}\"},\"query-input\":{\"@type\":\"PropertyValueSpecification\",\"valueRequired\":true,\"valueName\":\"search_term_string\"}}],\"inLanguage\":\"et\"}]}<\/script>\n<!-- \/ Yoast SEO plugin. -->","yoast_head_json":{"title":"Lavendel Lavendula officinalis - Horticom.ee\/e-pood","description":"Lavendel \u2013 mitmeaastane taim, k\u00f5rgus kuni 50 cm. Kasutatakse dekoratiiv- ja ravimtaimena, sobib kuivlilleseadeteks ja l\u00f5hnava koit\u00f5rjevahendina.","robots":{"index":"index","follow":"follow","max-snippet":"max-snippet:-1","max-image-preview":"max-image-preview:large","max-video-preview":"max-video-preview:-1"},"canonical":"https:\/\/horticom.ee\/e-pood\/toode\/lavendel-lavendula-officinalis\/","og_locale":"et_EE","og_type":"article","og_title":"Lavendel Lavendula officinalis - Horticom.ee\/e-pood","og_description":"Lavendel \u2013 mitmeaastane taim, k\u00f5rgus kuni 50 cm. Kasutatakse dekoratiiv- ja ravimtaimena, sobib kuivlilleseadeteks ja l\u00f5hnava koit\u00f5rjevahendina.","og_url":"https:\/\/horticom.ee\/e-pood\/toode\/lavendel-lavendula-officinalis\/","og_site_name":"Horticom.ee","article_publisher":"https:\/\/www.facebook.com\/horticom.ee\/e-pood","article_modified_time":"2026-05-04T13:01:30+00:00","og_image":[{"width":538,"height":1024,"url":"https:\/\/horticom.ee\/e-pood\/wp-content\/uploads\/importedmedia\/product-153761_0-VC511-538x1024.jpg","type":"image\/jpeg"}],"twitter_card":"summary_large_image","schema":{"@context":"https:\/\/schema.org","@graph":[{"@type":"WebPage","@id":"https:\/\/horticom.ee\/e-pood\/toode\/lavendel-lavendula-officinalis\/","url":"https:\/\/horticom.ee\/e-pood\/toode\/lavendel-lavendula-officinalis\/","name":"Lavendel Lavendula officinalis - Horticom.ee\/e-pood","isPartOf":{"@id":"https:\/\/horticom.ee\/e-pood\/#website"},"primaryImageOfPage":{"@id":"https:\/\/horticom.ee\/e-pood\/toode\/lavendel-lavendula-officinalis\/#primaryimage"},"image":{"@id":"https:\/\/horticom.ee\/e-pood\/toode\/lavendel-lavendula-officinalis\/#primaryimage"},"thumbnailUrl":"https:\/\/horticom.ee\/e-pood\/wp-content\/uploads\/importedmedia\/product-153761_0-VC511.jpg","datePublished":"2022-01-17T14:09:23+00:00","dateModified":"2026-05-04T13:01:30+00:00","description":"Lavendel \u2013 mitmeaastane taim, k\u00f5rgus kuni 50 cm. Kasutatakse dekoratiiv- ja ravimtaimena, sobib kuivlilleseadeteks ja l\u00f5hnava koit\u00f5rjevahendina.","breadcrumb":{"@id":"https:\/\/horticom.ee\/e-pood\/toode\/lavendel-lavendula-officinalis\/#breadcrumb"},"inLanguage":"et","potentialAction":[{"@type":"ReadAction","target":["https:\/\/horticom.ee\/e-pood\/toode\/lavendel-lavendula-officinalis\/"]}]},{"@type":"ImageObject","inLanguage":"et","@id":"https:\/\/horticom.ee\/e-pood\/toode\/lavendel-lavendula-officinalis\/#primaryimage","url":"https:\/\/horticom.ee\/e-pood\/wp-content\/uploads\/importedmedia\/product-153761_0-VC511.jpg","contentUrl":"https:\/\/horticom.ee\/e-pood\/wp-content\/uploads\/importedmedia\/product-153761_0-VC511.jpg","width":1000,"height":1905,"caption":"Lavendel Lavendula officinalis"},{"@type":"BreadcrumbList","@id":"https:\/\/horticom.ee\/e-pood\/toode\/lavendel-lavendula-officinalis\/#breadcrumb","itemListElement":[{"@type":"ListItem","position":1,"name":"Home","item":"https:\/\/horticom.ee\/e-pood\/"},{"@type":"ListItem","position":2,"name":"Pood","item":"https:\/\/horticom.ee\/e-pood\/pood\/"},{"@type":"ListItem","position":3,"name":"Lavendel Lavendula officinalis"}]},{"@type":"WebSite","@id":"https:\/\/horticom.ee\/e-pood\/#website","url":"https:\/\/horticom.ee\/e-pood\/","name":"Horticom.ee","description":"Aianduskaubad ja kodukaubad nii harrastajatele kui professionaalidele","potentialAction":[{"@type":"SearchAction","target":{"@type":"EntryPoint","urlTemplate":"https:\/\/horticom.ee\/e-pood\/?s={search_term_string}"},"query-input":{"@type":"PropertyValueSpecification","valueRequired":true,"valueName":"search_term_string"}}],"inLanguage":"et"}]}},"_links":{"self":[{"href":"https:\/\/horticom.ee\/e-pood\/wp-json\/wp\/v2\/product\/153761","targetHints":{"allow":["GET"]}}],"collection":[{"href":"https:\/\/horticom.ee\/e-pood\/wp-json\/wp\/v2\/product"}],"about":[{"href":"https:\/\/horticom.ee\/e-pood\/wp-json\/wp\/v2\/types\/product"}],"replies":[{"embeddable":true,"href":"https:\/\/horticom.ee\/e-pood\/wp-json\/wp\/v2\/comments?post=153761"}],"wp:featuredmedia":[{"embeddable":true,"href":"https:\/\/horticom.ee\/e-pood\/wp-json\/wp\/v2\/media\/153815"}],"wp:attachment":[{"href":"https:\/\/horticom.ee\/e-pood\/wp-json\/wp\/v2\/media?parent=153761"}],"wp:term":[{"taxonomy":"product_cat","embeddable":true,"href":"https:\/\/horticom.ee\/e-pood\/wp-json\/wp\/v2\/product_cat?post=153761"},{"taxonomy":"product_tag","embeddable":true,"href":"https:\/\/horticom.ee\/e-pood\/wp-json\/wp\/v2\/product_tag?post=153761"}],"curies":[{"name":"wp","href":"https:\/\/api.w.org\/{rel}","templated":true}]}}