{"id":154534,"date":"2022-01-18T00:06:06","date_gmt":"2022-01-17T22:06:06","guid":{"rendered":"https:\/\/aednik24.ee\/toode\/aedaster-unicum-roosa-callistephus-chinensis-l-ness\/"},"modified":"2026-04-19T03:11:43","modified_gmt":"2026-04-19T00:11:43","slug":"aedaster-unicum-roosa-callistephus-chinensis-l-ness","status":"publish","type":"product","link":"https:\/\/horticom.ee\/e-pood\/toode\/aedaster-unicum-roosa-callistephus-chinensis-l-ness\/","title":{"rendered":"Aedaster Unicum roosa &#8211; Callistephus chinensis (L.) Ness"},"content":{"rendered":"<p>Aedaster Unicum roosa on \u00fcheaastane, 50cm k\u00f5rgune taim. \u00d5ied on suured ja erksad. Taim on haruline. Istutatakse \u00fcheaastaste taimede peenardesse, \u00f5isi nopitakse kimpude jaoks. K\u00f5ige paremini kasvab viljakas, vett ja \u00f5hku l\u00e4bilaskvas pinnases. K\u00fclmakindel. 1g \u2013 umbes 450 seemet<\/p>\n","protected":false},"excerpt":{"rendered":"<p>Aedaster Unicum roosa on \u00fcheaastane, 50cm k\u00f5rgune taim. \u00d5ied on suured ja erksad. Taim on haruline. Istutatakse \u00fcheaastaste taimede peenardesse, \u00f5isi nopitakse kimpude jaoks. K\u00f5ige paremini kasvab viljakas, vett ja \u00f5hku l\u00e4bilaskvas pinnases. K\u00fclmakindel. 1g \u2013 umbes 450 seemet<\/p>\n","protected":false},"featured_media":363410,"comment_status":"closed","ping_status":"closed","template":"","meta":{"_themeisle_gutenberg_block_has_review":false},"product_cat":[13535],"product_tag":[],"class_list":{"0":"post-154534","1":"product","2":"type-product","3":"status-publish","4":"has-post-thumbnail","6":"product_cat-aster","8":"first","9":"outofstock","10":"shipping-taxable","11":"purchasable","12":"product-type-simple"},"yoast_head":"<!-- This site is optimized with the Yoast SEO plugin v24.0 - https:\/\/yoast.com\/wordpress\/plugins\/seo\/ -->\n<title>Aedaster Unicum roosa - Callistephus chinensis (L.) Ness<\/title>\n<meta name=\"description\" content=\"Aedaster Unicum roosa \u2013 \u00dcheaastane, 50 cm k\u00f5rgune, suurte erksate \u00f5itega. Peenardesse ja kimpudesse. Kasvab viljakas pinnases, k\u00fclmakindel.\" \/>\n<meta name=\"robots\" content=\"index, follow, max-snippet:-1, max-image-preview:large, max-video-preview:-1\" \/>\n<link rel=\"canonical\" href=\"https:\/\/horticom.ee\/e-pood\/toode\/aedaster-unicum-roosa-callistephus-chinensis-l-ness\/\" \/>\n<meta property=\"og:locale\" content=\"et_EE\" \/>\n<meta property=\"og:type\" content=\"article\" \/>\n<meta property=\"og:title\" content=\"Aedaster Unicum roosa - Callistephus chinensis (L.) Ness\" \/>\n<meta property=\"og:description\" content=\"Aedaster Unicum roosa \u2013 \u00dcheaastane, 50 cm k\u00f5rgune, suurte erksate \u00f5itega. Peenardesse ja kimpudesse. Kasvab viljakas pinnases, k\u00fclmakindel.\" \/>\n<meta property=\"og:url\" content=\"https:\/\/horticom.ee\/e-pood\/toode\/aedaster-unicum-roosa-callistephus-chinensis-l-ness\/\" \/>\n<meta property=\"og:site_name\" content=\"Horticom.ee\" \/>\n<meta property=\"article:publisher\" content=\"https:\/\/www.facebook.com\/horticom.ee\/e-pood\" \/>\n<meta property=\"article:modified_time\" content=\"2026-04-19T00:11:43+00:00\" \/>\n<meta property=\"og:image\" content=\"https:\/\/horticom.ee\/e-pood\/wp-content\/uploads\/importedmedia\/product-154534_0-LB2017.jpg\" \/>\n\t<meta property=\"og:image:width\" content=\"999\" \/>\n\t<meta property=\"og:image:height\" content=\"1067\" \/>\n\t<meta property=\"og:image:type\" content=\"image\/jpeg\" \/>\n<meta name=\"twitter:card\" content=\"summary_large_image\" \/>\n<script type=\"application\/ld+json\" class=\"yoast-schema-graph\">{\"@context\":\"https:\/\/schema.org\",\"@graph\":[{\"@type\":\"WebPage\",\"@id\":\"https:\/\/horticom.ee\/e-pood\/toode\/aedaster-unicum-roosa-callistephus-chinensis-l-ness\/\",\"url\":\"https:\/\/horticom.ee\/e-pood\/toode\/aedaster-unicum-roosa-callistephus-chinensis-l-ness\/\",\"name\":\"Aedaster Unicum roosa - Callistephus chinensis (L.) Ness\",\"isPartOf\":{\"@id\":\"https:\/\/horticom.ee\/e-pood\/#website\"},\"primaryImageOfPage\":{\"@id\":\"https:\/\/horticom.ee\/e-pood\/toode\/aedaster-unicum-roosa-callistephus-chinensis-l-ness\/#primaryimage\"},\"image\":{\"@id\":\"https:\/\/horticom.ee\/e-pood\/toode\/aedaster-unicum-roosa-callistephus-chinensis-l-ness\/#primaryimage\"},\"thumbnailUrl\":\"https:\/\/horticom.ee\/e-pood\/wp-content\/uploads\/importedmedia\/product-154534_0-LB2017.jpg\",\"datePublished\":\"2022-01-17T22:06:06+00:00\",\"dateModified\":\"2026-04-19T00:11:43+00:00\",\"description\":\"Aedaster Unicum roosa \u2013 \u00dcheaastane, 50 cm k\u00f5rgune, suurte erksate \u00f5itega. Peenardesse ja kimpudesse. Kasvab viljakas pinnases, k\u00fclmakindel.\",\"breadcrumb\":{\"@id\":\"https:\/\/horticom.ee\/e-pood\/toode\/aedaster-unicum-roosa-callistephus-chinensis-l-ness\/#breadcrumb\"},\"inLanguage\":\"et\",\"potentialAction\":[{\"@type\":\"ReadAction\",\"target\":[\"https:\/\/horticom.ee\/e-pood\/toode\/aedaster-unicum-roosa-callistephus-chinensis-l-ness\/\"]}]},{\"@type\":\"ImageObject\",\"inLanguage\":\"et\",\"@id\":\"https:\/\/horticom.ee\/e-pood\/toode\/aedaster-unicum-roosa-callistephus-chinensis-l-ness\/#primaryimage\",\"url\":\"https:\/\/horticom.ee\/e-pood\/wp-content\/uploads\/importedmedia\/product-154534_0-LB2017.jpg\",\"contentUrl\":\"https:\/\/horticom.ee\/e-pood\/wp-content\/uploads\/importedmedia\/product-154534_0-LB2017.jpg\",\"width\":999,\"height\":1067,\"caption\":\"Aedaster Unicum roosa - Callistephus chinensis (L.) Ness\"},{\"@type\":\"BreadcrumbList\",\"@id\":\"https:\/\/horticom.ee\/e-pood\/toode\/aedaster-unicum-roosa-callistephus-chinensis-l-ness\/#breadcrumb\",\"itemListElement\":[{\"@type\":\"ListItem\",\"position\":1,\"name\":\"Home\",\"item\":\"https:\/\/horticom.ee\/e-pood\/\"},{\"@type\":\"ListItem\",\"position\":2,\"name\":\"Pood\",\"item\":\"https:\/\/horticom.ee\/e-pood\/pood\/\"},{\"@type\":\"ListItem\",\"position\":3,\"name\":\"Aedaster Unicum roosa &#8211; Callistephus chinensis (L.) Ness\"}]},{\"@type\":\"WebSite\",\"@id\":\"https:\/\/horticom.ee\/e-pood\/#website\",\"url\":\"https:\/\/horticom.ee\/e-pood\/\",\"name\":\"Horticom.ee\",\"description\":\"Aianduskaubad ja kodukaubad nii harrastajatele kui professionaalidele\",\"potentialAction\":[{\"@type\":\"SearchAction\",\"target\":{\"@type\":\"EntryPoint\",\"urlTemplate\":\"https:\/\/horticom.ee\/e-pood\/?s={search_term_string}\"},\"query-input\":{\"@type\":\"PropertyValueSpecification\",\"valueRequired\":true,\"valueName\":\"search_term_string\"}}],\"inLanguage\":\"et\"}]}<\/script>\n<!-- \/ Yoast SEO plugin. -->","yoast_head_json":{"title":"Aedaster Unicum roosa - Callistephus chinensis (L.) Ness","description":"Aedaster Unicum roosa \u2013 \u00dcheaastane, 50 cm k\u00f5rgune, suurte erksate \u00f5itega. Peenardesse ja kimpudesse. Kasvab viljakas pinnases, k\u00fclmakindel.","robots":{"index":"index","follow":"follow","max-snippet":"max-snippet:-1","max-image-preview":"max-image-preview:large","max-video-preview":"max-video-preview:-1"},"canonical":"https:\/\/horticom.ee\/e-pood\/toode\/aedaster-unicum-roosa-callistephus-chinensis-l-ness\/","og_locale":"et_EE","og_type":"article","og_title":"Aedaster Unicum roosa - Callistephus chinensis (L.) Ness","og_description":"Aedaster Unicum roosa \u2013 \u00dcheaastane, 50 cm k\u00f5rgune, suurte erksate \u00f5itega. Peenardesse ja kimpudesse. Kasvab viljakas pinnases, k\u00fclmakindel.","og_url":"https:\/\/horticom.ee\/e-pood\/toode\/aedaster-unicum-roosa-callistephus-chinensis-l-ness\/","og_site_name":"Horticom.ee","article_publisher":"https:\/\/www.facebook.com\/horticom.ee\/e-pood","article_modified_time":"2026-04-19T00:11:43+00:00","og_image":[{"width":999,"height":1067,"url":"https:\/\/horticom.ee\/e-pood\/wp-content\/uploads\/importedmedia\/product-154534_0-LB2017.jpg","type":"image\/jpeg"}],"twitter_card":"summary_large_image","schema":{"@context":"https:\/\/schema.org","@graph":[{"@type":"WebPage","@id":"https:\/\/horticom.ee\/e-pood\/toode\/aedaster-unicum-roosa-callistephus-chinensis-l-ness\/","url":"https:\/\/horticom.ee\/e-pood\/toode\/aedaster-unicum-roosa-callistephus-chinensis-l-ness\/","name":"Aedaster Unicum roosa - Callistephus chinensis (L.) Ness","isPartOf":{"@id":"https:\/\/horticom.ee\/e-pood\/#website"},"primaryImageOfPage":{"@id":"https:\/\/horticom.ee\/e-pood\/toode\/aedaster-unicum-roosa-callistephus-chinensis-l-ness\/#primaryimage"},"image":{"@id":"https:\/\/horticom.ee\/e-pood\/toode\/aedaster-unicum-roosa-callistephus-chinensis-l-ness\/#primaryimage"},"thumbnailUrl":"https:\/\/horticom.ee\/e-pood\/wp-content\/uploads\/importedmedia\/product-154534_0-LB2017.jpg","datePublished":"2022-01-17T22:06:06+00:00","dateModified":"2026-04-19T00:11:43+00:00","description":"Aedaster Unicum roosa \u2013 \u00dcheaastane, 50 cm k\u00f5rgune, suurte erksate \u00f5itega. Peenardesse ja kimpudesse. Kasvab viljakas pinnases, k\u00fclmakindel.","breadcrumb":{"@id":"https:\/\/horticom.ee\/e-pood\/toode\/aedaster-unicum-roosa-callistephus-chinensis-l-ness\/#breadcrumb"},"inLanguage":"et","potentialAction":[{"@type":"ReadAction","target":["https:\/\/horticom.ee\/e-pood\/toode\/aedaster-unicum-roosa-callistephus-chinensis-l-ness\/"]}]},{"@type":"ImageObject","inLanguage":"et","@id":"https:\/\/horticom.ee\/e-pood\/toode\/aedaster-unicum-roosa-callistephus-chinensis-l-ness\/#primaryimage","url":"https:\/\/horticom.ee\/e-pood\/wp-content\/uploads\/importedmedia\/product-154534_0-LB2017.jpg","contentUrl":"https:\/\/horticom.ee\/e-pood\/wp-content\/uploads\/importedmedia\/product-154534_0-LB2017.jpg","width":999,"height":1067,"caption":"Aedaster Unicum roosa - Callistephus chinensis (L.) Ness"},{"@type":"BreadcrumbList","@id":"https:\/\/horticom.ee\/e-pood\/toode\/aedaster-unicum-roosa-callistephus-chinensis-l-ness\/#breadcrumb","itemListElement":[{"@type":"ListItem","position":1,"name":"Home","item":"https:\/\/horticom.ee\/e-pood\/"},{"@type":"ListItem","position":2,"name":"Pood","item":"https:\/\/horticom.ee\/e-pood\/pood\/"},{"@type":"ListItem","position":3,"name":"Aedaster Unicum roosa &#8211; Callistephus chinensis (L.) Ness"}]},{"@type":"WebSite","@id":"https:\/\/horticom.ee\/e-pood\/#website","url":"https:\/\/horticom.ee\/e-pood\/","name":"Horticom.ee","description":"Aianduskaubad ja kodukaubad nii harrastajatele kui professionaalidele","potentialAction":[{"@type":"SearchAction","target":{"@type":"EntryPoint","urlTemplate":"https:\/\/horticom.ee\/e-pood\/?s={search_term_string}"},"query-input":{"@type":"PropertyValueSpecification","valueRequired":true,"valueName":"search_term_string"}}],"inLanguage":"et"}]}},"_links":{"self":[{"href":"https:\/\/horticom.ee\/e-pood\/wp-json\/wp\/v2\/product\/154534","targetHints":{"allow":["GET"]}}],"collection":[{"href":"https:\/\/horticom.ee\/e-pood\/wp-json\/wp\/v2\/product"}],"about":[{"href":"https:\/\/horticom.ee\/e-pood\/wp-json\/wp\/v2\/types\/product"}],"replies":[{"embeddable":true,"href":"https:\/\/horticom.ee\/e-pood\/wp-json\/wp\/v2\/comments?post=154534"}],"wp:featuredmedia":[{"embeddable":true,"href":"https:\/\/horticom.ee\/e-pood\/wp-json\/wp\/v2\/media\/363410"}],"wp:attachment":[{"href":"https:\/\/horticom.ee\/e-pood\/wp-json\/wp\/v2\/media?parent=154534"}],"wp:term":[{"taxonomy":"product_cat","embeddable":true,"href":"https:\/\/horticom.ee\/e-pood\/wp-json\/wp\/v2\/product_cat?post=154534"},{"taxonomy":"product_tag","embeddable":true,"href":"https:\/\/horticom.ee\/e-pood\/wp-json\/wp\/v2\/product_tag?post=154534"}],"curies":[{"name":"wp","href":"https:\/\/api.w.org\/{rel}","templated":true}]}}