{"id":154537,"date":"2022-01-18T00:06:08","date_gmt":"2022-01-17T22:06:08","guid":{"rendered":"https:\/\/aednik24.ee\/toode\/kurk-dalila-h-cucumis-sativus-l\/"},"modified":"2026-05-01T03:08:03","modified_gmt":"2026-05-01T00:08:03","slug":"kurk-dalila-h-cucumis-sativus-l","status":"publish","type":"product","link":"https:\/\/horticom.ee\/e-pood\/toode\/kurk-dalila-h-cucumis-sativus-l\/","title":{"rendered":"Kurk Dalila H &#8211; Cucumis sativus L."},"content":{"rendered":"<p>Kurk Dalila H \u2013 keskmiselt varajane, viljakas h\u00fcbriidsort. Viljad v\u00e4ikesed, mustade ogadega v\u00e4ikeste k\u00e4rnadega. Vastupidav kurgi\u2013ebajahukastele. Kasutatakse v\u00e4rskelt, sobiv hapendamiseks, konserveerimiseks. K\u00f5ige paremini kasvab huumuselises, paljusid toiteaineid sisaldavas ja vett ning \u00f5hku l\u00e4bilaskvas pinnases. 1g umbes 40 seemet.<\/p>\n","protected":false},"excerpt":{"rendered":"<p>Kurk Dalila H \u2013 keskmiselt varajane, viljakas h\u00fcbriidsort. Viljad v\u00e4ikesed, mustade ogadega v\u00e4ikeste k\u00e4rnadega. Vastupidav kurgi\u2013ebajahukastele. Kasutatakse v\u00e4rskelt, sobiv hapendamiseks, konserveerimiseks. K\u00f5ige paremini kasvab huumuselises, paljusid toiteaineid sisaldavas ja vett ning \u00f5hku l\u00e4bilaskvas pinnases. 1g umbes 40 seemet.<\/p>\n","protected":false},"featured_media":165822,"comment_status":"closed","ping_status":"closed","template":"","meta":{"_themeisle_gutenberg_block_has_review":false},"product_cat":[13493],"product_tag":[],"class_list":{"0":"post-154537","1":"product","2":"type-product","3":"status-publish","4":"has-post-thumbnail","6":"product_cat-kurk","8":"first","9":"instock","10":"shipping-taxable","11":"purchasable","12":"product-type-simple"},"yoast_head":"<!-- This site is optimized with the Yoast SEO plugin v24.0 - https:\/\/yoast.com\/wordpress\/plugins\/seo\/ -->\n<title>Kurk Dalila H - Cucumis sativus L. - Horticom.ee\/e-pood<\/title>\n<meta name=\"description\" content=\"Kurk Dalila H \u2013 keskmiselt varajane viljakas h\u00fcbriid. V\u00e4ikesed, mustade ogadega viljad, sobib h\u00e4sti konserveerimiseks ja hapendamiseks.\" \/>\n<meta name=\"robots\" content=\"index, follow, max-snippet:-1, max-image-preview:large, max-video-preview:-1\" \/>\n<link rel=\"canonical\" href=\"https:\/\/horticom.ee\/e-pood\/toode\/kurk-dalila-h-cucumis-sativus-l\/\" \/>\n<meta property=\"og:locale\" content=\"et_EE\" \/>\n<meta property=\"og:type\" content=\"article\" \/>\n<meta property=\"og:title\" content=\"Kurk Dalila H - Cucumis sativus L. - Horticom.ee\/e-pood\" \/>\n<meta property=\"og:description\" content=\"Kurk Dalila H \u2013 keskmiselt varajane viljakas h\u00fcbriid. V\u00e4ikesed, mustade ogadega viljad, sobib h\u00e4sti konserveerimiseks ja hapendamiseks.\" \/>\n<meta property=\"og:url\" content=\"https:\/\/horticom.ee\/e-pood\/toode\/kurk-dalila-h-cucumis-sativus-l\/\" \/>\n<meta property=\"og:site_name\" content=\"Horticom.ee\" \/>\n<meta property=\"article:publisher\" content=\"https:\/\/www.facebook.com\/horticom.ee\/e-pood\" \/>\n<meta property=\"article:modified_time\" content=\"2026-05-01T00:08:03+00:00\" \/>\n<meta property=\"og:image\" content=\"https:\/\/horticom.ee\/e-pood\/wp-content\/uploads\/importedmedia\/product-154537_0-LA1002.jpg\" \/>\n\t<meta property=\"og:image:width\" content=\"999\" \/>\n\t<meta property=\"og:image:height\" content=\"1765\" \/>\n\t<meta property=\"og:image:type\" content=\"image\/jpeg\" \/>\n<meta name=\"twitter:card\" content=\"summary_large_image\" \/>\n<script type=\"application\/ld+json\" class=\"yoast-schema-graph\">{\"@context\":\"https:\/\/schema.org\",\"@graph\":[{\"@type\":\"WebPage\",\"@id\":\"https:\/\/horticom.ee\/e-pood\/toode\/kurk-dalila-h-cucumis-sativus-l\/\",\"url\":\"https:\/\/horticom.ee\/e-pood\/toode\/kurk-dalila-h-cucumis-sativus-l\/\",\"name\":\"Kurk Dalila H - Cucumis sativus L. - Horticom.ee\/e-pood\",\"isPartOf\":{\"@id\":\"https:\/\/horticom.ee\/e-pood\/#website\"},\"primaryImageOfPage\":{\"@id\":\"https:\/\/horticom.ee\/e-pood\/toode\/kurk-dalila-h-cucumis-sativus-l\/#primaryimage\"},\"image\":{\"@id\":\"https:\/\/horticom.ee\/e-pood\/toode\/kurk-dalila-h-cucumis-sativus-l\/#primaryimage\"},\"thumbnailUrl\":\"https:\/\/horticom.ee\/e-pood\/wp-content\/uploads\/importedmedia\/product-154537_0-LA1002.jpg\",\"datePublished\":\"2022-01-17T22:06:08+00:00\",\"dateModified\":\"2026-05-01T00:08:03+00:00\",\"description\":\"Kurk Dalila H \u2013 keskmiselt varajane viljakas h\u00fcbriid. V\u00e4ikesed, mustade ogadega viljad, sobib h\u00e4sti konserveerimiseks ja hapendamiseks.\",\"breadcrumb\":{\"@id\":\"https:\/\/horticom.ee\/e-pood\/toode\/kurk-dalila-h-cucumis-sativus-l\/#breadcrumb\"},\"inLanguage\":\"et\",\"potentialAction\":[{\"@type\":\"ReadAction\",\"target\":[\"https:\/\/horticom.ee\/e-pood\/toode\/kurk-dalila-h-cucumis-sativus-l\/\"]}]},{\"@type\":\"ImageObject\",\"inLanguage\":\"et\",\"@id\":\"https:\/\/horticom.ee\/e-pood\/toode\/kurk-dalila-h-cucumis-sativus-l\/#primaryimage\",\"url\":\"https:\/\/horticom.ee\/e-pood\/wp-content\/uploads\/importedmedia\/product-154537_0-LA1002.jpg\",\"contentUrl\":\"https:\/\/horticom.ee\/e-pood\/wp-content\/uploads\/importedmedia\/product-154537_0-LA1002.jpg\",\"width\":999,\"height\":1765,\"caption\":\"Kurk Dalila H - Cucumis sativus L.\"},{\"@type\":\"BreadcrumbList\",\"@id\":\"https:\/\/horticom.ee\/e-pood\/toode\/kurk-dalila-h-cucumis-sativus-l\/#breadcrumb\",\"itemListElement\":[{\"@type\":\"ListItem\",\"position\":1,\"name\":\"Home\",\"item\":\"https:\/\/horticom.ee\/e-pood\/\"},{\"@type\":\"ListItem\",\"position\":2,\"name\":\"Pood\",\"item\":\"https:\/\/horticom.ee\/e-pood\/pood\/\"},{\"@type\":\"ListItem\",\"position\":3,\"name\":\"Kurk Dalila H &#8211; Cucumis sativus L.\"}]},{\"@type\":\"WebSite\",\"@id\":\"https:\/\/horticom.ee\/e-pood\/#website\",\"url\":\"https:\/\/horticom.ee\/e-pood\/\",\"name\":\"Horticom.ee\",\"description\":\"Aianduskaubad ja kodukaubad nii harrastajatele kui professionaalidele\",\"potentialAction\":[{\"@type\":\"SearchAction\",\"target\":{\"@type\":\"EntryPoint\",\"urlTemplate\":\"https:\/\/horticom.ee\/e-pood\/?s={search_term_string}\"},\"query-input\":{\"@type\":\"PropertyValueSpecification\",\"valueRequired\":true,\"valueName\":\"search_term_string\"}}],\"inLanguage\":\"et\"}]}<\/script>\n<!-- \/ Yoast SEO plugin. -->","yoast_head_json":{"title":"Kurk Dalila H - Cucumis sativus L. - Horticom.ee\/e-pood","description":"Kurk Dalila H \u2013 keskmiselt varajane viljakas h\u00fcbriid. V\u00e4ikesed, mustade ogadega viljad, sobib h\u00e4sti konserveerimiseks ja hapendamiseks.","robots":{"index":"index","follow":"follow","max-snippet":"max-snippet:-1","max-image-preview":"max-image-preview:large","max-video-preview":"max-video-preview:-1"},"canonical":"https:\/\/horticom.ee\/e-pood\/toode\/kurk-dalila-h-cucumis-sativus-l\/","og_locale":"et_EE","og_type":"article","og_title":"Kurk Dalila H - Cucumis sativus L. - Horticom.ee\/e-pood","og_description":"Kurk Dalila H \u2013 keskmiselt varajane viljakas h\u00fcbriid. V\u00e4ikesed, mustade ogadega viljad, sobib h\u00e4sti konserveerimiseks ja hapendamiseks.","og_url":"https:\/\/horticom.ee\/e-pood\/toode\/kurk-dalila-h-cucumis-sativus-l\/","og_site_name":"Horticom.ee","article_publisher":"https:\/\/www.facebook.com\/horticom.ee\/e-pood","article_modified_time":"2026-05-01T00:08:03+00:00","og_image":[{"width":999,"height":1765,"url":"https:\/\/horticom.ee\/e-pood\/wp-content\/uploads\/importedmedia\/product-154537_0-LA1002.jpg","type":"image\/jpeg"}],"twitter_card":"summary_large_image","schema":{"@context":"https:\/\/schema.org","@graph":[{"@type":"WebPage","@id":"https:\/\/horticom.ee\/e-pood\/toode\/kurk-dalila-h-cucumis-sativus-l\/","url":"https:\/\/horticom.ee\/e-pood\/toode\/kurk-dalila-h-cucumis-sativus-l\/","name":"Kurk Dalila H - Cucumis sativus L. - Horticom.ee\/e-pood","isPartOf":{"@id":"https:\/\/horticom.ee\/e-pood\/#website"},"primaryImageOfPage":{"@id":"https:\/\/horticom.ee\/e-pood\/toode\/kurk-dalila-h-cucumis-sativus-l\/#primaryimage"},"image":{"@id":"https:\/\/horticom.ee\/e-pood\/toode\/kurk-dalila-h-cucumis-sativus-l\/#primaryimage"},"thumbnailUrl":"https:\/\/horticom.ee\/e-pood\/wp-content\/uploads\/importedmedia\/product-154537_0-LA1002.jpg","datePublished":"2022-01-17T22:06:08+00:00","dateModified":"2026-05-01T00:08:03+00:00","description":"Kurk Dalila H \u2013 keskmiselt varajane viljakas h\u00fcbriid. V\u00e4ikesed, mustade ogadega viljad, sobib h\u00e4sti konserveerimiseks ja hapendamiseks.","breadcrumb":{"@id":"https:\/\/horticom.ee\/e-pood\/toode\/kurk-dalila-h-cucumis-sativus-l\/#breadcrumb"},"inLanguage":"et","potentialAction":[{"@type":"ReadAction","target":["https:\/\/horticom.ee\/e-pood\/toode\/kurk-dalila-h-cucumis-sativus-l\/"]}]},{"@type":"ImageObject","inLanguage":"et","@id":"https:\/\/horticom.ee\/e-pood\/toode\/kurk-dalila-h-cucumis-sativus-l\/#primaryimage","url":"https:\/\/horticom.ee\/e-pood\/wp-content\/uploads\/importedmedia\/product-154537_0-LA1002.jpg","contentUrl":"https:\/\/horticom.ee\/e-pood\/wp-content\/uploads\/importedmedia\/product-154537_0-LA1002.jpg","width":999,"height":1765,"caption":"Kurk Dalila H - Cucumis sativus L."},{"@type":"BreadcrumbList","@id":"https:\/\/horticom.ee\/e-pood\/toode\/kurk-dalila-h-cucumis-sativus-l\/#breadcrumb","itemListElement":[{"@type":"ListItem","position":1,"name":"Home","item":"https:\/\/horticom.ee\/e-pood\/"},{"@type":"ListItem","position":2,"name":"Pood","item":"https:\/\/horticom.ee\/e-pood\/pood\/"},{"@type":"ListItem","position":3,"name":"Kurk Dalila H &#8211; Cucumis sativus L."}]},{"@type":"WebSite","@id":"https:\/\/horticom.ee\/e-pood\/#website","url":"https:\/\/horticom.ee\/e-pood\/","name":"Horticom.ee","description":"Aianduskaubad ja kodukaubad nii harrastajatele kui professionaalidele","potentialAction":[{"@type":"SearchAction","target":{"@type":"EntryPoint","urlTemplate":"https:\/\/horticom.ee\/e-pood\/?s={search_term_string}"},"query-input":{"@type":"PropertyValueSpecification","valueRequired":true,"valueName":"search_term_string"}}],"inLanguage":"et"}]}},"_links":{"self":[{"href":"https:\/\/horticom.ee\/e-pood\/wp-json\/wp\/v2\/product\/154537","targetHints":{"allow":["GET"]}}],"collection":[{"href":"https:\/\/horticom.ee\/e-pood\/wp-json\/wp\/v2\/product"}],"about":[{"href":"https:\/\/horticom.ee\/e-pood\/wp-json\/wp\/v2\/types\/product"}],"replies":[{"embeddable":true,"href":"https:\/\/horticom.ee\/e-pood\/wp-json\/wp\/v2\/comments?post=154537"}],"wp:featuredmedia":[{"embeddable":true,"href":"https:\/\/horticom.ee\/e-pood\/wp-json\/wp\/v2\/media\/165822"}],"wp:attachment":[{"href":"https:\/\/horticom.ee\/e-pood\/wp-json\/wp\/v2\/media?parent=154537"}],"wp:term":[{"taxonomy":"product_cat","embeddable":true,"href":"https:\/\/horticom.ee\/e-pood\/wp-json\/wp\/v2\/product_cat?post=154537"},{"taxonomy":"product_tag","embeddable":true,"href":"https:\/\/horticom.ee\/e-pood\/wp-json\/wp\/v2\/product_tag?post=154537"}],"curies":[{"name":"wp","href":"https:\/\/api.w.org\/{rel}","templated":true}]}}