{"id":154775,"date":"2022-01-18T00:08:24","date_gmt":"2022-01-17T22:08:24","guid":{"rendered":"https:\/\/aednik24.ee\/toode\/vilt-ristirohi-candicans-senecio-cineraria-dc-2\/"},"modified":"2026-04-19T03:11:51","modified_gmt":"2026-04-19T00:11:51","slug":"vilt-ristirohi-candicans-senecio-cineraria-dc-2","status":"publish","type":"product","link":"https:\/\/horticom.ee\/e-pood\/toode\/vilt-ristirohi-candicans-senecio-cineraria-dc-2\/","title":{"rendered":"Vilt-ristirohi Candicans &#8211; Senecio cineraria DC."},"content":{"rendered":"<p>Vilt-ristirohi Candicans on 25\u201335 cm k\u00f5rgune taim. Kasvatatakse haljasaladel. Kasutatakse haudade haljastamiseks, komponeeritakse koos erksav\u00e4rviliste lilledega. 1g \u2013 umbes 300 seemet. Dekoratiivne t\u00e4nu enda hallidele lehtedele. J\u00e4\u00e4b dekoratiivseks ka peale esimesi k\u00fclmasid.<\/p>\n","protected":false},"excerpt":{"rendered":"<p>Vilt-ristirohi Candicans on 25\u201335 cm k\u00f5rgune taim. Kasvatatakse haljasaladel. Kasutatakse haudade haljastamiseks, komponeeritakse koos erksav\u00e4rviliste lilledega. 1g \u2013 umbes 300 seemet. Dekoratiivne t\u00e4nu enda hallidele lehtedele. J\u00e4\u00e4b dekoratiivseks ka peale esimesi k\u00fclmasid.<\/p>\n","protected":false},"featured_media":162214,"comment_status":"closed","ping_status":"closed","template":"","meta":{"_themeisle_gutenberg_block_has_review":false},"product_cat":[13524],"product_tag":[],"class_list":{"0":"post-154775","1":"product","2":"type-product","3":"status-publish","4":"has-post-thumbnail","6":"product_cat-lehtdekoratiiv","8":"first","9":"instock","10":"shipping-taxable","11":"purchasable","12":"product-type-simple"},"yoast_head":"<!-- This site is optimized with the Yoast SEO plugin v24.0 - https:\/\/yoast.com\/wordpress\/plugins\/seo\/ -->\n<title>Vilt-ristirohi Candicans - Senecio cineraria DC.<\/title>\n<meta name=\"description\" content=\"Vilt-ristirohi Candicans, 25\u201335 cm hallide lehtedega taim, sobib haljasaladele ja haudadele.\" \/>\n<meta name=\"robots\" content=\"index, follow, max-snippet:-1, max-image-preview:large, max-video-preview:-1\" \/>\n<link rel=\"canonical\" href=\"https:\/\/horticom.ee\/e-pood\/toode\/vilt-ristirohi-candicans-senecio-cineraria-dc-2\/\" \/>\n<meta property=\"og:locale\" content=\"et_EE\" \/>\n<meta property=\"og:type\" content=\"article\" \/>\n<meta property=\"og:title\" content=\"Vilt-ristirohi Candicans - Senecio cineraria DC.\" \/>\n<meta property=\"og:description\" content=\"Vilt-ristirohi Candicans, 25\u201335 cm hallide lehtedega taim, sobib haljasaladele ja haudadele.\" \/>\n<meta property=\"og:url\" content=\"https:\/\/horticom.ee\/e-pood\/toode\/vilt-ristirohi-candicans-senecio-cineraria-dc-2\/\" \/>\n<meta property=\"og:site_name\" content=\"Horticom.ee\" \/>\n<meta property=\"article:publisher\" content=\"https:\/\/www.facebook.com\/horticom.ee\/e-pood\" \/>\n<meta property=\"article:modified_time\" content=\"2026-04-19T00:11:51+00:00\" \/>\n<meta property=\"og:image\" content=\"https:\/\/horticom.ee\/e-pood\/wp-content\/uploads\/importedmedia\/product-154775_0-LB2053.jpg\" \/>\n\t<meta property=\"og:image:width\" content=\"1000\" \/>\n\t<meta property=\"og:image:height\" content=\"1755\" \/>\n\t<meta property=\"og:image:type\" content=\"image\/jpeg\" \/>\n<meta name=\"twitter:card\" content=\"summary_large_image\" \/>\n<script type=\"application\/ld+json\" class=\"yoast-schema-graph\">{\"@context\":\"https:\/\/schema.org\",\"@graph\":[{\"@type\":\"WebPage\",\"@id\":\"https:\/\/horticom.ee\/e-pood\/toode\/vilt-ristirohi-candicans-senecio-cineraria-dc-2\/\",\"url\":\"https:\/\/horticom.ee\/e-pood\/toode\/vilt-ristirohi-candicans-senecio-cineraria-dc-2\/\",\"name\":\"Vilt-ristirohi Candicans - Senecio cineraria DC.\",\"isPartOf\":{\"@id\":\"https:\/\/horticom.ee\/e-pood\/#website\"},\"primaryImageOfPage\":{\"@id\":\"https:\/\/horticom.ee\/e-pood\/toode\/vilt-ristirohi-candicans-senecio-cineraria-dc-2\/#primaryimage\"},\"image\":{\"@id\":\"https:\/\/horticom.ee\/e-pood\/toode\/vilt-ristirohi-candicans-senecio-cineraria-dc-2\/#primaryimage\"},\"thumbnailUrl\":\"https:\/\/horticom.ee\/e-pood\/wp-content\/uploads\/importedmedia\/product-154775_0-LB2053.jpg\",\"datePublished\":\"2022-01-17T22:08:24+00:00\",\"dateModified\":\"2026-04-19T00:11:51+00:00\",\"description\":\"Vilt-ristirohi Candicans, 25\u201335 cm hallide lehtedega taim, sobib haljasaladele ja haudadele.\",\"breadcrumb\":{\"@id\":\"https:\/\/horticom.ee\/e-pood\/toode\/vilt-ristirohi-candicans-senecio-cineraria-dc-2\/#breadcrumb\"},\"inLanguage\":\"et\",\"potentialAction\":[{\"@type\":\"ReadAction\",\"target\":[\"https:\/\/horticom.ee\/e-pood\/toode\/vilt-ristirohi-candicans-senecio-cineraria-dc-2\/\"]}]},{\"@type\":\"ImageObject\",\"inLanguage\":\"et\",\"@id\":\"https:\/\/horticom.ee\/e-pood\/toode\/vilt-ristirohi-candicans-senecio-cineraria-dc-2\/#primaryimage\",\"url\":\"https:\/\/horticom.ee\/e-pood\/wp-content\/uploads\/importedmedia\/product-154775_0-LB2053.jpg\",\"contentUrl\":\"https:\/\/horticom.ee\/e-pood\/wp-content\/uploads\/importedmedia\/product-154775_0-LB2053.jpg\",\"width\":1000,\"height\":1755,\"caption\":\"Vilt-ristirohi Candicans - Senecio cineraria DC.\"},{\"@type\":\"BreadcrumbList\",\"@id\":\"https:\/\/horticom.ee\/e-pood\/toode\/vilt-ristirohi-candicans-senecio-cineraria-dc-2\/#breadcrumb\",\"itemListElement\":[{\"@type\":\"ListItem\",\"position\":1,\"name\":\"Home\",\"item\":\"https:\/\/horticom.ee\/e-pood\/\"},{\"@type\":\"ListItem\",\"position\":2,\"name\":\"Pood\",\"item\":\"https:\/\/horticom.ee\/e-pood\/pood\/\"},{\"@type\":\"ListItem\",\"position\":3,\"name\":\"Vilt-ristirohi Candicans &#8211; Senecio cineraria DC.\"}]},{\"@type\":\"WebSite\",\"@id\":\"https:\/\/horticom.ee\/e-pood\/#website\",\"url\":\"https:\/\/horticom.ee\/e-pood\/\",\"name\":\"Horticom.ee\",\"description\":\"Aianduskaubad ja kodukaubad nii harrastajatele kui professionaalidele\",\"potentialAction\":[{\"@type\":\"SearchAction\",\"target\":{\"@type\":\"EntryPoint\",\"urlTemplate\":\"https:\/\/horticom.ee\/e-pood\/?s={search_term_string}\"},\"query-input\":{\"@type\":\"PropertyValueSpecification\",\"valueRequired\":true,\"valueName\":\"search_term_string\"}}],\"inLanguage\":\"et\"}]}<\/script>\n<!-- \/ Yoast SEO plugin. -->","yoast_head_json":{"title":"Vilt-ristirohi Candicans - Senecio cineraria DC.","description":"Vilt-ristirohi Candicans, 25\u201335 cm hallide lehtedega taim, sobib haljasaladele ja haudadele.","robots":{"index":"index","follow":"follow","max-snippet":"max-snippet:-1","max-image-preview":"max-image-preview:large","max-video-preview":"max-video-preview:-1"},"canonical":"https:\/\/horticom.ee\/e-pood\/toode\/vilt-ristirohi-candicans-senecio-cineraria-dc-2\/","og_locale":"et_EE","og_type":"article","og_title":"Vilt-ristirohi Candicans - Senecio cineraria DC.","og_description":"Vilt-ristirohi Candicans, 25\u201335 cm hallide lehtedega taim, sobib haljasaladele ja haudadele.","og_url":"https:\/\/horticom.ee\/e-pood\/toode\/vilt-ristirohi-candicans-senecio-cineraria-dc-2\/","og_site_name":"Horticom.ee","article_publisher":"https:\/\/www.facebook.com\/horticom.ee\/e-pood","article_modified_time":"2026-04-19T00:11:51+00:00","og_image":[{"width":1000,"height":1755,"url":"https:\/\/horticom.ee\/e-pood\/wp-content\/uploads\/importedmedia\/product-154775_0-LB2053.jpg","type":"image\/jpeg"}],"twitter_card":"summary_large_image","schema":{"@context":"https:\/\/schema.org","@graph":[{"@type":"WebPage","@id":"https:\/\/horticom.ee\/e-pood\/toode\/vilt-ristirohi-candicans-senecio-cineraria-dc-2\/","url":"https:\/\/horticom.ee\/e-pood\/toode\/vilt-ristirohi-candicans-senecio-cineraria-dc-2\/","name":"Vilt-ristirohi Candicans - Senecio cineraria DC.","isPartOf":{"@id":"https:\/\/horticom.ee\/e-pood\/#website"},"primaryImageOfPage":{"@id":"https:\/\/horticom.ee\/e-pood\/toode\/vilt-ristirohi-candicans-senecio-cineraria-dc-2\/#primaryimage"},"image":{"@id":"https:\/\/horticom.ee\/e-pood\/toode\/vilt-ristirohi-candicans-senecio-cineraria-dc-2\/#primaryimage"},"thumbnailUrl":"https:\/\/horticom.ee\/e-pood\/wp-content\/uploads\/importedmedia\/product-154775_0-LB2053.jpg","datePublished":"2022-01-17T22:08:24+00:00","dateModified":"2026-04-19T00:11:51+00:00","description":"Vilt-ristirohi Candicans, 25\u201335 cm hallide lehtedega taim, sobib haljasaladele ja haudadele.","breadcrumb":{"@id":"https:\/\/horticom.ee\/e-pood\/toode\/vilt-ristirohi-candicans-senecio-cineraria-dc-2\/#breadcrumb"},"inLanguage":"et","potentialAction":[{"@type":"ReadAction","target":["https:\/\/horticom.ee\/e-pood\/toode\/vilt-ristirohi-candicans-senecio-cineraria-dc-2\/"]}]},{"@type":"ImageObject","inLanguage":"et","@id":"https:\/\/horticom.ee\/e-pood\/toode\/vilt-ristirohi-candicans-senecio-cineraria-dc-2\/#primaryimage","url":"https:\/\/horticom.ee\/e-pood\/wp-content\/uploads\/importedmedia\/product-154775_0-LB2053.jpg","contentUrl":"https:\/\/horticom.ee\/e-pood\/wp-content\/uploads\/importedmedia\/product-154775_0-LB2053.jpg","width":1000,"height":1755,"caption":"Vilt-ristirohi Candicans - Senecio cineraria DC."},{"@type":"BreadcrumbList","@id":"https:\/\/horticom.ee\/e-pood\/toode\/vilt-ristirohi-candicans-senecio-cineraria-dc-2\/#breadcrumb","itemListElement":[{"@type":"ListItem","position":1,"name":"Home","item":"https:\/\/horticom.ee\/e-pood\/"},{"@type":"ListItem","position":2,"name":"Pood","item":"https:\/\/horticom.ee\/e-pood\/pood\/"},{"@type":"ListItem","position":3,"name":"Vilt-ristirohi Candicans &#8211; Senecio cineraria DC."}]},{"@type":"WebSite","@id":"https:\/\/horticom.ee\/e-pood\/#website","url":"https:\/\/horticom.ee\/e-pood\/","name":"Horticom.ee","description":"Aianduskaubad ja kodukaubad nii harrastajatele kui professionaalidele","potentialAction":[{"@type":"SearchAction","target":{"@type":"EntryPoint","urlTemplate":"https:\/\/horticom.ee\/e-pood\/?s={search_term_string}"},"query-input":{"@type":"PropertyValueSpecification","valueRequired":true,"valueName":"search_term_string"}}],"inLanguage":"et"}]}},"_links":{"self":[{"href":"https:\/\/horticom.ee\/e-pood\/wp-json\/wp\/v2\/product\/154775","targetHints":{"allow":["GET"]}}],"collection":[{"href":"https:\/\/horticom.ee\/e-pood\/wp-json\/wp\/v2\/product"}],"about":[{"href":"https:\/\/horticom.ee\/e-pood\/wp-json\/wp\/v2\/types\/product"}],"replies":[{"embeddable":true,"href":"https:\/\/horticom.ee\/e-pood\/wp-json\/wp\/v2\/comments?post=154775"}],"wp:featuredmedia":[{"embeddable":true,"href":"https:\/\/horticom.ee\/e-pood\/wp-json\/wp\/v2\/media\/162214"}],"wp:attachment":[{"href":"https:\/\/horticom.ee\/e-pood\/wp-json\/wp\/v2\/media?parent=154775"}],"wp:term":[{"taxonomy":"product_cat","embeddable":true,"href":"https:\/\/horticom.ee\/e-pood\/wp-json\/wp\/v2\/product_cat?post=154775"},{"taxonomy":"product_tag","embeddable":true,"href":"https:\/\/horticom.ee\/e-pood\/wp-json\/wp\/v2\/product_tag?post=154775"}],"curies":[{"name":"wp","href":"https:\/\/api.w.org\/{rel}","templated":true}]}}