{"id":155408,"date":"2022-01-18T00:14:14","date_gmt":"2022-01-17T22:14:14","guid":{"rendered":"https:\/\/aednik24.ee\/toode\/suvikorvits-black-beauty-3g-1\/"},"modified":"2026-04-15T03:12:46","modified_gmt":"2026-04-15T00:12:46","slug":"suvikorvits-black-beauty-3g-1","status":"publish","type":"product","link":"https:\/\/horticom.ee\/e-pood\/toode\/suvikorvits-black-beauty-3g-1\/","title":{"rendered":"Suvik\u00f5rvits Black Beauty 3g 1"},"content":{"rendered":"<p>Suvik\u00f5rvits Black Beauty on keskvarajane kompaktne p\u00f5\u00f5sastaim. Viljad silindrikujulised ja tumerohelised. \u00d5rna kreemikasvalge sisuga. Parimad 15-20cm pikkuselt. Kasvata tuulte eest kaitstud p\u00e4ikselises kasvukohas. Istikuid tuleks ette kasvatada ja  istutada avamaale  p\u00e4rast \u00f6\u00f6k\u00fclmaohu m\u00f6\u00f6dumist.  Varasema saagi saamiseks v\u00f5ib kasutada ajutist kilekatet v\u00f5i plastkuplit. Tolmlemise ja viljumise soodustamiseks soovitatakse kasvuajal puhmiku keskelt 2-3 lehte v\u00e4lja l\u00f5igata. Saaki koristatakse valikuliselt. Suvik\u00f5rvitsal  korjatakse enamasti  7 kuni 10 p\u00e4eva vanuseid noori vilju.<\/p>\n","protected":false},"excerpt":{"rendered":"<p>Suvik\u00f5rvits Black Beauty on keskvarajane kompaktne p\u00f5\u00f5sastaim. Viljad silindrikujulised ja tumerohelised. \u00d5rna kreemikasvalge sisuga. Parimad 15-20cm pikkuselt. Kasvata tuulte eest kaitstud p\u00e4ikselises kasvukohas. Istikuid tuleks ette kasvatada ja istutada avamaale p\u00e4rast \u00f6\u00f6k\u00fclmaohu m\u00f6\u00f6dumist. Varasema saagi saamiseks v\u00f5ib kasutada ajutist kilekatet v\u00f5i plastkuplit. Tolmlemise ja viljumise soodustamiseks soovitatakse kasvuajal puhmiku keskelt 2-3 lehte v\u00e4lja l\u00f5igata. Saaki [&hellip;]<\/p>\n","protected":false},"featured_media":157690,"comment_status":"closed","ping_status":"closed","template":"","meta":{"_themeisle_gutenberg_block_has_review":false},"product_cat":[13482],"product_tag":[],"class_list":{"0":"post-155408","1":"product","2":"type-product","3":"status-publish","4":"has-post-thumbnail","6":"product_cat-suvikorvits-korvits","8":"first","9":"outofstock","10":"shipping-taxable","11":"purchasable","12":"product-type-simple"},"yoast_head":"<!-- This site is optimized with the Yoast SEO plugin v24.0 - https:\/\/yoast.com\/wordpress\/plugins\/seo\/ -->\n<title>Suvik\u00f5rvits Black Beauty 3g 1 - Horticom.ee\/e-pood<\/title>\n<meta name=\"description\" content=\"Keskvarajane p\u00f5\u00f5sasuvik\u00f5rvits, viljad tumerohelised, parimad 15\u201320 cm pikkuselt. Sobib p\u00e4ikselises ja tuulevarjulises kasvukohas.\" \/>\n<meta name=\"robots\" content=\"index, follow, max-snippet:-1, max-image-preview:large, max-video-preview:-1\" \/>\n<link rel=\"canonical\" href=\"https:\/\/horticom.ee\/e-pood\/toode\/suvikorvits-black-beauty-3g-1\/\" \/>\n<meta property=\"og:locale\" content=\"et_EE\" \/>\n<meta property=\"og:type\" content=\"article\" \/>\n<meta property=\"og:title\" content=\"Suvik\u00f5rvits Black Beauty 3g 1 - Horticom.ee\/e-pood\" \/>\n<meta property=\"og:description\" content=\"Keskvarajane p\u00f5\u00f5sasuvik\u00f5rvits, viljad tumerohelised, parimad 15\u201320 cm pikkuselt. Sobib p\u00e4ikselises ja tuulevarjulises kasvukohas.\" \/>\n<meta property=\"og:url\" content=\"https:\/\/horticom.ee\/e-pood\/toode\/suvikorvits-black-beauty-3g-1\/\" \/>\n<meta property=\"og:site_name\" content=\"Horticom.ee\" \/>\n<meta property=\"article:publisher\" content=\"https:\/\/www.facebook.com\/horticom.ee\/e-pood\" \/>\n<meta property=\"article:modified_time\" content=\"2026-04-15T00:12:46+00:00\" \/>\n<meta property=\"og:image\" content=\"https:\/\/horticom.ee\/e-pood\/wp-content\/uploads\/importedmedia\/product-155408_0-HM0619.jpg\" \/>\n\t<meta property=\"og:image:width\" content=\"999\" \/>\n\t<meta property=\"og:image:height\" content=\"1376\" \/>\n\t<meta property=\"og:image:type\" content=\"image\/jpeg\" \/>\n<meta name=\"twitter:card\" content=\"summary_large_image\" \/>\n<script type=\"application\/ld+json\" class=\"yoast-schema-graph\">{\"@context\":\"https:\/\/schema.org\",\"@graph\":[{\"@type\":\"WebPage\",\"@id\":\"https:\/\/horticom.ee\/e-pood\/toode\/suvikorvits-black-beauty-3g-1\/\",\"url\":\"https:\/\/horticom.ee\/e-pood\/toode\/suvikorvits-black-beauty-3g-1\/\",\"name\":\"Suvik\u00f5rvits Black Beauty 3g 1 - Horticom.ee\/e-pood\",\"isPartOf\":{\"@id\":\"https:\/\/horticom.ee\/e-pood\/#website\"},\"primaryImageOfPage\":{\"@id\":\"https:\/\/horticom.ee\/e-pood\/toode\/suvikorvits-black-beauty-3g-1\/#primaryimage\"},\"image\":{\"@id\":\"https:\/\/horticom.ee\/e-pood\/toode\/suvikorvits-black-beauty-3g-1\/#primaryimage\"},\"thumbnailUrl\":\"https:\/\/horticom.ee\/e-pood\/wp-content\/uploads\/importedmedia\/product-155408_0-HM0619.jpg\",\"datePublished\":\"2022-01-17T22:14:14+00:00\",\"dateModified\":\"2026-04-15T00:12:46+00:00\",\"description\":\"Keskvarajane p\u00f5\u00f5sasuvik\u00f5rvits, viljad tumerohelised, parimad 15\u201320 cm pikkuselt. Sobib p\u00e4ikselises ja tuulevarjulises kasvukohas.\",\"breadcrumb\":{\"@id\":\"https:\/\/horticom.ee\/e-pood\/toode\/suvikorvits-black-beauty-3g-1\/#breadcrumb\"},\"inLanguage\":\"et\",\"potentialAction\":[{\"@type\":\"ReadAction\",\"target\":[\"https:\/\/horticom.ee\/e-pood\/toode\/suvikorvits-black-beauty-3g-1\/\"]}]},{\"@type\":\"ImageObject\",\"inLanguage\":\"et\",\"@id\":\"https:\/\/horticom.ee\/e-pood\/toode\/suvikorvits-black-beauty-3g-1\/#primaryimage\",\"url\":\"https:\/\/horticom.ee\/e-pood\/wp-content\/uploads\/importedmedia\/product-155408_0-HM0619.jpg\",\"contentUrl\":\"https:\/\/horticom.ee\/e-pood\/wp-content\/uploads\/importedmedia\/product-155408_0-HM0619.jpg\",\"width\":999,\"height\":1376,\"caption\":\"Suvik\u00f5rvits Black Beauty 3g 1\"},{\"@type\":\"BreadcrumbList\",\"@id\":\"https:\/\/horticom.ee\/e-pood\/toode\/suvikorvits-black-beauty-3g-1\/#breadcrumb\",\"itemListElement\":[{\"@type\":\"ListItem\",\"position\":1,\"name\":\"Home\",\"item\":\"https:\/\/horticom.ee\/e-pood\/\"},{\"@type\":\"ListItem\",\"position\":2,\"name\":\"Pood\",\"item\":\"https:\/\/horticom.ee\/e-pood\/pood\/\"},{\"@type\":\"ListItem\",\"position\":3,\"name\":\"Suvik\u00f5rvits Black Beauty 3g 1\"}]},{\"@type\":\"WebSite\",\"@id\":\"https:\/\/horticom.ee\/e-pood\/#website\",\"url\":\"https:\/\/horticom.ee\/e-pood\/\",\"name\":\"Horticom.ee\",\"description\":\"Aianduskaubad ja kodukaubad nii harrastajatele kui professionaalidele\",\"potentialAction\":[{\"@type\":\"SearchAction\",\"target\":{\"@type\":\"EntryPoint\",\"urlTemplate\":\"https:\/\/horticom.ee\/e-pood\/?s={search_term_string}\"},\"query-input\":{\"@type\":\"PropertyValueSpecification\",\"valueRequired\":true,\"valueName\":\"search_term_string\"}}],\"inLanguage\":\"et\"}]}<\/script>\n<!-- \/ Yoast SEO plugin. -->","yoast_head_json":{"title":"Suvik\u00f5rvits Black Beauty 3g 1 - Horticom.ee\/e-pood","description":"Keskvarajane p\u00f5\u00f5sasuvik\u00f5rvits, viljad tumerohelised, parimad 15\u201320 cm pikkuselt. Sobib p\u00e4ikselises ja tuulevarjulises kasvukohas.","robots":{"index":"index","follow":"follow","max-snippet":"max-snippet:-1","max-image-preview":"max-image-preview:large","max-video-preview":"max-video-preview:-1"},"canonical":"https:\/\/horticom.ee\/e-pood\/toode\/suvikorvits-black-beauty-3g-1\/","og_locale":"et_EE","og_type":"article","og_title":"Suvik\u00f5rvits Black Beauty 3g 1 - Horticom.ee\/e-pood","og_description":"Keskvarajane p\u00f5\u00f5sasuvik\u00f5rvits, viljad tumerohelised, parimad 15\u201320 cm pikkuselt. Sobib p\u00e4ikselises ja tuulevarjulises kasvukohas.","og_url":"https:\/\/horticom.ee\/e-pood\/toode\/suvikorvits-black-beauty-3g-1\/","og_site_name":"Horticom.ee","article_publisher":"https:\/\/www.facebook.com\/horticom.ee\/e-pood","article_modified_time":"2026-04-15T00:12:46+00:00","og_image":[{"width":999,"height":1376,"url":"https:\/\/horticom.ee\/e-pood\/wp-content\/uploads\/importedmedia\/product-155408_0-HM0619.jpg","type":"image\/jpeg"}],"twitter_card":"summary_large_image","schema":{"@context":"https:\/\/schema.org","@graph":[{"@type":"WebPage","@id":"https:\/\/horticom.ee\/e-pood\/toode\/suvikorvits-black-beauty-3g-1\/","url":"https:\/\/horticom.ee\/e-pood\/toode\/suvikorvits-black-beauty-3g-1\/","name":"Suvik\u00f5rvits Black Beauty 3g 1 - Horticom.ee\/e-pood","isPartOf":{"@id":"https:\/\/horticom.ee\/e-pood\/#website"},"primaryImageOfPage":{"@id":"https:\/\/horticom.ee\/e-pood\/toode\/suvikorvits-black-beauty-3g-1\/#primaryimage"},"image":{"@id":"https:\/\/horticom.ee\/e-pood\/toode\/suvikorvits-black-beauty-3g-1\/#primaryimage"},"thumbnailUrl":"https:\/\/horticom.ee\/e-pood\/wp-content\/uploads\/importedmedia\/product-155408_0-HM0619.jpg","datePublished":"2022-01-17T22:14:14+00:00","dateModified":"2026-04-15T00:12:46+00:00","description":"Keskvarajane p\u00f5\u00f5sasuvik\u00f5rvits, viljad tumerohelised, parimad 15\u201320 cm pikkuselt. Sobib p\u00e4ikselises ja tuulevarjulises kasvukohas.","breadcrumb":{"@id":"https:\/\/horticom.ee\/e-pood\/toode\/suvikorvits-black-beauty-3g-1\/#breadcrumb"},"inLanguage":"et","potentialAction":[{"@type":"ReadAction","target":["https:\/\/horticom.ee\/e-pood\/toode\/suvikorvits-black-beauty-3g-1\/"]}]},{"@type":"ImageObject","inLanguage":"et","@id":"https:\/\/horticom.ee\/e-pood\/toode\/suvikorvits-black-beauty-3g-1\/#primaryimage","url":"https:\/\/horticom.ee\/e-pood\/wp-content\/uploads\/importedmedia\/product-155408_0-HM0619.jpg","contentUrl":"https:\/\/horticom.ee\/e-pood\/wp-content\/uploads\/importedmedia\/product-155408_0-HM0619.jpg","width":999,"height":1376,"caption":"Suvik\u00f5rvits Black Beauty 3g 1"},{"@type":"BreadcrumbList","@id":"https:\/\/horticom.ee\/e-pood\/toode\/suvikorvits-black-beauty-3g-1\/#breadcrumb","itemListElement":[{"@type":"ListItem","position":1,"name":"Home","item":"https:\/\/horticom.ee\/e-pood\/"},{"@type":"ListItem","position":2,"name":"Pood","item":"https:\/\/horticom.ee\/e-pood\/pood\/"},{"@type":"ListItem","position":3,"name":"Suvik\u00f5rvits Black Beauty 3g 1"}]},{"@type":"WebSite","@id":"https:\/\/horticom.ee\/e-pood\/#website","url":"https:\/\/horticom.ee\/e-pood\/","name":"Horticom.ee","description":"Aianduskaubad ja kodukaubad nii harrastajatele kui professionaalidele","potentialAction":[{"@type":"SearchAction","target":{"@type":"EntryPoint","urlTemplate":"https:\/\/horticom.ee\/e-pood\/?s={search_term_string}"},"query-input":{"@type":"PropertyValueSpecification","valueRequired":true,"valueName":"search_term_string"}}],"inLanguage":"et"}]}},"_links":{"self":[{"href":"https:\/\/horticom.ee\/e-pood\/wp-json\/wp\/v2\/product\/155408","targetHints":{"allow":["GET"]}}],"collection":[{"href":"https:\/\/horticom.ee\/e-pood\/wp-json\/wp\/v2\/product"}],"about":[{"href":"https:\/\/horticom.ee\/e-pood\/wp-json\/wp\/v2\/types\/product"}],"replies":[{"embeddable":true,"href":"https:\/\/horticom.ee\/e-pood\/wp-json\/wp\/v2\/comments?post=155408"}],"wp:featuredmedia":[{"embeddable":true,"href":"https:\/\/horticom.ee\/e-pood\/wp-json\/wp\/v2\/media\/157690"}],"wp:attachment":[{"href":"https:\/\/horticom.ee\/e-pood\/wp-json\/wp\/v2\/media?parent=155408"}],"wp:term":[{"taxonomy":"product_cat","embeddable":true,"href":"https:\/\/horticom.ee\/e-pood\/wp-json\/wp\/v2\/product_cat?post=155408"},{"taxonomy":"product_tag","embeddable":true,"href":"https:\/\/horticom.ee\/e-pood\/wp-json\/wp\/v2\/product_tag?post=155408"}],"curies":[{"name":"wp","href":"https:\/\/api.w.org\/{rel}","templated":true}]}}