{"id":155503,"date":"2022-01-18T00:15:05","date_gmt":"2022-01-17T22:15:05","guid":{"rendered":"https:\/\/aednik24.ee\/toode\/kummikud-lastele-anabel-lepatriinu-sp\/"},"modified":"2026-05-13T03:12:22","modified_gmt":"2026-05-13T00:12:22","slug":"kummikud-lastele-anabel-lepatriinu-sp","status":"publish","type":"product","link":"https:\/\/horticom.ee\/e-pood\/toode\/kummikud-lastele-anabel-lepatriinu-sp\/","title":{"rendered":"Kummikud lastele Anabel lepatriinu"},"content":{"rendered":"<p>Kummikud lastele Anabel &#8211; Laste kummikud sarjast Noore aedniku s\u00f5brad. Aiandus \u00f5petab sinu lapsi elu tundma ja hindama. Sarja l\u00e4bivaks teemaks on aiale kasulikud putukad ja linnud. Otsige samast sarjast Rostaing kindaid! Pilkup\u00fc\u00fcdva lepatriinumustriga. Puuvillast vooder on hingav ja mugav jalale.<\/p>\n","protected":false},"excerpt":{"rendered":"<p>Kummikud lastele Anabel &#8211; Laste kummikud sarjast Noore aedniku s\u00f5brad. Aiandus \u00f5petab sinu lapsi elu tundma ja hindama. Sarja l\u00e4bivaks teemaks on aiale kasulikud putukad ja linnud. Otsige samast sarjast Rostaing kindaid! Pilkup\u00fc\u00fcdva lepatriinumustriga. Puuvillast vooder on hingav ja mugav jalale.<\/p>\n","protected":false},"featured_media":2377136,"comment_status":"closed","ping_status":"closed","template":"","meta":{"_themeisle_gutenberg_block_has_review":false},"product_cat":[18563,13418],"product_tag":[],"class_list":{"0":"post-155503","1":"product","2":"type-product","3":"status-publish","4":"has-post-thumbnail","6":"product_cat-lopumuugitooted","7":"product_cat-jalanoud","9":"first","10":"outofstock","11":"sale","12":"shipping-taxable","13":"purchasable","14":"product-type-variable"},"yoast_head":"<!-- This site is optimized with the Yoast SEO plugin v24.0 - https:\/\/yoast.com\/wordpress\/plugins\/seo\/ -->\n<title>Kummikud lastele Anabel S 26 lepatriinu - Horticom.ee<\/title>\n<meta name=\"description\" content=\"Laste kummikud, mis kujundatud aiale kasulikud putukate ja lindude teemaliselt. Puuvillast vooder on hingav ja mugav jalale.\" \/>\n<meta name=\"robots\" content=\"index, follow, max-snippet:-1, max-image-preview:large, max-video-preview:-1\" \/>\n<link rel=\"canonical\" href=\"https:\/\/horticom.ee\/e-pood\/toode\/kummikud-lastele-anabel-lepatriinu-sp\/\" \/>\n<meta property=\"og:locale\" content=\"et_EE\" \/>\n<meta property=\"og:type\" content=\"article\" \/>\n<meta property=\"og:title\" content=\"Kummikud lastele Anabel S 26 lepatriinu - Horticom.ee\" \/>\n<meta property=\"og:description\" content=\"Laste kummikud, mis kujundatud aiale kasulikud putukate ja lindude teemaliselt. Puuvillast vooder on hingav ja mugav jalale.\" \/>\n<meta property=\"og:url\" content=\"https:\/\/horticom.ee\/e-pood\/toode\/kummikud-lastele-anabel-lepatriinu-sp\/\" \/>\n<meta property=\"og:site_name\" content=\"Horticom.ee\" \/>\n<meta property=\"article:publisher\" content=\"https:\/\/www.facebook.com\/horticom.ee\/e-pood\" \/>\n<meta property=\"article:modified_time\" content=\"2026-05-13T00:12:22+00:00\" \/>\n<meta property=\"og:image\" content=\"https:\/\/horticom.ee\/e-pood\/wp-content\/uploads\/importedmedia\/product-155503_0-203RCLKANABEL.jpg\" \/>\n\t<meta property=\"og:image:width\" content=\"999\" \/>\n\t<meta property=\"og:image:height\" content=\"656\" \/>\n\t<meta property=\"og:image:type\" content=\"image\/jpeg\" \/>\n<meta name=\"twitter:card\" content=\"summary_large_image\" \/>\n<script type=\"application\/ld+json\" class=\"yoast-schema-graph\">{\"@context\":\"https:\/\/schema.org\",\"@graph\":[{\"@type\":\"WebPage\",\"@id\":\"https:\/\/horticom.ee\/e-pood\/toode\/kummikud-lastele-anabel-lepatriinu-sp\/\",\"url\":\"https:\/\/horticom.ee\/e-pood\/toode\/kummikud-lastele-anabel-lepatriinu-sp\/\",\"name\":\"Kummikud lastele Anabel S 26 lepatriinu - Horticom.ee\",\"isPartOf\":{\"@id\":\"https:\/\/horticom.ee\/e-pood\/#website\"},\"primaryImageOfPage\":{\"@id\":\"https:\/\/horticom.ee\/e-pood\/toode\/kummikud-lastele-anabel-lepatriinu-sp\/#primaryimage\"},\"image\":{\"@id\":\"https:\/\/horticom.ee\/e-pood\/toode\/kummikud-lastele-anabel-lepatriinu-sp\/#primaryimage\"},\"thumbnailUrl\":\"https:\/\/horticom.ee\/e-pood\/wp-content\/uploads\/importedmedia\/product-155503_0-203RCLKANABEL.jpg\",\"datePublished\":\"2022-01-17T22:15:05+00:00\",\"dateModified\":\"2026-05-13T00:12:22+00:00\",\"description\":\"Laste kummikud, mis kujundatud aiale kasulikud putukate ja lindude teemaliselt. Puuvillast vooder on hingav ja mugav jalale.\",\"breadcrumb\":{\"@id\":\"https:\/\/horticom.ee\/e-pood\/toode\/kummikud-lastele-anabel-lepatriinu-sp\/#breadcrumb\"},\"inLanguage\":\"et\",\"potentialAction\":[{\"@type\":\"ReadAction\",\"target\":[\"https:\/\/horticom.ee\/e-pood\/toode\/kummikud-lastele-anabel-lepatriinu-sp\/\"]}]},{\"@type\":\"ImageObject\",\"inLanguage\":\"et\",\"@id\":\"https:\/\/horticom.ee\/e-pood\/toode\/kummikud-lastele-anabel-lepatriinu-sp\/#primaryimage\",\"url\":\"https:\/\/horticom.ee\/e-pood\/wp-content\/uploads\/importedmedia\/product-155503_0-203RCLKANABEL.jpg\",\"contentUrl\":\"https:\/\/horticom.ee\/e-pood\/wp-content\/uploads\/importedmedia\/product-155503_0-203RCLKANABEL.jpg\",\"width\":999,\"height\":656},{\"@type\":\"BreadcrumbList\",\"@id\":\"https:\/\/horticom.ee\/e-pood\/toode\/kummikud-lastele-anabel-lepatriinu-sp\/#breadcrumb\",\"itemListElement\":[{\"@type\":\"ListItem\",\"position\":1,\"name\":\"Home\",\"item\":\"https:\/\/horticom.ee\/e-pood\/\"},{\"@type\":\"ListItem\",\"position\":2,\"name\":\"Pood\",\"item\":\"https:\/\/horticom.ee\/e-pood\/pood\/\"},{\"@type\":\"ListItem\",\"position\":3,\"name\":\"Kummikud lastele Anabel lepatriinu\"}]},{\"@type\":\"WebSite\",\"@id\":\"https:\/\/horticom.ee\/e-pood\/#website\",\"url\":\"https:\/\/horticom.ee\/e-pood\/\",\"name\":\"Horticom.ee\",\"description\":\"Aianduskaubad ja kodukaubad nii harrastajatele kui professionaalidele\",\"potentialAction\":[{\"@type\":\"SearchAction\",\"target\":{\"@type\":\"EntryPoint\",\"urlTemplate\":\"https:\/\/horticom.ee\/e-pood\/?s={search_term_string}\"},\"query-input\":{\"@type\":\"PropertyValueSpecification\",\"valueRequired\":true,\"valueName\":\"search_term_string\"}}],\"inLanguage\":\"et\"}]}<\/script>\n<!-- \/ Yoast SEO plugin. -->","yoast_head_json":{"title":"Kummikud lastele Anabel S 26 lepatriinu - Horticom.ee","description":"Laste kummikud, mis kujundatud aiale kasulikud putukate ja lindude teemaliselt. Puuvillast vooder on hingav ja mugav jalale.","robots":{"index":"index","follow":"follow","max-snippet":"max-snippet:-1","max-image-preview":"max-image-preview:large","max-video-preview":"max-video-preview:-1"},"canonical":"https:\/\/horticom.ee\/e-pood\/toode\/kummikud-lastele-anabel-lepatriinu-sp\/","og_locale":"et_EE","og_type":"article","og_title":"Kummikud lastele Anabel S 26 lepatriinu - Horticom.ee","og_description":"Laste kummikud, mis kujundatud aiale kasulikud putukate ja lindude teemaliselt. Puuvillast vooder on hingav ja mugav jalale.","og_url":"https:\/\/horticom.ee\/e-pood\/toode\/kummikud-lastele-anabel-lepatriinu-sp\/","og_site_name":"Horticom.ee","article_publisher":"https:\/\/www.facebook.com\/horticom.ee\/e-pood","article_modified_time":"2026-05-13T00:12:22+00:00","og_image":[{"width":999,"height":656,"url":"https:\/\/horticom.ee\/e-pood\/wp-content\/uploads\/importedmedia\/product-155503_0-203RCLKANABEL.jpg","type":"image\/jpeg"}],"twitter_card":"summary_large_image","schema":{"@context":"https:\/\/schema.org","@graph":[{"@type":"WebPage","@id":"https:\/\/horticom.ee\/e-pood\/toode\/kummikud-lastele-anabel-lepatriinu-sp\/","url":"https:\/\/horticom.ee\/e-pood\/toode\/kummikud-lastele-anabel-lepatriinu-sp\/","name":"Kummikud lastele Anabel S 26 lepatriinu - Horticom.ee","isPartOf":{"@id":"https:\/\/horticom.ee\/e-pood\/#website"},"primaryImageOfPage":{"@id":"https:\/\/horticom.ee\/e-pood\/toode\/kummikud-lastele-anabel-lepatriinu-sp\/#primaryimage"},"image":{"@id":"https:\/\/horticom.ee\/e-pood\/toode\/kummikud-lastele-anabel-lepatriinu-sp\/#primaryimage"},"thumbnailUrl":"https:\/\/horticom.ee\/e-pood\/wp-content\/uploads\/importedmedia\/product-155503_0-203RCLKANABEL.jpg","datePublished":"2022-01-17T22:15:05+00:00","dateModified":"2026-05-13T00:12:22+00:00","description":"Laste kummikud, mis kujundatud aiale kasulikud putukate ja lindude teemaliselt. Puuvillast vooder on hingav ja mugav jalale.","breadcrumb":{"@id":"https:\/\/horticom.ee\/e-pood\/toode\/kummikud-lastele-anabel-lepatriinu-sp\/#breadcrumb"},"inLanguage":"et","potentialAction":[{"@type":"ReadAction","target":["https:\/\/horticom.ee\/e-pood\/toode\/kummikud-lastele-anabel-lepatriinu-sp\/"]}]},{"@type":"ImageObject","inLanguage":"et","@id":"https:\/\/horticom.ee\/e-pood\/toode\/kummikud-lastele-anabel-lepatriinu-sp\/#primaryimage","url":"https:\/\/horticom.ee\/e-pood\/wp-content\/uploads\/importedmedia\/product-155503_0-203RCLKANABEL.jpg","contentUrl":"https:\/\/horticom.ee\/e-pood\/wp-content\/uploads\/importedmedia\/product-155503_0-203RCLKANABEL.jpg","width":999,"height":656},{"@type":"BreadcrumbList","@id":"https:\/\/horticom.ee\/e-pood\/toode\/kummikud-lastele-anabel-lepatriinu-sp\/#breadcrumb","itemListElement":[{"@type":"ListItem","position":1,"name":"Home","item":"https:\/\/horticom.ee\/e-pood\/"},{"@type":"ListItem","position":2,"name":"Pood","item":"https:\/\/horticom.ee\/e-pood\/pood\/"},{"@type":"ListItem","position":3,"name":"Kummikud lastele Anabel lepatriinu"}]},{"@type":"WebSite","@id":"https:\/\/horticom.ee\/e-pood\/#website","url":"https:\/\/horticom.ee\/e-pood\/","name":"Horticom.ee","description":"Aianduskaubad ja kodukaubad nii harrastajatele kui professionaalidele","potentialAction":[{"@type":"SearchAction","target":{"@type":"EntryPoint","urlTemplate":"https:\/\/horticom.ee\/e-pood\/?s={search_term_string}"},"query-input":{"@type":"PropertyValueSpecification","valueRequired":true,"valueName":"search_term_string"}}],"inLanguage":"et"}]}},"_links":{"self":[{"href":"https:\/\/horticom.ee\/e-pood\/wp-json\/wp\/v2\/product\/155503","targetHints":{"allow":["GET"]}}],"collection":[{"href":"https:\/\/horticom.ee\/e-pood\/wp-json\/wp\/v2\/product"}],"about":[{"href":"https:\/\/horticom.ee\/e-pood\/wp-json\/wp\/v2\/types\/product"}],"replies":[{"embeddable":true,"href":"https:\/\/horticom.ee\/e-pood\/wp-json\/wp\/v2\/comments?post=155503"}],"wp:featuredmedia":[{"embeddable":true,"href":"https:\/\/horticom.ee\/e-pood\/wp-json\/wp\/v2\/media\/2377136"}],"wp:attachment":[{"href":"https:\/\/horticom.ee\/e-pood\/wp-json\/wp\/v2\/media?parent=155503"}],"wp:term":[{"taxonomy":"product_cat","embeddable":true,"href":"https:\/\/horticom.ee\/e-pood\/wp-json\/wp\/v2\/product_cat?post=155503"},{"taxonomy":"product_tag","embeddable":true,"href":"https:\/\/horticom.ee\/e-pood\/wp-json\/wp\/v2\/product_tag?post=155503"}],"curies":[{"name":"wp","href":"https:\/\/api.w.org\/{rel}","templated":true}]}}