{"id":155683,"date":"2022-01-18T00:16:25","date_gmt":"2022-01-17T22:16:25","guid":{"rendered":"https:\/\/aednik24.ee\/toode\/muruvaetis-easy-green-npk-21-5-10me-2-3k-25kg\/"},"modified":"2026-04-29T18:15:52","modified_gmt":"2026-04-29T15:15:52","slug":"muruvaetis-easy-green-npk-21-5-10me-2-3k-25kg","status":"publish","type":"product","link":"https:\/\/horticom.ee\/e-pood\/toode\/muruvaetis-easy-green-npk-21-5-10me-2-3k-25kg\/","title":{"rendered":"Muruv\u00e4etis Easy Green Mini NPK 21-5-10+me \/2-3k 25kg"},"content":{"rendered":"<p>Tegemist on profiv\u00e4etisega, kus iga v\u00e4etisegraanul on identse koostisega ning toidab muru 2-3 kuud. Muruv\u00e4etis sisaldab minigraanuleid, mis sobib eriti \u00fchtlaseks v\u00e4etamiseks. K\u00f5rge l\u00e4mmastiku tase muudab muru kevadel kiiresti roheliseks ja tugevaks. Muruv\u00e4etis stimuleerib muru arenemist ja garanteerib intensiivse rohelise v\u00e4rvuse. V\u00e4etis vastab k\u00f5ikide muruliikide, eriti dekoratiivsete murude toitevajadustele. Sobib h\u00e4sti madalalt niidetavale murule. V\u00e4etises sisalduv k\u00f5rge l\u00e4mmastiku tase soodustab muru laienemist. Murukamar muutub tihedamaks ja tugevamaks, mis omakorda takistab umbrohu ja sambla kasvamist.<\/p>\n","protected":false},"excerpt":{"rendered":"<p>Tegemist on profiv\u00e4etisega, kus iga v\u00e4etisegraanul on identse koostisega ning toidab muru 2-3 kuud. Muruv\u00e4etis sisaldab minigraanuleid, mis sobib eriti \u00fchtlaseks v\u00e4etamiseks. K\u00f5rge l\u00e4mmastiku tase muudab muru kevadel kiiresti roheliseks ja tugevaks. Muruv\u00e4etis stimuleerib muru arenemist ja garanteerib intensiivse rohelise v\u00e4rvuse. V\u00e4etis vastab k\u00f5ikide muruliikide, eriti dekoratiivsete murude toitevajadustele. Sobib h\u00e4sti madalalt niidetavale murule. V\u00e4etises [&hellip;]<\/p>\n","protected":false},"featured_media":157252,"comment_status":"closed","ping_status":"closed","template":"","meta":{"_themeisle_gutenberg_block_has_review":false},"product_cat":[16970],"product_tag":[],"class_list":{"0":"post-155683","1":"product","2":"type-product","3":"status-publish","4":"has-post-thumbnail","6":"product_cat-murule","8":"first","9":"instock","10":"sale","11":"shipping-taxable","12":"purchasable","13":"product-type-simple"},"yoast_head":"<!-- This site is optimized with the Yoast SEO plugin v24.0 - https:\/\/yoast.com\/wordpress\/plugins\/seo\/ -->\n<title>Muruv\u00e4etis Easy Green Mini NPK 21-5-10+me \/2-3k 25kg - Horticom<\/title>\n<meta name=\"robots\" content=\"index, follow, max-snippet:-1, max-image-preview:large, max-video-preview:-1\" \/>\n<link rel=\"canonical\" href=\"https:\/\/horticom.ee\/e-pood\/toode\/muruvaetis-easy-green-npk-21-5-10me-2-3k-25kg\/\" \/>\n<meta property=\"og:locale\" content=\"et_EE\" \/>\n<meta property=\"og:type\" content=\"article\" \/>\n<meta property=\"og:title\" content=\"Muruv\u00e4etis Easy Green Mini NPK 21-5-10+me \/2-3k 25kg - Horticom\" \/>\n<meta property=\"og:description\" content=\"Tegemist on profiv\u00e4etisega, kus iga v\u00e4etisegraanul on identse koostisega ning toidab muru 2-3 kuud. Muruv\u00e4etis sisaldab minigraanuleid, mis sobib eriti \u00fchtlaseks v\u00e4etamiseks. K\u00f5rge l\u00e4mmastiku tase muudab muru kevadel kiiresti roheliseks ja tugevaks. Muruv\u00e4etis stimuleerib muru arenemist ja garanteerib intensiivse rohelise v\u00e4rvuse. V\u00e4etis vastab k\u00f5ikide muruliikide, eriti dekoratiivsete murude toitevajadustele. Sobib h\u00e4sti madalalt niidetavale murule. V\u00e4etises [&hellip;]\" \/>\n<meta property=\"og:url\" content=\"https:\/\/horticom.ee\/e-pood\/toode\/muruvaetis-easy-green-npk-21-5-10me-2-3k-25kg\/\" \/>\n<meta property=\"og:site_name\" content=\"Horticom.ee\" \/>\n<meta property=\"article:publisher\" content=\"https:\/\/www.facebook.com\/horticom.ee\/e-pood\" \/>\n<meta property=\"article:modified_time\" content=\"2026-04-29T15:15:52+00:00\" \/>\n<meta property=\"og:image\" content=\"https:\/\/horticom.ee\/e-pood\/wp-content\/uploads\/importedmedia\/product-155683_0-4413563.jpg\" \/>\n\t<meta property=\"og:image:width\" content=\"1000\" \/>\n\t<meta property=\"og:image:height\" content=\"1633\" \/>\n\t<meta property=\"og:image:type\" content=\"image\/jpeg\" \/>\n<meta name=\"twitter:card\" content=\"summary_large_image\" \/>\n<meta name=\"twitter:label1\" content=\"Est. reading time\" \/>\n\t<meta name=\"twitter:data1\" content=\"1 minut\" \/>\n<script type=\"application\/ld+json\" class=\"yoast-schema-graph\">{\"@context\":\"https:\/\/schema.org\",\"@graph\":[{\"@type\":\"WebPage\",\"@id\":\"https:\/\/horticom.ee\/e-pood\/toode\/muruvaetis-easy-green-npk-21-5-10me-2-3k-25kg\/\",\"url\":\"https:\/\/horticom.ee\/e-pood\/toode\/muruvaetis-easy-green-npk-21-5-10me-2-3k-25kg\/\",\"name\":\"Muruv\u00e4etis Easy Green Mini NPK 21-5-10+me \/2-3k 25kg - Horticom\",\"isPartOf\":{\"@id\":\"https:\/\/horticom.ee\/e-pood\/#website\"},\"primaryImageOfPage\":{\"@id\":\"https:\/\/horticom.ee\/e-pood\/toode\/muruvaetis-easy-green-npk-21-5-10me-2-3k-25kg\/#primaryimage\"},\"image\":{\"@id\":\"https:\/\/horticom.ee\/e-pood\/toode\/muruvaetis-easy-green-npk-21-5-10me-2-3k-25kg\/#primaryimage\"},\"thumbnailUrl\":\"https:\/\/horticom.ee\/e-pood\/wp-content\/uploads\/importedmedia\/product-155683_0-4413563.jpg\",\"datePublished\":\"2022-01-17T22:16:25+00:00\",\"dateModified\":\"2026-04-29T15:15:52+00:00\",\"breadcrumb\":{\"@id\":\"https:\/\/horticom.ee\/e-pood\/toode\/muruvaetis-easy-green-npk-21-5-10me-2-3k-25kg\/#breadcrumb\"},\"inLanguage\":\"et\",\"potentialAction\":[{\"@type\":\"ReadAction\",\"target\":[\"https:\/\/horticom.ee\/e-pood\/toode\/muruvaetis-easy-green-npk-21-5-10me-2-3k-25kg\/\"]}]},{\"@type\":\"ImageObject\",\"inLanguage\":\"et\",\"@id\":\"https:\/\/horticom.ee\/e-pood\/toode\/muruvaetis-easy-green-npk-21-5-10me-2-3k-25kg\/#primaryimage\",\"url\":\"https:\/\/horticom.ee\/e-pood\/wp-content\/uploads\/importedmedia\/product-155683_0-4413563.jpg\",\"contentUrl\":\"https:\/\/horticom.ee\/e-pood\/wp-content\/uploads\/importedmedia\/product-155683_0-4413563.jpg\",\"width\":1000,\"height\":1633},{\"@type\":\"BreadcrumbList\",\"@id\":\"https:\/\/horticom.ee\/e-pood\/toode\/muruvaetis-easy-green-npk-21-5-10me-2-3k-25kg\/#breadcrumb\",\"itemListElement\":[{\"@type\":\"ListItem\",\"position\":1,\"name\":\"Home\",\"item\":\"https:\/\/horticom.ee\/e-pood\/\"},{\"@type\":\"ListItem\",\"position\":2,\"name\":\"Pood\",\"item\":\"https:\/\/horticom.ee\/e-pood\/pood\/\"},{\"@type\":\"ListItem\",\"position\":3,\"name\":\"Muruv\u00e4etis Easy Green Mini NPK 21-5-10+me \/2-3k 25kg\"}]},{\"@type\":\"WebSite\",\"@id\":\"https:\/\/horticom.ee\/e-pood\/#website\",\"url\":\"https:\/\/horticom.ee\/e-pood\/\",\"name\":\"Horticom.ee\",\"description\":\"Aianduskaubad ja kodukaubad nii harrastajatele kui professionaalidele\",\"potentialAction\":[{\"@type\":\"SearchAction\",\"target\":{\"@type\":\"EntryPoint\",\"urlTemplate\":\"https:\/\/horticom.ee\/e-pood\/?s={search_term_string}\"},\"query-input\":{\"@type\":\"PropertyValueSpecification\",\"valueRequired\":true,\"valueName\":\"search_term_string\"}}],\"inLanguage\":\"et\"}]}<\/script>\n<!-- \/ Yoast SEO plugin. -->","yoast_head_json":{"title":"Muruv\u00e4etis Easy Green Mini NPK 21-5-10+me \/2-3k 25kg - Horticom","robots":{"index":"index","follow":"follow","max-snippet":"max-snippet:-1","max-image-preview":"max-image-preview:large","max-video-preview":"max-video-preview:-1"},"canonical":"https:\/\/horticom.ee\/e-pood\/toode\/muruvaetis-easy-green-npk-21-5-10me-2-3k-25kg\/","og_locale":"et_EE","og_type":"article","og_title":"Muruv\u00e4etis Easy Green Mini NPK 21-5-10+me \/2-3k 25kg - Horticom","og_description":"Tegemist on profiv\u00e4etisega, kus iga v\u00e4etisegraanul on identse koostisega ning toidab muru 2-3 kuud. Muruv\u00e4etis sisaldab minigraanuleid, mis sobib eriti \u00fchtlaseks v\u00e4etamiseks. K\u00f5rge l\u00e4mmastiku tase muudab muru kevadel kiiresti roheliseks ja tugevaks. Muruv\u00e4etis stimuleerib muru arenemist ja garanteerib intensiivse rohelise v\u00e4rvuse. V\u00e4etis vastab k\u00f5ikide muruliikide, eriti dekoratiivsete murude toitevajadustele. Sobib h\u00e4sti madalalt niidetavale murule. V\u00e4etises [&hellip;]","og_url":"https:\/\/horticom.ee\/e-pood\/toode\/muruvaetis-easy-green-npk-21-5-10me-2-3k-25kg\/","og_site_name":"Horticom.ee","article_publisher":"https:\/\/www.facebook.com\/horticom.ee\/e-pood","article_modified_time":"2026-04-29T15:15:52+00:00","og_image":[{"width":1000,"height":1633,"url":"https:\/\/horticom.ee\/e-pood\/wp-content\/uploads\/importedmedia\/product-155683_0-4413563.jpg","type":"image\/jpeg"}],"twitter_card":"summary_large_image","twitter_misc":{"Est. reading time":"1 minut"},"schema":{"@context":"https:\/\/schema.org","@graph":[{"@type":"WebPage","@id":"https:\/\/horticom.ee\/e-pood\/toode\/muruvaetis-easy-green-npk-21-5-10me-2-3k-25kg\/","url":"https:\/\/horticom.ee\/e-pood\/toode\/muruvaetis-easy-green-npk-21-5-10me-2-3k-25kg\/","name":"Muruv\u00e4etis Easy Green Mini NPK 21-5-10+me \/2-3k 25kg - Horticom","isPartOf":{"@id":"https:\/\/horticom.ee\/e-pood\/#website"},"primaryImageOfPage":{"@id":"https:\/\/horticom.ee\/e-pood\/toode\/muruvaetis-easy-green-npk-21-5-10me-2-3k-25kg\/#primaryimage"},"image":{"@id":"https:\/\/horticom.ee\/e-pood\/toode\/muruvaetis-easy-green-npk-21-5-10me-2-3k-25kg\/#primaryimage"},"thumbnailUrl":"https:\/\/horticom.ee\/e-pood\/wp-content\/uploads\/importedmedia\/product-155683_0-4413563.jpg","datePublished":"2022-01-17T22:16:25+00:00","dateModified":"2026-04-29T15:15:52+00:00","breadcrumb":{"@id":"https:\/\/horticom.ee\/e-pood\/toode\/muruvaetis-easy-green-npk-21-5-10me-2-3k-25kg\/#breadcrumb"},"inLanguage":"et","potentialAction":[{"@type":"ReadAction","target":["https:\/\/horticom.ee\/e-pood\/toode\/muruvaetis-easy-green-npk-21-5-10me-2-3k-25kg\/"]}]},{"@type":"ImageObject","inLanguage":"et","@id":"https:\/\/horticom.ee\/e-pood\/toode\/muruvaetis-easy-green-npk-21-5-10me-2-3k-25kg\/#primaryimage","url":"https:\/\/horticom.ee\/e-pood\/wp-content\/uploads\/importedmedia\/product-155683_0-4413563.jpg","contentUrl":"https:\/\/horticom.ee\/e-pood\/wp-content\/uploads\/importedmedia\/product-155683_0-4413563.jpg","width":1000,"height":1633},{"@type":"BreadcrumbList","@id":"https:\/\/horticom.ee\/e-pood\/toode\/muruvaetis-easy-green-npk-21-5-10me-2-3k-25kg\/#breadcrumb","itemListElement":[{"@type":"ListItem","position":1,"name":"Home","item":"https:\/\/horticom.ee\/e-pood\/"},{"@type":"ListItem","position":2,"name":"Pood","item":"https:\/\/horticom.ee\/e-pood\/pood\/"},{"@type":"ListItem","position":3,"name":"Muruv\u00e4etis Easy Green Mini NPK 21-5-10+me \/2-3k 25kg"}]},{"@type":"WebSite","@id":"https:\/\/horticom.ee\/e-pood\/#website","url":"https:\/\/horticom.ee\/e-pood\/","name":"Horticom.ee","description":"Aianduskaubad ja kodukaubad nii harrastajatele kui professionaalidele","potentialAction":[{"@type":"SearchAction","target":{"@type":"EntryPoint","urlTemplate":"https:\/\/horticom.ee\/e-pood\/?s={search_term_string}"},"query-input":{"@type":"PropertyValueSpecification","valueRequired":true,"valueName":"search_term_string"}}],"inLanguage":"et"}]}},"_links":{"self":[{"href":"https:\/\/horticom.ee\/e-pood\/wp-json\/wp\/v2\/product\/155683","targetHints":{"allow":["GET"]}}],"collection":[{"href":"https:\/\/horticom.ee\/e-pood\/wp-json\/wp\/v2\/product"}],"about":[{"href":"https:\/\/horticom.ee\/e-pood\/wp-json\/wp\/v2\/types\/product"}],"replies":[{"embeddable":true,"href":"https:\/\/horticom.ee\/e-pood\/wp-json\/wp\/v2\/comments?post=155683"}],"wp:featuredmedia":[{"embeddable":true,"href":"https:\/\/horticom.ee\/e-pood\/wp-json\/wp\/v2\/media\/157252"}],"wp:attachment":[{"href":"https:\/\/horticom.ee\/e-pood\/wp-json\/wp\/v2\/media?parent=155683"}],"wp:term":[{"taxonomy":"product_cat","embeddable":true,"href":"https:\/\/horticom.ee\/e-pood\/wp-json\/wp\/v2\/product_cat?post=155683"},{"taxonomy":"product_tag","embeddable":true,"href":"https:\/\/horticom.ee\/e-pood\/wp-json\/wp\/v2\/product_tag?post=155683"}],"curies":[{"name":"wp","href":"https:\/\/api.w.org\/{rel}","templated":true}]}}