{"id":155710,"date":"2022-01-18T00:16:37","date_gmt":"2022-01-17T22:16:37","guid":{"rendered":"https:\/\/aednik24.ee\/toode\/istutuspott-greenville-alusega-245-x-231cm-telliskivi-punane-sp\/"},"modified":"2026-04-17T03:16:16","modified_gmt":"2026-04-17T00:16:16","slug":"istutuspott-greenville-alusega-245-x-231cm-telliskivi-punane-sp","status":"publish","type":"product","link":"https:\/\/horticom.ee\/e-pood\/toode\/istutuspott-greenville-alusega-245-x-231cm-telliskivi-punane-sp\/","title":{"rendered":"Istutuspott Elho Greenville alusega d 25cm 7,6L telliskivi punane"},"content":{"rendered":"<p>Istutuspott Greenville alusega on tagasihoidlikud, kuid kaunid ja modernnsed potid. Valmistatud 100% \u00fcmert\u00f6\u00f6deldud vastupidavast plastikust, mis peavad vastu aastaid. Potid on disainitud integreeritud vee reservuaariga, t\u00e4nu millele taim saab vajaliku vee k\u00e4tte. Toote valmistamisel kasutatakse erilisi v\u00e4rvipigmente, mist\u00f5ttu toodetel p\u00fcsib originaalv\u00e4rv kauem. Istutuspott on ilmastiku kindel ja saab kasutada aastaringselt.<\/p>\n","protected":false},"excerpt":{"rendered":"<p>Istutuspott Greenville alusega on tagasihoidlikud, kuid kaunid ja modernnsed potid. Valmistatud 100% \u00fcmert\u00f6\u00f6deldud vastupidavast plastikust, mis peavad vastu aastaid. Potid on disainitud integreeritud vee reservuaariga, t\u00e4nu millele taim saab vajaliku vee k\u00e4tte. Toote valmistamisel kasutatakse erilisi v\u00e4rvipigmente, mist\u00f5ttu toodetel p\u00fcsib originaalv\u00e4rv kauem. Istutuspott on ilmastiku kindel ja saab kasutada aastaringselt.<\/p>\n","protected":false},"featured_media":156736,"comment_status":"closed","ping_status":"closed","template":"","meta":{"_themeisle_gutenberg_block_has_review":false},"product_cat":[18563,13475],"product_tag":[],"class_list":{"0":"post-155710","1":"product","2":"type-product","3":"status-publish","4":"has-post-thumbnail","6":"product_cat-lopumuugitooted","7":"product_cat-istutuspotid","9":"first","10":"instock","11":"sale","12":"shipping-taxable","13":"purchasable","14":"product-type-simple"},"yoast_head":"<!-- This site is optimized with the Yoast SEO plugin v24.0 - https:\/\/yoast.com\/wordpress\/plugins\/seo\/ -->\n<title>Istutuspott Elho Greenville alusega 7,6L telliskivi punane<\/title>\n<meta name=\"description\" content=\"Istutuspott Greenville alusega on tagasihoidlikud, kuid kaunid ja modernnsed potid. Istutuspott on ilmastiku kindel ja saab kasutada aastaringselt.\" \/>\n<meta name=\"robots\" content=\"index, follow, max-snippet:-1, max-image-preview:large, max-video-preview:-1\" \/>\n<link rel=\"canonical\" href=\"https:\/\/horticom.ee\/e-pood\/toode\/istutuspott-greenville-alusega-245-x-231cm-telliskivi-punane-sp\/\" \/>\n<meta property=\"og:locale\" content=\"et_EE\" \/>\n<meta property=\"og:type\" content=\"article\" \/>\n<meta property=\"og:title\" content=\"Istutuspott Elho Greenville alusega 7,6L telliskivi punane\" \/>\n<meta property=\"og:description\" content=\"Istutuspott Greenville alusega on tagasihoidlikud, kuid kaunid ja modernnsed potid. Istutuspott on ilmastiku kindel ja saab kasutada aastaringselt.\" \/>\n<meta property=\"og:url\" content=\"https:\/\/horticom.ee\/e-pood\/toode\/istutuspott-greenville-alusega-245-x-231cm-telliskivi-punane-sp\/\" \/>\n<meta property=\"og:site_name\" content=\"Horticom.ee\" \/>\n<meta property=\"article:publisher\" content=\"https:\/\/www.facebook.com\/horticom.ee\/e-pood\" \/>\n<meta property=\"article:modified_time\" content=\"2026-04-17T00:16:16+00:00\" \/>\n<meta property=\"og:image\" content=\"https:\/\/horticom.ee\/e-pood\/wp-content\/uploads\/importedmedia\/product-155710_0-6446226_762.jpg\" \/>\n\t<meta property=\"og:image:width\" content=\"640\" \/>\n\t<meta property=\"og:image:height\" content=\"640\" \/>\n\t<meta property=\"og:image:type\" content=\"image\/jpeg\" \/>\n<meta name=\"twitter:card\" content=\"summary_large_image\" \/>\n<script type=\"application\/ld+json\" class=\"yoast-schema-graph\">{\"@context\":\"https:\/\/schema.org\",\"@graph\":[{\"@type\":\"WebPage\",\"@id\":\"https:\/\/horticom.ee\/e-pood\/toode\/istutuspott-greenville-alusega-245-x-231cm-telliskivi-punane-sp\/\",\"url\":\"https:\/\/horticom.ee\/e-pood\/toode\/istutuspott-greenville-alusega-245-x-231cm-telliskivi-punane-sp\/\",\"name\":\"Istutuspott Elho Greenville alusega 7,6L telliskivi punane\",\"isPartOf\":{\"@id\":\"https:\/\/horticom.ee\/e-pood\/#website\"},\"primaryImageOfPage\":{\"@id\":\"https:\/\/horticom.ee\/e-pood\/toode\/istutuspott-greenville-alusega-245-x-231cm-telliskivi-punane-sp\/#primaryimage\"},\"image\":{\"@id\":\"https:\/\/horticom.ee\/e-pood\/toode\/istutuspott-greenville-alusega-245-x-231cm-telliskivi-punane-sp\/#primaryimage\"},\"thumbnailUrl\":\"https:\/\/horticom.ee\/e-pood\/wp-content\/uploads\/importedmedia\/product-155710_0-6446226_762.jpg\",\"datePublished\":\"2022-01-17T22:16:37+00:00\",\"dateModified\":\"2026-04-17T00:16:16+00:00\",\"description\":\"Istutuspott Greenville alusega on tagasihoidlikud, kuid kaunid ja modernnsed potid. Istutuspott on ilmastiku kindel ja saab kasutada aastaringselt.\",\"breadcrumb\":{\"@id\":\"https:\/\/horticom.ee\/e-pood\/toode\/istutuspott-greenville-alusega-245-x-231cm-telliskivi-punane-sp\/#breadcrumb\"},\"inLanguage\":\"et\",\"potentialAction\":[{\"@type\":\"ReadAction\",\"target\":[\"https:\/\/horticom.ee\/e-pood\/toode\/istutuspott-greenville-alusega-245-x-231cm-telliskivi-punane-sp\/\"]}]},{\"@type\":\"ImageObject\",\"inLanguage\":\"et\",\"@id\":\"https:\/\/horticom.ee\/e-pood\/toode\/istutuspott-greenville-alusega-245-x-231cm-telliskivi-punane-sp\/#primaryimage\",\"url\":\"https:\/\/horticom.ee\/e-pood\/wp-content\/uploads\/importedmedia\/product-155710_0-6446226_762.jpg\",\"contentUrl\":\"https:\/\/horticom.ee\/e-pood\/wp-content\/uploads\/importedmedia\/product-155710_0-6446226_762.jpg\",\"width\":1000,\"height\":1000,\"caption\":\"Istutuspott Elho Greenville alusega d 25cm 7,6L telliskivi punane\"},{\"@type\":\"BreadcrumbList\",\"@id\":\"https:\/\/horticom.ee\/e-pood\/toode\/istutuspott-greenville-alusega-245-x-231cm-telliskivi-punane-sp\/#breadcrumb\",\"itemListElement\":[{\"@type\":\"ListItem\",\"position\":1,\"name\":\"Home\",\"item\":\"https:\/\/horticom.ee\/e-pood\/\"},{\"@type\":\"ListItem\",\"position\":2,\"name\":\"Pood\",\"item\":\"https:\/\/horticom.ee\/e-pood\/pood\/\"},{\"@type\":\"ListItem\",\"position\":3,\"name\":\"Istutuspott Elho Greenville alusega d 25cm 7,6L telliskivi punane\"}]},{\"@type\":\"WebSite\",\"@id\":\"https:\/\/horticom.ee\/e-pood\/#website\",\"url\":\"https:\/\/horticom.ee\/e-pood\/\",\"name\":\"Horticom.ee\",\"description\":\"Aianduskaubad ja kodukaubad nii harrastajatele kui professionaalidele\",\"potentialAction\":[{\"@type\":\"SearchAction\",\"target\":{\"@type\":\"EntryPoint\",\"urlTemplate\":\"https:\/\/horticom.ee\/e-pood\/?s={search_term_string}\"},\"query-input\":{\"@type\":\"PropertyValueSpecification\",\"valueRequired\":true,\"valueName\":\"search_term_string\"}}],\"inLanguage\":\"et\"}]}<\/script>\n<!-- \/ Yoast SEO plugin. -->","yoast_head_json":{"title":"Istutuspott Elho Greenville alusega 7,6L telliskivi punane","description":"Istutuspott Greenville alusega on tagasihoidlikud, kuid kaunid ja modernnsed potid. Istutuspott on ilmastiku kindel ja saab kasutada aastaringselt.","robots":{"index":"index","follow":"follow","max-snippet":"max-snippet:-1","max-image-preview":"max-image-preview:large","max-video-preview":"max-video-preview:-1"},"canonical":"https:\/\/horticom.ee\/e-pood\/toode\/istutuspott-greenville-alusega-245-x-231cm-telliskivi-punane-sp\/","og_locale":"et_EE","og_type":"article","og_title":"Istutuspott Elho Greenville alusega 7,6L telliskivi punane","og_description":"Istutuspott Greenville alusega on tagasihoidlikud, kuid kaunid ja modernnsed potid. Istutuspott on ilmastiku kindel ja saab kasutada aastaringselt.","og_url":"https:\/\/horticom.ee\/e-pood\/toode\/istutuspott-greenville-alusega-245-x-231cm-telliskivi-punane-sp\/","og_site_name":"Horticom.ee","article_publisher":"https:\/\/www.facebook.com\/horticom.ee\/e-pood","article_modified_time":"2026-04-17T00:16:16+00:00","og_image":[{"url":"https:\/\/horticom.ee\/e-pood\/wp-content\/uploads\/importedmedia\/product-155710_0-6446226_762.jpg","width":640,"height":640,"type":"image\/jpeg"}],"twitter_card":"summary_large_image","schema":{"@context":"https:\/\/schema.org","@graph":[{"@type":"WebPage","@id":"https:\/\/horticom.ee\/e-pood\/toode\/istutuspott-greenville-alusega-245-x-231cm-telliskivi-punane-sp\/","url":"https:\/\/horticom.ee\/e-pood\/toode\/istutuspott-greenville-alusega-245-x-231cm-telliskivi-punane-sp\/","name":"Istutuspott Elho Greenville alusega 7,6L telliskivi punane","isPartOf":{"@id":"https:\/\/horticom.ee\/e-pood\/#website"},"primaryImageOfPage":{"@id":"https:\/\/horticom.ee\/e-pood\/toode\/istutuspott-greenville-alusega-245-x-231cm-telliskivi-punane-sp\/#primaryimage"},"image":{"@id":"https:\/\/horticom.ee\/e-pood\/toode\/istutuspott-greenville-alusega-245-x-231cm-telliskivi-punane-sp\/#primaryimage"},"thumbnailUrl":"https:\/\/horticom.ee\/e-pood\/wp-content\/uploads\/importedmedia\/product-155710_0-6446226_762.jpg","datePublished":"2022-01-17T22:16:37+00:00","dateModified":"2026-04-17T00:16:16+00:00","description":"Istutuspott Greenville alusega on tagasihoidlikud, kuid kaunid ja modernnsed potid. Istutuspott on ilmastiku kindel ja saab kasutada aastaringselt.","breadcrumb":{"@id":"https:\/\/horticom.ee\/e-pood\/toode\/istutuspott-greenville-alusega-245-x-231cm-telliskivi-punane-sp\/#breadcrumb"},"inLanguage":"et","potentialAction":[{"@type":"ReadAction","target":["https:\/\/horticom.ee\/e-pood\/toode\/istutuspott-greenville-alusega-245-x-231cm-telliskivi-punane-sp\/"]}]},{"@type":"ImageObject","inLanguage":"et","@id":"https:\/\/horticom.ee\/e-pood\/toode\/istutuspott-greenville-alusega-245-x-231cm-telliskivi-punane-sp\/#primaryimage","url":"https:\/\/horticom.ee\/e-pood\/wp-content\/uploads\/importedmedia\/product-155710_0-6446226_762.jpg","contentUrl":"https:\/\/horticom.ee\/e-pood\/wp-content\/uploads\/importedmedia\/product-155710_0-6446226_762.jpg","width":1000,"height":1000,"caption":"Istutuspott Elho Greenville alusega d 25cm 7,6L telliskivi punane"},{"@type":"BreadcrumbList","@id":"https:\/\/horticom.ee\/e-pood\/toode\/istutuspott-greenville-alusega-245-x-231cm-telliskivi-punane-sp\/#breadcrumb","itemListElement":[{"@type":"ListItem","position":1,"name":"Home","item":"https:\/\/horticom.ee\/e-pood\/"},{"@type":"ListItem","position":2,"name":"Pood","item":"https:\/\/horticom.ee\/e-pood\/pood\/"},{"@type":"ListItem","position":3,"name":"Istutuspott Elho Greenville alusega d 25cm 7,6L telliskivi punane"}]},{"@type":"WebSite","@id":"https:\/\/horticom.ee\/e-pood\/#website","url":"https:\/\/horticom.ee\/e-pood\/","name":"Horticom.ee","description":"Aianduskaubad ja kodukaubad nii harrastajatele kui professionaalidele","potentialAction":[{"@type":"SearchAction","target":{"@type":"EntryPoint","urlTemplate":"https:\/\/horticom.ee\/e-pood\/?s={search_term_string}"},"query-input":{"@type":"PropertyValueSpecification","valueRequired":true,"valueName":"search_term_string"}}],"inLanguage":"et"}]}},"_links":{"self":[{"href":"https:\/\/horticom.ee\/e-pood\/wp-json\/wp\/v2\/product\/155710","targetHints":{"allow":["GET"]}}],"collection":[{"href":"https:\/\/horticom.ee\/e-pood\/wp-json\/wp\/v2\/product"}],"about":[{"href":"https:\/\/horticom.ee\/e-pood\/wp-json\/wp\/v2\/types\/product"}],"replies":[{"embeddable":true,"href":"https:\/\/horticom.ee\/e-pood\/wp-json\/wp\/v2\/comments?post=155710"}],"wp:featuredmedia":[{"embeddable":true,"href":"https:\/\/horticom.ee\/e-pood\/wp-json\/wp\/v2\/media\/156736"}],"wp:attachment":[{"href":"https:\/\/horticom.ee\/e-pood\/wp-json\/wp\/v2\/media?parent=155710"}],"wp:term":[{"taxonomy":"product_cat","embeddable":true,"href":"https:\/\/horticom.ee\/e-pood\/wp-json\/wp\/v2\/product_cat?post=155710"},{"taxonomy":"product_tag","embeddable":true,"href":"https:\/\/horticom.ee\/e-pood\/wp-json\/wp\/v2\/product_tag?post=155710"}],"curies":[{"name":"wp","href":"https:\/\/api.w.org\/{rel}","templated":true}]}}