{"id":1822706,"date":"2023-05-08T03:03:34","date_gmt":"2023-05-08T00:03:34","guid":{"rendered":"https:\/\/horticom.ee\/e-pood\/toode\/rodukast-elho-green-basics-pikk-jalgadel-60cm-165l-hall-spe\/"},"modified":"2025-05-06T13:03:35","modified_gmt":"2025-05-06T10:03:35","slug":"rodukast-elho-green-basics-pikk-jalgadel-60cm-165l-hall-spe","status":"publish","type":"product","link":"https:\/\/horticom.ee\/e-pood\/toode\/rodukast-elho-green-basics-pikk-jalgadel-60cm-165l-hall-spe\/","title":{"rendered":"R\u00f5dukast Elho Green Basics pikk jalgadel 60cm 16,5L hall"},"content":{"rendered":"<p>Lillekast Green Basics on kvaliteetne ja valmistatud \u00fcmbert\u00f6\u00f6deldud plastikust. V\u00f5imalus puurida augud p\u00f5hja, et \u00fcleliigne vesi saaks v\u00e4lja voolata. Toote valmistamisel kasutatakse erilisi v\u00e4rvipigmente, mist\u00f5ttu toodetel p\u00fcsib originaalv\u00e4rv kauem.<\/p>\n","protected":false},"excerpt":{"rendered":"<p>Lillekast Green Basics on kvaliteetne ja valmistatud \u00fcmbert\u00f6\u00f6deldud plastikust. V\u00f5imalus puurida augud p\u00f5hja, et \u00fcleliigne vesi saaks v\u00e4lja voolata. Toote valmistamisel kasutatakse erilisi v\u00e4rvipigmente, mist\u00f5ttu toodetel p\u00fcsib originaalv\u00e4rv kauem.<\/p>\n","protected":false},"featured_media":1824062,"comment_status":"closed","ping_status":"closed","template":"","meta":{"_themeisle_gutenberg_block_has_review":false},"product_cat":[13444],"product_tag":[],"class_list":{"0":"post-1822706","1":"product","2":"type-product","3":"status-publish","4":"has-post-thumbnail","6":"product_cat-rodukastid","8":"first","9":"outofstock","10":"sale","11":"shipping-taxable","12":"purchasable","13":"product-type-simple"},"yoast_head":"<!-- This site is optimized with the Yoast SEO plugin v24.0 - https:\/\/yoast.com\/wordpress\/plugins\/seo\/ -->\n<title>R\u00f5dukast Elho Green Basics pikk jalgadel 60cm 16,5L hall<\/title>\n<meta name=\"description\" content=\"Lillekast Green Basics on kvaliteetne ja valmistatud \u00fcmbert\u00f6\u00f6deldud plastikust. V\u00f5imalus puurida augud p\u00f5hja, et \u00fcleliigne vesi saaks v\u00e4lja voolata.\" \/>\n<meta name=\"robots\" content=\"index, follow, max-snippet:-1, max-image-preview:large, max-video-preview:-1\" \/>\n<link rel=\"canonical\" href=\"https:\/\/horticom.ee\/e-pood\/toode\/rodukast-elho-green-basics-pikk-jalgadel-60cm-165l-hall-spe\/\" \/>\n<meta property=\"og:locale\" content=\"et_EE\" \/>\n<meta property=\"og:type\" content=\"article\" \/>\n<meta property=\"og:title\" content=\"R\u00f5dukast Elho Green Basics pikk jalgadel 60cm 16,5L hall\" \/>\n<meta property=\"og:description\" content=\"Lillekast Green Basics on kvaliteetne ja valmistatud \u00fcmbert\u00f6\u00f6deldud plastikust. V\u00f5imalus puurida augud p\u00f5hja, et \u00fcleliigne vesi saaks v\u00e4lja voolata.\" \/>\n<meta property=\"og:url\" content=\"https:\/\/horticom.ee\/e-pood\/toode\/rodukast-elho-green-basics-pikk-jalgadel-60cm-165l-hall-spe\/\" \/>\n<meta property=\"og:site_name\" content=\"Horticom.ee\" \/>\n<meta property=\"article:publisher\" content=\"https:\/\/www.facebook.com\/horticom.ee\/e-pood\" \/>\n<meta property=\"article:modified_time\" content=\"2025-05-06T10:03:35+00:00\" \/>\n<meta property=\"og:image\" content=\"https:\/\/horticom.ee\/e-pood\/wp-content\/uploads\/importedmedia\/product-1822706_0-640542_433.jpg\" \/>\n\t<meta property=\"og:image:width\" content=\"1000\" \/>\n\t<meta property=\"og:image:height\" content=\"1000\" \/>\n\t<meta property=\"og:image:type\" content=\"image\/jpeg\" \/>\n<meta name=\"twitter:card\" content=\"summary_large_image\" \/>\n<script type=\"application\/ld+json\" class=\"yoast-schema-graph\">{\"@context\":\"https:\/\/schema.org\",\"@graph\":[{\"@type\":\"WebPage\",\"@id\":\"https:\/\/horticom.ee\/e-pood\/toode\/rodukast-elho-green-basics-pikk-jalgadel-60cm-165l-hall-spe\/\",\"url\":\"https:\/\/horticom.ee\/e-pood\/toode\/rodukast-elho-green-basics-pikk-jalgadel-60cm-165l-hall-spe\/\",\"name\":\"R\u00f5dukast Elho Green Basics pikk jalgadel 60cm 16,5L hall\",\"isPartOf\":{\"@id\":\"https:\/\/horticom.ee\/e-pood\/#website\"},\"primaryImageOfPage\":{\"@id\":\"https:\/\/horticom.ee\/e-pood\/toode\/rodukast-elho-green-basics-pikk-jalgadel-60cm-165l-hall-spe\/#primaryimage\"},\"image\":{\"@id\":\"https:\/\/horticom.ee\/e-pood\/toode\/rodukast-elho-green-basics-pikk-jalgadel-60cm-165l-hall-spe\/#primaryimage\"},\"thumbnailUrl\":\"https:\/\/horticom.ee\/e-pood\/wp-content\/uploads\/importedmedia\/product-1822706_0-640542_433.jpg\",\"datePublished\":\"2023-05-08T00:03:34+00:00\",\"dateModified\":\"2025-05-06T10:03:35+00:00\",\"description\":\"Lillekast Green Basics on kvaliteetne ja valmistatud \u00fcmbert\u00f6\u00f6deldud plastikust. V\u00f5imalus puurida augud p\u00f5hja, et \u00fcleliigne vesi saaks v\u00e4lja voolata.\",\"breadcrumb\":{\"@id\":\"https:\/\/horticom.ee\/e-pood\/toode\/rodukast-elho-green-basics-pikk-jalgadel-60cm-165l-hall-spe\/#breadcrumb\"},\"inLanguage\":\"et\",\"potentialAction\":[{\"@type\":\"ReadAction\",\"target\":[\"https:\/\/horticom.ee\/e-pood\/toode\/rodukast-elho-green-basics-pikk-jalgadel-60cm-165l-hall-spe\/\"]}]},{\"@type\":\"ImageObject\",\"inLanguage\":\"et\",\"@id\":\"https:\/\/horticom.ee\/e-pood\/toode\/rodukast-elho-green-basics-pikk-jalgadel-60cm-165l-hall-spe\/#primaryimage\",\"url\":\"https:\/\/horticom.ee\/e-pood\/wp-content\/uploads\/importedmedia\/product-1822706_0-640542_433.jpg\",\"contentUrl\":\"https:\/\/horticom.ee\/e-pood\/wp-content\/uploads\/importedmedia\/product-1822706_0-640542_433.jpg\",\"width\":1000,\"height\":1000,\"caption\":\"R\u00f5dukast Elho Green Basics pikk jalgadel 60cm 16,5L hall\"},{\"@type\":\"BreadcrumbList\",\"@id\":\"https:\/\/horticom.ee\/e-pood\/toode\/rodukast-elho-green-basics-pikk-jalgadel-60cm-165l-hall-spe\/#breadcrumb\",\"itemListElement\":[{\"@type\":\"ListItem\",\"position\":1,\"name\":\"Home\",\"item\":\"https:\/\/horticom.ee\/e-pood\/\"},{\"@type\":\"ListItem\",\"position\":2,\"name\":\"Pood\",\"item\":\"https:\/\/horticom.ee\/e-pood\/pood\/\"},{\"@type\":\"ListItem\",\"position\":3,\"name\":\"R\u00f5dukast Elho Green Basics pikk jalgadel 60cm 16,5L hall\"}]},{\"@type\":\"WebSite\",\"@id\":\"https:\/\/horticom.ee\/e-pood\/#website\",\"url\":\"https:\/\/horticom.ee\/e-pood\/\",\"name\":\"Horticom.ee\",\"description\":\"Aianduskaubad ja kodukaubad nii harrastajatele kui professionaalidele\",\"potentialAction\":[{\"@type\":\"SearchAction\",\"target\":{\"@type\":\"EntryPoint\",\"urlTemplate\":\"https:\/\/horticom.ee\/e-pood\/?s={search_term_string}\"},\"query-input\":{\"@type\":\"PropertyValueSpecification\",\"valueRequired\":true,\"valueName\":\"search_term_string\"}}],\"inLanguage\":\"et\"}]}<\/script>\n<!-- \/ Yoast SEO plugin. -->","yoast_head_json":{"title":"R\u00f5dukast Elho Green Basics pikk jalgadel 60cm 16,5L hall","description":"Lillekast Green Basics on kvaliteetne ja valmistatud \u00fcmbert\u00f6\u00f6deldud plastikust. V\u00f5imalus puurida augud p\u00f5hja, et \u00fcleliigne vesi saaks v\u00e4lja voolata.","robots":{"index":"index","follow":"follow","max-snippet":"max-snippet:-1","max-image-preview":"max-image-preview:large","max-video-preview":"max-video-preview:-1"},"canonical":"https:\/\/horticom.ee\/e-pood\/toode\/rodukast-elho-green-basics-pikk-jalgadel-60cm-165l-hall-spe\/","og_locale":"et_EE","og_type":"article","og_title":"R\u00f5dukast Elho Green Basics pikk jalgadel 60cm 16,5L hall","og_description":"Lillekast Green Basics on kvaliteetne ja valmistatud \u00fcmbert\u00f6\u00f6deldud plastikust. V\u00f5imalus puurida augud p\u00f5hja, et \u00fcleliigne vesi saaks v\u00e4lja voolata.","og_url":"https:\/\/horticom.ee\/e-pood\/toode\/rodukast-elho-green-basics-pikk-jalgadel-60cm-165l-hall-spe\/","og_site_name":"Horticom.ee","article_publisher":"https:\/\/www.facebook.com\/horticom.ee\/e-pood","article_modified_time":"2025-05-06T10:03:35+00:00","og_image":[{"width":1000,"height":1000,"url":"https:\/\/horticom.ee\/e-pood\/wp-content\/uploads\/importedmedia\/product-1822706_0-640542_433.jpg","type":"image\/jpeg"}],"twitter_card":"summary_large_image","schema":{"@context":"https:\/\/schema.org","@graph":[{"@type":"WebPage","@id":"https:\/\/horticom.ee\/e-pood\/toode\/rodukast-elho-green-basics-pikk-jalgadel-60cm-165l-hall-spe\/","url":"https:\/\/horticom.ee\/e-pood\/toode\/rodukast-elho-green-basics-pikk-jalgadel-60cm-165l-hall-spe\/","name":"R\u00f5dukast Elho Green Basics pikk jalgadel 60cm 16,5L hall","isPartOf":{"@id":"https:\/\/horticom.ee\/e-pood\/#website"},"primaryImageOfPage":{"@id":"https:\/\/horticom.ee\/e-pood\/toode\/rodukast-elho-green-basics-pikk-jalgadel-60cm-165l-hall-spe\/#primaryimage"},"image":{"@id":"https:\/\/horticom.ee\/e-pood\/toode\/rodukast-elho-green-basics-pikk-jalgadel-60cm-165l-hall-spe\/#primaryimage"},"thumbnailUrl":"https:\/\/horticom.ee\/e-pood\/wp-content\/uploads\/importedmedia\/product-1822706_0-640542_433.jpg","datePublished":"2023-05-08T00:03:34+00:00","dateModified":"2025-05-06T10:03:35+00:00","description":"Lillekast Green Basics on kvaliteetne ja valmistatud \u00fcmbert\u00f6\u00f6deldud plastikust. V\u00f5imalus puurida augud p\u00f5hja, et \u00fcleliigne vesi saaks v\u00e4lja voolata.","breadcrumb":{"@id":"https:\/\/horticom.ee\/e-pood\/toode\/rodukast-elho-green-basics-pikk-jalgadel-60cm-165l-hall-spe\/#breadcrumb"},"inLanguage":"et","potentialAction":[{"@type":"ReadAction","target":["https:\/\/horticom.ee\/e-pood\/toode\/rodukast-elho-green-basics-pikk-jalgadel-60cm-165l-hall-spe\/"]}]},{"@type":"ImageObject","inLanguage":"et","@id":"https:\/\/horticom.ee\/e-pood\/toode\/rodukast-elho-green-basics-pikk-jalgadel-60cm-165l-hall-spe\/#primaryimage","url":"https:\/\/horticom.ee\/e-pood\/wp-content\/uploads\/importedmedia\/product-1822706_0-640542_433.jpg","contentUrl":"https:\/\/horticom.ee\/e-pood\/wp-content\/uploads\/importedmedia\/product-1822706_0-640542_433.jpg","width":1000,"height":1000,"caption":"R\u00f5dukast Elho Green Basics pikk jalgadel 60cm 16,5L hall"},{"@type":"BreadcrumbList","@id":"https:\/\/horticom.ee\/e-pood\/toode\/rodukast-elho-green-basics-pikk-jalgadel-60cm-165l-hall-spe\/#breadcrumb","itemListElement":[{"@type":"ListItem","position":1,"name":"Home","item":"https:\/\/horticom.ee\/e-pood\/"},{"@type":"ListItem","position":2,"name":"Pood","item":"https:\/\/horticom.ee\/e-pood\/pood\/"},{"@type":"ListItem","position":3,"name":"R\u00f5dukast Elho Green Basics pikk jalgadel 60cm 16,5L hall"}]},{"@type":"WebSite","@id":"https:\/\/horticom.ee\/e-pood\/#website","url":"https:\/\/horticom.ee\/e-pood\/","name":"Horticom.ee","description":"Aianduskaubad ja kodukaubad nii harrastajatele kui professionaalidele","potentialAction":[{"@type":"SearchAction","target":{"@type":"EntryPoint","urlTemplate":"https:\/\/horticom.ee\/e-pood\/?s={search_term_string}"},"query-input":{"@type":"PropertyValueSpecification","valueRequired":true,"valueName":"search_term_string"}}],"inLanguage":"et"}]}},"_links":{"self":[{"href":"https:\/\/horticom.ee\/e-pood\/wp-json\/wp\/v2\/product\/1822706","targetHints":{"allow":["GET"]}}],"collection":[{"href":"https:\/\/horticom.ee\/e-pood\/wp-json\/wp\/v2\/product"}],"about":[{"href":"https:\/\/horticom.ee\/e-pood\/wp-json\/wp\/v2\/types\/product"}],"replies":[{"embeddable":true,"href":"https:\/\/horticom.ee\/e-pood\/wp-json\/wp\/v2\/comments?post=1822706"}],"wp:featuredmedia":[{"embeddable":true,"href":"https:\/\/horticom.ee\/e-pood\/wp-json\/wp\/v2\/media\/1824062"}],"wp:attachment":[{"href":"https:\/\/horticom.ee\/e-pood\/wp-json\/wp\/v2\/media?parent=1822706"}],"wp:term":[{"taxonomy":"product_cat","embeddable":true,"href":"https:\/\/horticom.ee\/e-pood\/wp-json\/wp\/v2\/product_cat?post=1822706"},{"taxonomy":"product_tag","embeddable":true,"href":"https:\/\/horticom.ee\/e-pood\/wp-json\/wp\/v2\/product_tag?post=1822706"}],"curies":[{"name":"wp","href":"https:\/\/api.w.org\/{rel}","templated":true}]}}