{"id":1822893,"date":"2023-05-08T03:06:27","date_gmt":"2023-05-08T00:06:27","guid":{"rendered":"https:\/\/horticom.ee\/e-pood\/toode\/biostimulant-vidi-parva-1l\/"},"modified":"2026-04-09T03:12:48","modified_gmt":"2026-04-09T00:12:48","slug":"biostimulant-vidi-parva-1l","status":"publish","type":"product","link":"https:\/\/horticom.ee\/e-pood\/toode\/biostimulant-vidi-parva-1l\/","title":{"rendered":"Biostimulant Vidi Parva juurdumise soodustamiseks 1L"},"content":{"rendered":"<p>100% looduslik taimep\u00f5hine biostimulant, mis on valmistatud k\u00fclmpressitud merevetikaekstraktidest (Ascophyllum nodosum). Stimuleerib taime kasvu ja juurte arengut. Lubatud kasutamiseks mahep\u00f5llunduses. Kasutades Vidi Parvat, toodab taim efektiivsemalt auksiine, mis soodustavad juurte arengut. Taimed toodavad auksiine aminohapete abil. Vidi Parva oluline komponent ongi aminohape tr\u00fcptofaan, mis vallandab auksiinide tootmise, millega stimuleeritakse juurte arenemist ja toitainete imendumist juurte l\u00e4hi\u00fcmbrusest. See suurendab taimes proteiinide, suhkrute ja klorof\u00fclli hulka, mille tagaj\u00e4rjel on taim kompaktsem ja eluj\u00f5ulisem. Lisaks juurte stimuleerimisele, m\u00f5jutab Vidi Parva taime generatiivset kasvu kuna ained viiakse otse juuretsooni. See on oluline, et s\u00e4ilitada taime kasvu tasakaal kogu hooaja v\u00e4ltel.<\/p>\n","protected":false},"excerpt":{"rendered":"<p>100% looduslik taimep\u00f5hine biostimulant, mis on valmistatud k\u00fclmpressitud merevetikaekstraktidest (Ascophyllum nodosum). Stimuleerib taime kasvu ja juurte arengut. Lubatud kasutamiseks mahep\u00f5llunduses. Kasutades Vidi Parvat, toodab taim efektiivsemalt auksiine, mis soodustavad juurte arengut. Taimed toodavad auksiine aminohapete abil. Vidi Parva oluline komponent ongi aminohape tr\u00fcptofaan, mis vallandab auksiinide tootmise, millega stimuleeritakse juurte arenemist ja toitainete imendumist juurte [&hellip;]<\/p>\n","protected":false},"featured_media":2387704,"comment_status":"closed","ping_status":"closed","template":"","meta":{"_themeisle_gutenberg_block_has_review":false},"product_cat":[16960],"product_tag":[],"class_list":{"0":"post-1822893","1":"product","2":"type-product","3":"status-publish","4":"has-post-thumbnail","6":"product_cat-universaalvaetised","8":"first","9":"instock","10":"shipping-taxable","11":"purchasable","12":"product-type-simple"},"yoast_head":"<!-- This site is optimized with the Yoast SEO plugin v24.0 - https:\/\/yoast.com\/wordpress\/plugins\/seo\/ -->\n<title>Biostimulant Vidi Parva juurdumise soodustamiseks 1L - Horticom<\/title>\n<meta name=\"robots\" content=\"index, follow, max-snippet:-1, max-image-preview:large, max-video-preview:-1\" \/>\n<link rel=\"canonical\" href=\"https:\/\/horticom.ee\/e-pood\/toode\/biostimulant-vidi-parva-1l\/\" \/>\n<meta property=\"og:locale\" content=\"et_EE\" \/>\n<meta property=\"og:type\" content=\"article\" \/>\n<meta property=\"og:title\" content=\"Biostimulant Vidi Parva juurdumise soodustamiseks 1L - Horticom\" \/>\n<meta property=\"og:description\" content=\"100% looduslik taimep\u00f5hine biostimulant, mis on valmistatud k\u00fclmpressitud merevetikaekstraktidest (Ascophyllum nodosum). Stimuleerib taime kasvu ja juurte arengut. Lubatud kasutamiseks mahep\u00f5llunduses. Kasutades Vidi Parvat, toodab taim efektiivsemalt auksiine, mis soodustavad juurte arengut. Taimed toodavad auksiine aminohapete abil. Vidi Parva oluline komponent ongi aminohape tr\u00fcptofaan, mis vallandab auksiinide tootmise, millega stimuleeritakse juurte arenemist ja toitainete imendumist juurte [&hellip;]\" \/>\n<meta property=\"og:url\" content=\"https:\/\/horticom.ee\/e-pood\/toode\/biostimulant-vidi-parva-1l\/\" \/>\n<meta property=\"og:site_name\" content=\"Horticom.ee\" \/>\n<meta property=\"article:publisher\" content=\"https:\/\/www.facebook.com\/horticom.ee\/e-pood\" \/>\n<meta property=\"article:modified_time\" content=\"2026-04-09T00:12:48+00:00\" \/>\n<meta property=\"og:image\" content=\"https:\/\/horticom.ee\/e-pood\/wp-content\/uploads\/importedmedia\/product_1822893_0_4101411.jpg\" \/>\n\t<meta property=\"og:image:width\" content=\"1000\" \/>\n\t<meta property=\"og:image:height\" content=\"1333\" \/>\n\t<meta property=\"og:image:type\" content=\"image\/jpeg\" \/>\n<meta name=\"twitter:card\" content=\"summary_large_image\" \/>\n<meta name=\"twitter:label1\" content=\"Est. reading time\" \/>\n\t<meta name=\"twitter:data1\" content=\"1 minut\" \/>\n<script type=\"application\/ld+json\" class=\"yoast-schema-graph\">{\"@context\":\"https:\/\/schema.org\",\"@graph\":[{\"@type\":\"WebPage\",\"@id\":\"https:\/\/horticom.ee\/e-pood\/toode\/biostimulant-vidi-parva-1l\/\",\"url\":\"https:\/\/horticom.ee\/e-pood\/toode\/biostimulant-vidi-parva-1l\/\",\"name\":\"Biostimulant Vidi Parva juurdumise soodustamiseks 1L - Horticom\",\"isPartOf\":{\"@id\":\"https:\/\/horticom.ee\/e-pood\/#website\"},\"primaryImageOfPage\":{\"@id\":\"https:\/\/horticom.ee\/e-pood\/toode\/biostimulant-vidi-parva-1l\/#primaryimage\"},\"image\":{\"@id\":\"https:\/\/horticom.ee\/e-pood\/toode\/biostimulant-vidi-parva-1l\/#primaryimage\"},\"thumbnailUrl\":\"https:\/\/horticom.ee\/e-pood\/wp-content\/uploads\/importedmedia\/product_1822893_0_4101411.jpg\",\"datePublished\":\"2023-05-08T00:06:27+00:00\",\"dateModified\":\"2026-04-09T00:12:48+00:00\",\"breadcrumb\":{\"@id\":\"https:\/\/horticom.ee\/e-pood\/toode\/biostimulant-vidi-parva-1l\/#breadcrumb\"},\"inLanguage\":\"et\",\"potentialAction\":[{\"@type\":\"ReadAction\",\"target\":[\"https:\/\/horticom.ee\/e-pood\/toode\/biostimulant-vidi-parva-1l\/\"]}]},{\"@type\":\"ImageObject\",\"inLanguage\":\"et\",\"@id\":\"https:\/\/horticom.ee\/e-pood\/toode\/biostimulant-vidi-parva-1l\/#primaryimage\",\"url\":\"https:\/\/horticom.ee\/e-pood\/wp-content\/uploads\/importedmedia\/product_1822893_0_4101411.jpg\",\"contentUrl\":\"https:\/\/horticom.ee\/e-pood\/wp-content\/uploads\/importedmedia\/product_1822893_0_4101411.jpg\",\"width\":1000,\"height\":1333},{\"@type\":\"BreadcrumbList\",\"@id\":\"https:\/\/horticom.ee\/e-pood\/toode\/biostimulant-vidi-parva-1l\/#breadcrumb\",\"itemListElement\":[{\"@type\":\"ListItem\",\"position\":1,\"name\":\"Home\",\"item\":\"https:\/\/horticom.ee\/e-pood\/\"},{\"@type\":\"ListItem\",\"position\":2,\"name\":\"Pood\",\"item\":\"https:\/\/horticom.ee\/e-pood\/pood\/\"},{\"@type\":\"ListItem\",\"position\":3,\"name\":\"Biostimulant Vidi Parva juurdumise soodustamiseks 1L\"}]},{\"@type\":\"WebSite\",\"@id\":\"https:\/\/horticom.ee\/e-pood\/#website\",\"url\":\"https:\/\/horticom.ee\/e-pood\/\",\"name\":\"Horticom.ee\",\"description\":\"Aianduskaubad ja kodukaubad nii harrastajatele kui professionaalidele\",\"potentialAction\":[{\"@type\":\"SearchAction\",\"target\":{\"@type\":\"EntryPoint\",\"urlTemplate\":\"https:\/\/horticom.ee\/e-pood\/?s={search_term_string}\"},\"query-input\":{\"@type\":\"PropertyValueSpecification\",\"valueRequired\":true,\"valueName\":\"search_term_string\"}}],\"inLanguage\":\"et\"}]}<\/script>\n<!-- \/ Yoast SEO plugin. -->","yoast_head_json":{"title":"Biostimulant Vidi Parva juurdumise soodustamiseks 1L - Horticom","robots":{"index":"index","follow":"follow","max-snippet":"max-snippet:-1","max-image-preview":"max-image-preview:large","max-video-preview":"max-video-preview:-1"},"canonical":"https:\/\/horticom.ee\/e-pood\/toode\/biostimulant-vidi-parva-1l\/","og_locale":"et_EE","og_type":"article","og_title":"Biostimulant Vidi Parva juurdumise soodustamiseks 1L - Horticom","og_description":"100% looduslik taimep\u00f5hine biostimulant, mis on valmistatud k\u00fclmpressitud merevetikaekstraktidest (Ascophyllum nodosum). Stimuleerib taime kasvu ja juurte arengut. Lubatud kasutamiseks mahep\u00f5llunduses. Kasutades Vidi Parvat, toodab taim efektiivsemalt auksiine, mis soodustavad juurte arengut. Taimed toodavad auksiine aminohapete abil. Vidi Parva oluline komponent ongi aminohape tr\u00fcptofaan, mis vallandab auksiinide tootmise, millega stimuleeritakse juurte arenemist ja toitainete imendumist juurte [&hellip;]","og_url":"https:\/\/horticom.ee\/e-pood\/toode\/biostimulant-vidi-parva-1l\/","og_site_name":"Horticom.ee","article_publisher":"https:\/\/www.facebook.com\/horticom.ee\/e-pood","article_modified_time":"2026-04-09T00:12:48+00:00","og_image":[{"width":1000,"height":1333,"url":"https:\/\/horticom.ee\/e-pood\/wp-content\/uploads\/importedmedia\/product_1822893_0_4101411.jpg","type":"image\/jpeg"}],"twitter_card":"summary_large_image","twitter_misc":{"Est. reading time":"1 minut"},"schema":{"@context":"https:\/\/schema.org","@graph":[{"@type":"WebPage","@id":"https:\/\/horticom.ee\/e-pood\/toode\/biostimulant-vidi-parva-1l\/","url":"https:\/\/horticom.ee\/e-pood\/toode\/biostimulant-vidi-parva-1l\/","name":"Biostimulant Vidi Parva juurdumise soodustamiseks 1L - Horticom","isPartOf":{"@id":"https:\/\/horticom.ee\/e-pood\/#website"},"primaryImageOfPage":{"@id":"https:\/\/horticom.ee\/e-pood\/toode\/biostimulant-vidi-parva-1l\/#primaryimage"},"image":{"@id":"https:\/\/horticom.ee\/e-pood\/toode\/biostimulant-vidi-parva-1l\/#primaryimage"},"thumbnailUrl":"https:\/\/horticom.ee\/e-pood\/wp-content\/uploads\/importedmedia\/product_1822893_0_4101411.jpg","datePublished":"2023-05-08T00:06:27+00:00","dateModified":"2026-04-09T00:12:48+00:00","breadcrumb":{"@id":"https:\/\/horticom.ee\/e-pood\/toode\/biostimulant-vidi-parva-1l\/#breadcrumb"},"inLanguage":"et","potentialAction":[{"@type":"ReadAction","target":["https:\/\/horticom.ee\/e-pood\/toode\/biostimulant-vidi-parva-1l\/"]}]},{"@type":"ImageObject","inLanguage":"et","@id":"https:\/\/horticom.ee\/e-pood\/toode\/biostimulant-vidi-parva-1l\/#primaryimage","url":"https:\/\/horticom.ee\/e-pood\/wp-content\/uploads\/importedmedia\/product_1822893_0_4101411.jpg","contentUrl":"https:\/\/horticom.ee\/e-pood\/wp-content\/uploads\/importedmedia\/product_1822893_0_4101411.jpg","width":1000,"height":1333},{"@type":"BreadcrumbList","@id":"https:\/\/horticom.ee\/e-pood\/toode\/biostimulant-vidi-parva-1l\/#breadcrumb","itemListElement":[{"@type":"ListItem","position":1,"name":"Home","item":"https:\/\/horticom.ee\/e-pood\/"},{"@type":"ListItem","position":2,"name":"Pood","item":"https:\/\/horticom.ee\/e-pood\/pood\/"},{"@type":"ListItem","position":3,"name":"Biostimulant Vidi Parva juurdumise soodustamiseks 1L"}]},{"@type":"WebSite","@id":"https:\/\/horticom.ee\/e-pood\/#website","url":"https:\/\/horticom.ee\/e-pood\/","name":"Horticom.ee","description":"Aianduskaubad ja kodukaubad nii harrastajatele kui professionaalidele","potentialAction":[{"@type":"SearchAction","target":{"@type":"EntryPoint","urlTemplate":"https:\/\/horticom.ee\/e-pood\/?s={search_term_string}"},"query-input":{"@type":"PropertyValueSpecification","valueRequired":true,"valueName":"search_term_string"}}],"inLanguage":"et"}]}},"_links":{"self":[{"href":"https:\/\/horticom.ee\/e-pood\/wp-json\/wp\/v2\/product\/1822893","targetHints":{"allow":["GET"]}}],"collection":[{"href":"https:\/\/horticom.ee\/e-pood\/wp-json\/wp\/v2\/product"}],"about":[{"href":"https:\/\/horticom.ee\/e-pood\/wp-json\/wp\/v2\/types\/product"}],"replies":[{"embeddable":true,"href":"https:\/\/horticom.ee\/e-pood\/wp-json\/wp\/v2\/comments?post=1822893"}],"wp:featuredmedia":[{"embeddable":true,"href":"https:\/\/horticom.ee\/e-pood\/wp-json\/wp\/v2\/media\/2387704"}],"wp:attachment":[{"href":"https:\/\/horticom.ee\/e-pood\/wp-json\/wp\/v2\/media?parent=1822893"}],"wp:term":[{"taxonomy":"product_cat","embeddable":true,"href":"https:\/\/horticom.ee\/e-pood\/wp-json\/wp\/v2\/product_cat?post=1822893"},{"taxonomy":"product_tag","embeddable":true,"href":"https:\/\/horticom.ee\/e-pood\/wp-json\/wp\/v2\/product_tag?post=1822893"}],"curies":[{"name":"wp","href":"https:\/\/api.w.org\/{rel}","templated":true}]}}