{"id":2023664,"date":"2024-01-02T03:02:24","date_gmt":"2024-01-02T01:02:24","guid":{"rendered":"https:\/\/horticom.ee\/e-pood\/toode\/tsillipipar-habanero-oranz-30-seemet-3\/"},"modified":"2026-04-12T03:12:59","modified_gmt":"2026-04-12T00:12:59","slug":"tsillipipar-habanero-oranz-30-seemet-3","status":"publish","type":"product","link":"https:\/\/horticom.ee\/e-pood\/toode\/tsillipipar-habanero-oranz-30-seemet-3\/","title":{"rendered":"T\u0161illipipar Habanero (oran\u017e) 30 seemet 3"},"content":{"rendered":"<p>T\u0161illide kuningas &#8211; suurep\u00e4raste maitseomadustega ja v\u00e4ga terav. Teravus 9\/10 (350 000 SHU). Kaunad on v\u00e4ikesed ja kollased ja 5 cm pikad. Taime kasvuk\u00f5rgus on 60 cm. Soovitatav kasvatada r\u00f5dul, kasvuhoones ja kaetud lavades. Ettevaatust viljade ja seemnete k\u00e4sitlemisel, kindlasti kasutada kindaid ja kaitsta silmi!<\/p>\n","protected":false},"excerpt":{"rendered":"<p>T\u0161illide kuningas &#8211; suurep\u00e4raste maitseomadustega ja v\u00e4ga terav. Teravus 9\/10 (350 000 SHU). Kaunad on v\u00e4ikesed ja kollased ja 5 cm pikad. Taime kasvuk\u00f5rgus on 60 cm. Soovitatav kasvatada r\u00f5dul, kasvuhoones ja kaetud lavades. Ettevaatust viljade ja seemnete k\u00e4sitlemisel, kindlasti kasutada kindaid ja kaitsta silmi!<\/p>\n","protected":false},"featured_media":2024189,"comment_status":"closed","ping_status":"closed","template":"","meta":{"_themeisle_gutenberg_block_has_review":false},"product_cat":[13489],"product_tag":[],"class_list":{"0":"post-2023664","1":"product","2":"type-product","3":"status-publish","4":"has-post-thumbnail","6":"product_cat-paprika-kibepipar","8":"first","9":"outofstock","10":"shipping-taxable","11":"purchasable","12":"product-type-simple"},"yoast_head":"<!-- This site is optimized with the Yoast SEO plugin v24.0 - https:\/\/yoast.com\/wordpress\/plugins\/seo\/ -->\n<title>T\u0161illipipar Habanero (oran\u017e) 30 seemet 3 - Horticom.ee<\/title>\n<meta name=\"description\" content=\"T\u0161illipipar Habanero (oran\u017e) \u2013 V\u00e4ga terav t\u0161illipipar kollaste kaunadega. Sobib kasvatamiseks kasvuhoones, r\u00f5dul. Kasuta kindaid!\" \/>\n<meta name=\"robots\" content=\"index, follow, max-snippet:-1, max-image-preview:large, max-video-preview:-1\" \/>\n<link rel=\"canonical\" href=\"https:\/\/horticom.ee\/e-pood\/toode\/tsillipipar-habanero-oranz-30-seemet-3\/\" \/>\n<meta property=\"og:locale\" content=\"et_EE\" \/>\n<meta property=\"og:type\" content=\"article\" \/>\n<meta property=\"og:title\" content=\"T\u0161illipipar Habanero (oran\u017e) 30 seemet 3 - Horticom.ee\" \/>\n<meta property=\"og:description\" content=\"T\u0161illipipar Habanero (oran\u017e) \u2013 V\u00e4ga terav t\u0161illipipar kollaste kaunadega. Sobib kasvatamiseks kasvuhoones, r\u00f5dul. Kasuta kindaid!\" \/>\n<meta property=\"og:url\" content=\"https:\/\/horticom.ee\/e-pood\/toode\/tsillipipar-habanero-oranz-30-seemet-3\/\" \/>\n<meta property=\"og:site_name\" content=\"Horticom.ee\" \/>\n<meta property=\"article:publisher\" content=\"https:\/\/www.facebook.com\/horticom.ee\/e-pood\" \/>\n<meta property=\"article:modified_time\" content=\"2026-04-12T00:12:59+00:00\" \/>\n<meta property=\"og:image\" content=\"https:\/\/horticom.ee\/e-pood\/wp-content\/uploads\/importedmedia\/product-2023664_0-HM06097.jpg\" \/>\n\t<meta property=\"og:image:width\" content=\"1000\" \/>\n\t<meta property=\"og:image:height\" content=\"1500\" \/>\n\t<meta property=\"og:image:type\" content=\"image\/jpeg\" \/>\n<meta name=\"twitter:card\" content=\"summary_large_image\" \/>\n<script type=\"application\/ld+json\" class=\"yoast-schema-graph\">{\"@context\":\"https:\/\/schema.org\",\"@graph\":[{\"@type\":\"WebPage\",\"@id\":\"https:\/\/horticom.ee\/e-pood\/toode\/tsillipipar-habanero-oranz-30-seemet-3\/\",\"url\":\"https:\/\/horticom.ee\/e-pood\/toode\/tsillipipar-habanero-oranz-30-seemet-3\/\",\"name\":\"T\u0161illipipar Habanero (oran\u017e) 30 seemet 3 - Horticom.ee\",\"isPartOf\":{\"@id\":\"https:\/\/horticom.ee\/e-pood\/#website\"},\"primaryImageOfPage\":{\"@id\":\"https:\/\/horticom.ee\/e-pood\/toode\/tsillipipar-habanero-oranz-30-seemet-3\/#primaryimage\"},\"image\":{\"@id\":\"https:\/\/horticom.ee\/e-pood\/toode\/tsillipipar-habanero-oranz-30-seemet-3\/#primaryimage\"},\"thumbnailUrl\":\"https:\/\/horticom.ee\/e-pood\/wp-content\/uploads\/importedmedia\/product-2023664_0-HM06097.jpg\",\"datePublished\":\"2024-01-02T01:02:24+00:00\",\"dateModified\":\"2026-04-12T00:12:59+00:00\",\"description\":\"T\u0161illipipar Habanero (oran\u017e) \u2013 V\u00e4ga terav t\u0161illipipar kollaste kaunadega. Sobib kasvatamiseks kasvuhoones, r\u00f5dul. Kasuta kindaid!\",\"breadcrumb\":{\"@id\":\"https:\/\/horticom.ee\/e-pood\/toode\/tsillipipar-habanero-oranz-30-seemet-3\/#breadcrumb\"},\"inLanguage\":\"et\",\"potentialAction\":[{\"@type\":\"ReadAction\",\"target\":[\"https:\/\/horticom.ee\/e-pood\/toode\/tsillipipar-habanero-oranz-30-seemet-3\/\"]}]},{\"@type\":\"ImageObject\",\"inLanguage\":\"et\",\"@id\":\"https:\/\/horticom.ee\/e-pood\/toode\/tsillipipar-habanero-oranz-30-seemet-3\/#primaryimage\",\"url\":\"https:\/\/horticom.ee\/e-pood\/wp-content\/uploads\/importedmedia\/product-2023664_0-HM06097.jpg\",\"contentUrl\":\"https:\/\/horticom.ee\/e-pood\/wp-content\/uploads\/importedmedia\/product-2023664_0-HM06097.jpg\",\"width\":1000,\"height\":1500,\"caption\":\"T\u0161illipipar Habanero (oran\u017e) 30 seemet 3\"},{\"@type\":\"BreadcrumbList\",\"@id\":\"https:\/\/horticom.ee\/e-pood\/toode\/tsillipipar-habanero-oranz-30-seemet-3\/#breadcrumb\",\"itemListElement\":[{\"@type\":\"ListItem\",\"position\":1,\"name\":\"Home\",\"item\":\"https:\/\/horticom.ee\/e-pood\/\"},{\"@type\":\"ListItem\",\"position\":2,\"name\":\"Pood\",\"item\":\"https:\/\/horticom.ee\/e-pood\/pood\/\"},{\"@type\":\"ListItem\",\"position\":3,\"name\":\"T\u0161illipipar Habanero (oran\u017e) 30 seemet 3\"}]},{\"@type\":\"WebSite\",\"@id\":\"https:\/\/horticom.ee\/e-pood\/#website\",\"url\":\"https:\/\/horticom.ee\/e-pood\/\",\"name\":\"Horticom.ee\",\"description\":\"Aianduskaubad ja kodukaubad nii harrastajatele kui professionaalidele\",\"potentialAction\":[{\"@type\":\"SearchAction\",\"target\":{\"@type\":\"EntryPoint\",\"urlTemplate\":\"https:\/\/horticom.ee\/e-pood\/?s={search_term_string}\"},\"query-input\":{\"@type\":\"PropertyValueSpecification\",\"valueRequired\":true,\"valueName\":\"search_term_string\"}}],\"inLanguage\":\"et\"}]}<\/script>\n<!-- \/ Yoast SEO plugin. -->","yoast_head_json":{"title":"T\u0161illipipar Habanero (oran\u017e) 30 seemet 3 - Horticom.ee","description":"T\u0161illipipar Habanero (oran\u017e) \u2013 V\u00e4ga terav t\u0161illipipar kollaste kaunadega. Sobib kasvatamiseks kasvuhoones, r\u00f5dul. Kasuta kindaid!","robots":{"index":"index","follow":"follow","max-snippet":"max-snippet:-1","max-image-preview":"max-image-preview:large","max-video-preview":"max-video-preview:-1"},"canonical":"https:\/\/horticom.ee\/e-pood\/toode\/tsillipipar-habanero-oranz-30-seemet-3\/","og_locale":"et_EE","og_type":"article","og_title":"T\u0161illipipar Habanero (oran\u017e) 30 seemet 3 - Horticom.ee","og_description":"T\u0161illipipar Habanero (oran\u017e) \u2013 V\u00e4ga terav t\u0161illipipar kollaste kaunadega. Sobib kasvatamiseks kasvuhoones, r\u00f5dul. Kasuta kindaid!","og_url":"https:\/\/horticom.ee\/e-pood\/toode\/tsillipipar-habanero-oranz-30-seemet-3\/","og_site_name":"Horticom.ee","article_publisher":"https:\/\/www.facebook.com\/horticom.ee\/e-pood","article_modified_time":"2026-04-12T00:12:59+00:00","og_image":[{"width":1000,"height":1500,"url":"https:\/\/horticom.ee\/e-pood\/wp-content\/uploads\/importedmedia\/product-2023664_0-HM06097.jpg","type":"image\/jpeg"}],"twitter_card":"summary_large_image","schema":{"@context":"https:\/\/schema.org","@graph":[{"@type":"WebPage","@id":"https:\/\/horticom.ee\/e-pood\/toode\/tsillipipar-habanero-oranz-30-seemet-3\/","url":"https:\/\/horticom.ee\/e-pood\/toode\/tsillipipar-habanero-oranz-30-seemet-3\/","name":"T\u0161illipipar Habanero (oran\u017e) 30 seemet 3 - Horticom.ee","isPartOf":{"@id":"https:\/\/horticom.ee\/e-pood\/#website"},"primaryImageOfPage":{"@id":"https:\/\/horticom.ee\/e-pood\/toode\/tsillipipar-habanero-oranz-30-seemet-3\/#primaryimage"},"image":{"@id":"https:\/\/horticom.ee\/e-pood\/toode\/tsillipipar-habanero-oranz-30-seemet-3\/#primaryimage"},"thumbnailUrl":"https:\/\/horticom.ee\/e-pood\/wp-content\/uploads\/importedmedia\/product-2023664_0-HM06097.jpg","datePublished":"2024-01-02T01:02:24+00:00","dateModified":"2026-04-12T00:12:59+00:00","description":"T\u0161illipipar Habanero (oran\u017e) \u2013 V\u00e4ga terav t\u0161illipipar kollaste kaunadega. Sobib kasvatamiseks kasvuhoones, r\u00f5dul. Kasuta kindaid!","breadcrumb":{"@id":"https:\/\/horticom.ee\/e-pood\/toode\/tsillipipar-habanero-oranz-30-seemet-3\/#breadcrumb"},"inLanguage":"et","potentialAction":[{"@type":"ReadAction","target":["https:\/\/horticom.ee\/e-pood\/toode\/tsillipipar-habanero-oranz-30-seemet-3\/"]}]},{"@type":"ImageObject","inLanguage":"et","@id":"https:\/\/horticom.ee\/e-pood\/toode\/tsillipipar-habanero-oranz-30-seemet-3\/#primaryimage","url":"https:\/\/horticom.ee\/e-pood\/wp-content\/uploads\/importedmedia\/product-2023664_0-HM06097.jpg","contentUrl":"https:\/\/horticom.ee\/e-pood\/wp-content\/uploads\/importedmedia\/product-2023664_0-HM06097.jpg","width":1000,"height":1500,"caption":"T\u0161illipipar Habanero (oran\u017e) 30 seemet 3"},{"@type":"BreadcrumbList","@id":"https:\/\/horticom.ee\/e-pood\/toode\/tsillipipar-habanero-oranz-30-seemet-3\/#breadcrumb","itemListElement":[{"@type":"ListItem","position":1,"name":"Home","item":"https:\/\/horticom.ee\/e-pood\/"},{"@type":"ListItem","position":2,"name":"Pood","item":"https:\/\/horticom.ee\/e-pood\/pood\/"},{"@type":"ListItem","position":3,"name":"T\u0161illipipar Habanero (oran\u017e) 30 seemet 3"}]},{"@type":"WebSite","@id":"https:\/\/horticom.ee\/e-pood\/#website","url":"https:\/\/horticom.ee\/e-pood\/","name":"Horticom.ee","description":"Aianduskaubad ja kodukaubad nii harrastajatele kui professionaalidele","potentialAction":[{"@type":"SearchAction","target":{"@type":"EntryPoint","urlTemplate":"https:\/\/horticom.ee\/e-pood\/?s={search_term_string}"},"query-input":{"@type":"PropertyValueSpecification","valueRequired":true,"valueName":"search_term_string"}}],"inLanguage":"et"}]}},"_links":{"self":[{"href":"https:\/\/horticom.ee\/e-pood\/wp-json\/wp\/v2\/product\/2023664","targetHints":{"allow":["GET"]}}],"collection":[{"href":"https:\/\/horticom.ee\/e-pood\/wp-json\/wp\/v2\/product"}],"about":[{"href":"https:\/\/horticom.ee\/e-pood\/wp-json\/wp\/v2\/types\/product"}],"replies":[{"embeddable":true,"href":"https:\/\/horticom.ee\/e-pood\/wp-json\/wp\/v2\/comments?post=2023664"}],"wp:featuredmedia":[{"embeddable":true,"href":"https:\/\/horticom.ee\/e-pood\/wp-json\/wp\/v2\/media\/2024189"}],"wp:attachment":[{"href":"https:\/\/horticom.ee\/e-pood\/wp-json\/wp\/v2\/media?parent=2023664"}],"wp:term":[{"taxonomy":"product_cat","embeddable":true,"href":"https:\/\/horticom.ee\/e-pood\/wp-json\/wp\/v2\/product_cat?post=2023664"},{"taxonomy":"product_tag","embeddable":true,"href":"https:\/\/horticom.ee\/e-pood\/wp-json\/wp\/v2\/product_tag?post=2023664"}],"curies":[{"name":"wp","href":"https:\/\/api.w.org\/{rel}","templated":true}]}}