{"id":2088200,"date":"2024-03-04T14:00:25","date_gmt":"2024-03-04T12:00:25","guid":{"rendered":"https:\/\/horticom.ee\/e-pood\/toode\/soomuklaste-liimpuunis-green-protect-2tk-pakis\/"},"modified":"2026-04-21T16:01:49","modified_gmt":"2026-04-21T13:01:49","slug":"soomuklaste-liimpuunis-green-protect-2tk-pakis","status":"publish","type":"product","link":"https:\/\/horticom.ee\/e-pood\/toode\/soomuklaste-liimpuunis-green-protect-2tk-pakis\/","title":{"rendered":"Soomuklaste liimp\u00fc\u00fcnis Green Protect 2tk\/pakis"},"content":{"rendered":"<p>Soomuklaste liimp\u00fc\u00fcnised Green Protect on t\u00f5husad liimplaadid, mida kasutatakse soomuklaste olemasolu tuvastamiseks ilma insektitsiide kasutamata, sobides nii hariliku soomuklase kui ka invasiivse liigi harjash\u00e4nnalise paberisoomuka p\u00fc\u00fcdmiseks. Soomuklaste liimp\u00fc\u00fcnised Green Protect kasutab uuenduslikku liimi pealekandmise tehnoloogiat, et v\u00f5imaldada rohkem soomuklasi kinni p\u00fc\u00fcda.<\/p>\n","protected":false},"excerpt":{"rendered":"<p>Soomuklaste liimp\u00fc\u00fcnised Green Protect on t\u00f5husad liimplaadid, mida kasutatakse soomuklaste olemasolu tuvastamiseks ilma insektitsiide kasutamata, sobides nii hariliku soomuklase kui ka invasiivse liigi harjash\u00e4nnalise paberisoomuka p\u00fc\u00fcdmiseks. Soomuklaste liimp\u00fc\u00fcnised Green Protect kasutab uuenduslikku liimi pealekandmise tehnoloogiat, et v\u00f5imaldada rohkem soomuklasi kinni p\u00fc\u00fcda.<\/p>\n","protected":false},"featured_media":2380054,"comment_status":"closed","ping_status":"closed","template":"","meta":{"_themeisle_gutenberg_block_has_review":false},"product_cat":[13596],"product_tag":[],"class_list":{"0":"post-2088200","1":"product","2":"type-product","3":"status-publish","4":"has-post-thumbnail","6":"product_cat-prussakad","8":"first","9":"instock","10":"shipping-taxable","11":"purchasable","12":"product-type-simple"},"yoast_head":"<!-- This site is optimized with the Yoast SEO plugin v24.0 - https:\/\/yoast.com\/wordpress\/plugins\/seo\/ -->\n<title>Soomuklaste liimp\u00fc\u00fcnis Green Protect 2tk\/pakis - Horticom<\/title>\n<meta name=\"robots\" content=\"index, follow, max-snippet:-1, max-image-preview:large, max-video-preview:-1\" \/>\n<link rel=\"canonical\" href=\"https:\/\/horticom.ee\/e-pood\/toode\/soomuklaste-liimpuunis-green-protect-2tk-pakis\/\" \/>\n<meta property=\"og:locale\" content=\"et_EE\" \/>\n<meta property=\"og:type\" content=\"article\" \/>\n<meta property=\"og:title\" content=\"Soomuklaste liimp\u00fc\u00fcnis Green Protect 2tk\/pakis - Horticom\" \/>\n<meta property=\"og:description\" content=\"Soomuklaste liimp\u00fc\u00fcnised Green Protect on t\u00f5husad liimplaadid, mida kasutatakse soomuklaste olemasolu tuvastamiseks ilma insektitsiide kasutamata, sobides nii hariliku soomuklase kui ka invasiivse liigi harjash\u00e4nnalise paberisoomuka p\u00fc\u00fcdmiseks. Soomuklaste liimp\u00fc\u00fcnised Green Protect kasutab uuenduslikku liimi pealekandmise tehnoloogiat, et v\u00f5imaldada rohkem soomuklasi kinni p\u00fc\u00fcda.\" \/>\n<meta property=\"og:url\" content=\"https:\/\/horticom.ee\/e-pood\/toode\/soomuklaste-liimpuunis-green-protect-2tk-pakis\/\" \/>\n<meta property=\"og:site_name\" content=\"Horticom.ee\" \/>\n<meta property=\"article:publisher\" content=\"https:\/\/www.facebook.com\/horticom.ee\/e-pood\" \/>\n<meta property=\"article:modified_time\" content=\"2026-04-21T13:01:49+00:00\" \/>\n<meta property=\"og:image\" content=\"https:\/\/horticom.ee\/e-pood\/wp-content\/uploads\/importedmedia\/product-2088200_0-P0620.jpg\" \/>\n\t<meta property=\"og:image:width\" content=\"1000\" \/>\n\t<meta property=\"og:image:height\" content=\"1000\" \/>\n\t<meta property=\"og:image:type\" content=\"image\/jpeg\" \/>\n<meta name=\"twitter:card\" content=\"summary_large_image\" \/>\n<meta name=\"twitter:label1\" content=\"Est. reading time\" \/>\n\t<meta name=\"twitter:data1\" content=\"1 minut\" \/>\n<script type=\"application\/ld+json\" class=\"yoast-schema-graph\">{\"@context\":\"https:\/\/schema.org\",\"@graph\":[{\"@type\":\"WebPage\",\"@id\":\"https:\/\/horticom.ee\/e-pood\/toode\/soomuklaste-liimpuunis-green-protect-2tk-pakis\/\",\"url\":\"https:\/\/horticom.ee\/e-pood\/toode\/soomuklaste-liimpuunis-green-protect-2tk-pakis\/\",\"name\":\"Soomuklaste liimp\u00fc\u00fcnis Green Protect 2tk\/pakis - Horticom\",\"isPartOf\":{\"@id\":\"https:\/\/horticom.ee\/e-pood\/#website\"},\"primaryImageOfPage\":{\"@id\":\"https:\/\/horticom.ee\/e-pood\/toode\/soomuklaste-liimpuunis-green-protect-2tk-pakis\/#primaryimage\"},\"image\":{\"@id\":\"https:\/\/horticom.ee\/e-pood\/toode\/soomuklaste-liimpuunis-green-protect-2tk-pakis\/#primaryimage\"},\"thumbnailUrl\":\"https:\/\/horticom.ee\/e-pood\/wp-content\/uploads\/importedmedia\/product-2088200_0-P0620.jpg\",\"datePublished\":\"2024-03-04T12:00:25+00:00\",\"dateModified\":\"2026-04-21T13:01:49+00:00\",\"breadcrumb\":{\"@id\":\"https:\/\/horticom.ee\/e-pood\/toode\/soomuklaste-liimpuunis-green-protect-2tk-pakis\/#breadcrumb\"},\"inLanguage\":\"et\",\"potentialAction\":[{\"@type\":\"ReadAction\",\"target\":[\"https:\/\/horticom.ee\/e-pood\/toode\/soomuklaste-liimpuunis-green-protect-2tk-pakis\/\"]}]},{\"@type\":\"ImageObject\",\"inLanguage\":\"et\",\"@id\":\"https:\/\/horticom.ee\/e-pood\/toode\/soomuklaste-liimpuunis-green-protect-2tk-pakis\/#primaryimage\",\"url\":\"https:\/\/horticom.ee\/e-pood\/wp-content\/uploads\/importedmedia\/product-2088200_0-P0620.jpg\",\"contentUrl\":\"https:\/\/horticom.ee\/e-pood\/wp-content\/uploads\/importedmedia\/product-2088200_0-P0620.jpg\",\"width\":1000,\"height\":1000},{\"@type\":\"BreadcrumbList\",\"@id\":\"https:\/\/horticom.ee\/e-pood\/toode\/soomuklaste-liimpuunis-green-protect-2tk-pakis\/#breadcrumb\",\"itemListElement\":[{\"@type\":\"ListItem\",\"position\":1,\"name\":\"Home\",\"item\":\"https:\/\/horticom.ee\/e-pood\/\"},{\"@type\":\"ListItem\",\"position\":2,\"name\":\"Pood\",\"item\":\"https:\/\/horticom.ee\/e-pood\/pood\/\"},{\"@type\":\"ListItem\",\"position\":3,\"name\":\"Soomuklaste liimp\u00fc\u00fcnis Green Protect 2tk\/pakis\"}]},{\"@type\":\"WebSite\",\"@id\":\"https:\/\/horticom.ee\/e-pood\/#website\",\"url\":\"https:\/\/horticom.ee\/e-pood\/\",\"name\":\"Horticom.ee\",\"description\":\"Aianduskaubad ja kodukaubad nii harrastajatele kui professionaalidele\",\"potentialAction\":[{\"@type\":\"SearchAction\",\"target\":{\"@type\":\"EntryPoint\",\"urlTemplate\":\"https:\/\/horticom.ee\/e-pood\/?s={search_term_string}\"},\"query-input\":{\"@type\":\"PropertyValueSpecification\",\"valueRequired\":true,\"valueName\":\"search_term_string\"}}],\"inLanguage\":\"et\"}]}<\/script>\n<!-- \/ Yoast SEO plugin. -->","yoast_head_json":{"title":"Soomuklaste liimp\u00fc\u00fcnis Green Protect 2tk\/pakis - Horticom","robots":{"index":"index","follow":"follow","max-snippet":"max-snippet:-1","max-image-preview":"max-image-preview:large","max-video-preview":"max-video-preview:-1"},"canonical":"https:\/\/horticom.ee\/e-pood\/toode\/soomuklaste-liimpuunis-green-protect-2tk-pakis\/","og_locale":"et_EE","og_type":"article","og_title":"Soomuklaste liimp\u00fc\u00fcnis Green Protect 2tk\/pakis - Horticom","og_description":"Soomuklaste liimp\u00fc\u00fcnised Green Protect on t\u00f5husad liimplaadid, mida kasutatakse soomuklaste olemasolu tuvastamiseks ilma insektitsiide kasutamata, sobides nii hariliku soomuklase kui ka invasiivse liigi harjash\u00e4nnalise paberisoomuka p\u00fc\u00fcdmiseks. Soomuklaste liimp\u00fc\u00fcnised Green Protect kasutab uuenduslikku liimi pealekandmise tehnoloogiat, et v\u00f5imaldada rohkem soomuklasi kinni p\u00fc\u00fcda.","og_url":"https:\/\/horticom.ee\/e-pood\/toode\/soomuklaste-liimpuunis-green-protect-2tk-pakis\/","og_site_name":"Horticom.ee","article_publisher":"https:\/\/www.facebook.com\/horticom.ee\/e-pood","article_modified_time":"2026-04-21T13:01:49+00:00","og_image":[{"width":1000,"height":1000,"url":"https:\/\/horticom.ee\/e-pood\/wp-content\/uploads\/importedmedia\/product-2088200_0-P0620.jpg","type":"image\/jpeg"}],"twitter_card":"summary_large_image","twitter_misc":{"Est. reading time":"1 minut"},"schema":{"@context":"https:\/\/schema.org","@graph":[{"@type":"WebPage","@id":"https:\/\/horticom.ee\/e-pood\/toode\/soomuklaste-liimpuunis-green-protect-2tk-pakis\/","url":"https:\/\/horticom.ee\/e-pood\/toode\/soomuklaste-liimpuunis-green-protect-2tk-pakis\/","name":"Soomuklaste liimp\u00fc\u00fcnis Green Protect 2tk\/pakis - Horticom","isPartOf":{"@id":"https:\/\/horticom.ee\/e-pood\/#website"},"primaryImageOfPage":{"@id":"https:\/\/horticom.ee\/e-pood\/toode\/soomuklaste-liimpuunis-green-protect-2tk-pakis\/#primaryimage"},"image":{"@id":"https:\/\/horticom.ee\/e-pood\/toode\/soomuklaste-liimpuunis-green-protect-2tk-pakis\/#primaryimage"},"thumbnailUrl":"https:\/\/horticom.ee\/e-pood\/wp-content\/uploads\/importedmedia\/product-2088200_0-P0620.jpg","datePublished":"2024-03-04T12:00:25+00:00","dateModified":"2026-04-21T13:01:49+00:00","breadcrumb":{"@id":"https:\/\/horticom.ee\/e-pood\/toode\/soomuklaste-liimpuunis-green-protect-2tk-pakis\/#breadcrumb"},"inLanguage":"et","potentialAction":[{"@type":"ReadAction","target":["https:\/\/horticom.ee\/e-pood\/toode\/soomuklaste-liimpuunis-green-protect-2tk-pakis\/"]}]},{"@type":"ImageObject","inLanguage":"et","@id":"https:\/\/horticom.ee\/e-pood\/toode\/soomuklaste-liimpuunis-green-protect-2tk-pakis\/#primaryimage","url":"https:\/\/horticom.ee\/e-pood\/wp-content\/uploads\/importedmedia\/product-2088200_0-P0620.jpg","contentUrl":"https:\/\/horticom.ee\/e-pood\/wp-content\/uploads\/importedmedia\/product-2088200_0-P0620.jpg","width":1000,"height":1000},{"@type":"BreadcrumbList","@id":"https:\/\/horticom.ee\/e-pood\/toode\/soomuklaste-liimpuunis-green-protect-2tk-pakis\/#breadcrumb","itemListElement":[{"@type":"ListItem","position":1,"name":"Home","item":"https:\/\/horticom.ee\/e-pood\/"},{"@type":"ListItem","position":2,"name":"Pood","item":"https:\/\/horticom.ee\/e-pood\/pood\/"},{"@type":"ListItem","position":3,"name":"Soomuklaste liimp\u00fc\u00fcnis Green Protect 2tk\/pakis"}]},{"@type":"WebSite","@id":"https:\/\/horticom.ee\/e-pood\/#website","url":"https:\/\/horticom.ee\/e-pood\/","name":"Horticom.ee","description":"Aianduskaubad ja kodukaubad nii harrastajatele kui professionaalidele","potentialAction":[{"@type":"SearchAction","target":{"@type":"EntryPoint","urlTemplate":"https:\/\/horticom.ee\/e-pood\/?s={search_term_string}"},"query-input":{"@type":"PropertyValueSpecification","valueRequired":true,"valueName":"search_term_string"}}],"inLanguage":"et"}]}},"_links":{"self":[{"href":"https:\/\/horticom.ee\/e-pood\/wp-json\/wp\/v2\/product\/2088200","targetHints":{"allow":["GET"]}}],"collection":[{"href":"https:\/\/horticom.ee\/e-pood\/wp-json\/wp\/v2\/product"}],"about":[{"href":"https:\/\/horticom.ee\/e-pood\/wp-json\/wp\/v2\/types\/product"}],"replies":[{"embeddable":true,"href":"https:\/\/horticom.ee\/e-pood\/wp-json\/wp\/v2\/comments?post=2088200"}],"wp:featuredmedia":[{"embeddable":true,"href":"https:\/\/horticom.ee\/e-pood\/wp-json\/wp\/v2\/media\/2380054"}],"wp:attachment":[{"href":"https:\/\/horticom.ee\/e-pood\/wp-json\/wp\/v2\/media?parent=2088200"}],"wp:term":[{"taxonomy":"product_cat","embeddable":true,"href":"https:\/\/horticom.ee\/e-pood\/wp-json\/wp\/v2\/product_cat?post=2088200"},{"taxonomy":"product_tag","embeddable":true,"href":"https:\/\/horticom.ee\/e-pood\/wp-json\/wp\/v2\/product_tag?post=2088200"}],"curies":[{"name":"wp","href":"https:\/\/api.w.org\/{rel}","templated":true}]}}