{"id":217627,"date":"2022-01-21T15:46:40","date_gmt":"2022-01-21T13:46:40","guid":{"rendered":"https:\/\/aednik24.ee\/toode\/istutuspott-elho-green-basics-19-x-17cm-leheroheline\/"},"modified":"2026-04-17T03:15:24","modified_gmt":"2026-04-17T00:15:24","slug":"istutuspott-elho-green-basics-19-x-17cm-leheroheline","status":"publish","type":"product","link":"https:\/\/horticom.ee\/e-pood\/toode\/istutuspott-elho-green-basics-19-x-17cm-leheroheline\/","title":{"rendered":"Istutuspott Elho Green Basics d 19 x 17cm 3L leheroheline"},"content":{"rendered":"<p>Istutuspott Green Basics on valmistatud kvaliteetsest \u00fcmbert\u00f6\u00f6deldud plastikust ning v\u00e4ljat\u00f6\u00f6tatud koost\u00f6\u00f6s professionaalsete kasvatajatega. T\u00e4nu unikaalsele p\u00f5hjale saavad taimed hea ventilatsiooni. Istutamiseks potti sobivad, taimed, maitsetaimed, k\u00f6\u00f6giviljad v\u00f5i puuviljad. Potid on saadaval erinevates m\u00f5\u00f5tudes ja v\u00e4rvitoonides. Toote valmistamisel kasutatakse erilisi v\u00e4rvipigmente, mist\u00f5ttu toodetel p\u00fcsib originaalv\u00e4rv kauem. Istutuspotile on sobiv alus &#8211; Istutuspoti alus Green Basics 17cm leheroheline.<\/p>\n","protected":false},"excerpt":{"rendered":"<p>Istutuspott Green Basics on valmistatud kvaliteetsest \u00fcmbert\u00f6\u00f6deldud plastikust ning v\u00e4ljat\u00f6\u00f6tatud koost\u00f6\u00f6s professionaalsete kasvatajatega. T\u00e4nu unikaalsele p\u00f5hjale saavad taimed hea ventilatsiooni. Istutamiseks potti sobivad, taimed, maitsetaimed, k\u00f6\u00f6giviljad v\u00f5i puuviljad. Potid on saadaval erinevates m\u00f5\u00f5tudes ja v\u00e4rvitoonides. Toote valmistamisel kasutatakse erilisi v\u00e4rvipigmente, mist\u00f5ttu toodetel p\u00fcsib originaalv\u00e4rv kauem. Istutuspotile on sobiv alus &#8211; Istutuspoti alus Green Basics 17cm [&hellip;]<\/p>\n","protected":false},"featured_media":218194,"comment_status":"closed","ping_status":"closed","template":"","meta":{"_themeisle_gutenberg_block_has_review":false},"product_cat":[13475],"product_tag":[],"class_list":{"0":"post-217627","1":"product","2":"type-product","3":"status-publish","4":"has-post-thumbnail","6":"product_cat-istutuspotid","8":"first","9":"instock","10":"shipping-taxable","11":"purchasable","12":"product-type-simple"},"yoast_head":"<!-- This site is optimized with the Yoast SEO plugin v24.0 - https:\/\/yoast.com\/wordpress\/plugins\/seo\/ -->\n<title>Istutuspott Elho Green Basics d 19 x 17cm 3L leheroheline<\/title>\n<meta name=\"description\" content=\"Istutuspott Green Basics on kvaliteetsest plastikust. Istutamiseks potti sobivad, taimed, maitsetaimed, k\u00f6\u00f6giviljad v\u00f5i puuviljad.\" \/>\n<meta name=\"robots\" content=\"index, follow, max-snippet:-1, max-image-preview:large, max-video-preview:-1\" \/>\n<link rel=\"canonical\" href=\"https:\/\/horticom.ee\/e-pood\/toode\/istutuspott-elho-green-basics-19-x-17cm-leheroheline\/\" \/>\n<meta property=\"og:locale\" content=\"et_EE\" \/>\n<meta property=\"og:type\" content=\"article\" \/>\n<meta property=\"og:title\" content=\"Istutuspott Elho Green Basics d 19 x 17cm 3L leheroheline\" \/>\n<meta property=\"og:description\" content=\"Istutuspott Green Basics on kvaliteetsest plastikust. Istutamiseks potti sobivad, taimed, maitsetaimed, k\u00f6\u00f6giviljad v\u00f5i puuviljad.\" \/>\n<meta property=\"og:url\" content=\"https:\/\/horticom.ee\/e-pood\/toode\/istutuspott-elho-green-basics-19-x-17cm-leheroheline\/\" \/>\n<meta property=\"og:site_name\" content=\"Horticom.ee\" \/>\n<meta property=\"article:publisher\" content=\"https:\/\/www.facebook.com\/horticom.ee\/e-pood\" \/>\n<meta property=\"article:modified_time\" content=\"2026-04-17T00:15:24+00:00\" \/>\n<meta property=\"og:image\" content=\"https:\/\/horticom.ee\/e-pood\/wp-content\/uploads\/importedmedia\/product-217627_0-640209_360.jpg\" \/>\n\t<meta property=\"og:image:width\" content=\"1000\" \/>\n\t<meta property=\"og:image:height\" content=\"1000\" \/>\n\t<meta property=\"og:image:type\" content=\"image\/jpeg\" \/>\n<meta name=\"twitter:card\" content=\"summary_large_image\" \/>\n<script type=\"application\/ld+json\" class=\"yoast-schema-graph\">{\"@context\":\"https:\/\/schema.org\",\"@graph\":[{\"@type\":\"WebPage\",\"@id\":\"https:\/\/horticom.ee\/e-pood\/toode\/istutuspott-elho-green-basics-19-x-17cm-leheroheline\/\",\"url\":\"https:\/\/horticom.ee\/e-pood\/toode\/istutuspott-elho-green-basics-19-x-17cm-leheroheline\/\",\"name\":\"Istutuspott Elho Green Basics d 19 x 17cm 3L leheroheline\",\"isPartOf\":{\"@id\":\"https:\/\/horticom.ee\/e-pood\/#website\"},\"primaryImageOfPage\":{\"@id\":\"https:\/\/horticom.ee\/e-pood\/toode\/istutuspott-elho-green-basics-19-x-17cm-leheroheline\/#primaryimage\"},\"image\":{\"@id\":\"https:\/\/horticom.ee\/e-pood\/toode\/istutuspott-elho-green-basics-19-x-17cm-leheroheline\/#primaryimage\"},\"thumbnailUrl\":\"https:\/\/horticom.ee\/e-pood\/wp-content\/uploads\/importedmedia\/product-217627_0-640209_360.jpg\",\"datePublished\":\"2022-01-21T13:46:40+00:00\",\"dateModified\":\"2026-04-17T00:15:24+00:00\",\"description\":\"Istutuspott Green Basics on kvaliteetsest plastikust. Istutamiseks potti sobivad, taimed, maitsetaimed, k\u00f6\u00f6giviljad v\u00f5i puuviljad.\",\"breadcrumb\":{\"@id\":\"https:\/\/horticom.ee\/e-pood\/toode\/istutuspott-elho-green-basics-19-x-17cm-leheroheline\/#breadcrumb\"},\"inLanguage\":\"et\",\"potentialAction\":[{\"@type\":\"ReadAction\",\"target\":[\"https:\/\/horticom.ee\/e-pood\/toode\/istutuspott-elho-green-basics-19-x-17cm-leheroheline\/\"]}]},{\"@type\":\"ImageObject\",\"inLanguage\":\"et\",\"@id\":\"https:\/\/horticom.ee\/e-pood\/toode\/istutuspott-elho-green-basics-19-x-17cm-leheroheline\/#primaryimage\",\"url\":\"https:\/\/horticom.ee\/e-pood\/wp-content\/uploads\/importedmedia\/product-217627_0-640209_360.jpg\",\"contentUrl\":\"https:\/\/horticom.ee\/e-pood\/wp-content\/uploads\/importedmedia\/product-217627_0-640209_360.jpg\",\"width\":1000,\"height\":1000,\"caption\":\"Istutuspott Elho Green Basics d 19 x 17cm 3L leheroheline\"},{\"@type\":\"BreadcrumbList\",\"@id\":\"https:\/\/horticom.ee\/e-pood\/toode\/istutuspott-elho-green-basics-19-x-17cm-leheroheline\/#breadcrumb\",\"itemListElement\":[{\"@type\":\"ListItem\",\"position\":1,\"name\":\"Home\",\"item\":\"https:\/\/horticom.ee\/e-pood\/\"},{\"@type\":\"ListItem\",\"position\":2,\"name\":\"Pood\",\"item\":\"https:\/\/horticom.ee\/e-pood\/pood\/\"},{\"@type\":\"ListItem\",\"position\":3,\"name\":\"Istutuspott Elho Green Basics d 19 x 17cm 3L leheroheline\"}]},{\"@type\":\"WebSite\",\"@id\":\"https:\/\/horticom.ee\/e-pood\/#website\",\"url\":\"https:\/\/horticom.ee\/e-pood\/\",\"name\":\"Horticom.ee\",\"description\":\"Aianduskaubad ja kodukaubad nii harrastajatele kui professionaalidele\",\"potentialAction\":[{\"@type\":\"SearchAction\",\"target\":{\"@type\":\"EntryPoint\",\"urlTemplate\":\"https:\/\/horticom.ee\/e-pood\/?s={search_term_string}\"},\"query-input\":{\"@type\":\"PropertyValueSpecification\",\"valueRequired\":true,\"valueName\":\"search_term_string\"}}],\"inLanguage\":\"et\"}]}<\/script>\n<!-- \/ Yoast SEO plugin. -->","yoast_head_json":{"title":"Istutuspott Elho Green Basics d 19 x 17cm 3L leheroheline","description":"Istutuspott Green Basics on kvaliteetsest plastikust. Istutamiseks potti sobivad, taimed, maitsetaimed, k\u00f6\u00f6giviljad v\u00f5i puuviljad.","robots":{"index":"index","follow":"follow","max-snippet":"max-snippet:-1","max-image-preview":"max-image-preview:large","max-video-preview":"max-video-preview:-1"},"canonical":"https:\/\/horticom.ee\/e-pood\/toode\/istutuspott-elho-green-basics-19-x-17cm-leheroheline\/","og_locale":"et_EE","og_type":"article","og_title":"Istutuspott Elho Green Basics d 19 x 17cm 3L leheroheline","og_description":"Istutuspott Green Basics on kvaliteetsest plastikust. Istutamiseks potti sobivad, taimed, maitsetaimed, k\u00f6\u00f6giviljad v\u00f5i puuviljad.","og_url":"https:\/\/horticom.ee\/e-pood\/toode\/istutuspott-elho-green-basics-19-x-17cm-leheroheline\/","og_site_name":"Horticom.ee","article_publisher":"https:\/\/www.facebook.com\/horticom.ee\/e-pood","article_modified_time":"2026-04-17T00:15:24+00:00","og_image":[{"width":1000,"height":1000,"url":"https:\/\/horticom.ee\/e-pood\/wp-content\/uploads\/importedmedia\/product-217627_0-640209_360.jpg","type":"image\/jpeg"}],"twitter_card":"summary_large_image","schema":{"@context":"https:\/\/schema.org","@graph":[{"@type":"WebPage","@id":"https:\/\/horticom.ee\/e-pood\/toode\/istutuspott-elho-green-basics-19-x-17cm-leheroheline\/","url":"https:\/\/horticom.ee\/e-pood\/toode\/istutuspott-elho-green-basics-19-x-17cm-leheroheline\/","name":"Istutuspott Elho Green Basics d 19 x 17cm 3L leheroheline","isPartOf":{"@id":"https:\/\/horticom.ee\/e-pood\/#website"},"primaryImageOfPage":{"@id":"https:\/\/horticom.ee\/e-pood\/toode\/istutuspott-elho-green-basics-19-x-17cm-leheroheline\/#primaryimage"},"image":{"@id":"https:\/\/horticom.ee\/e-pood\/toode\/istutuspott-elho-green-basics-19-x-17cm-leheroheline\/#primaryimage"},"thumbnailUrl":"https:\/\/horticom.ee\/e-pood\/wp-content\/uploads\/importedmedia\/product-217627_0-640209_360.jpg","datePublished":"2022-01-21T13:46:40+00:00","dateModified":"2026-04-17T00:15:24+00:00","description":"Istutuspott Green Basics on kvaliteetsest plastikust. Istutamiseks potti sobivad, taimed, maitsetaimed, k\u00f6\u00f6giviljad v\u00f5i puuviljad.","breadcrumb":{"@id":"https:\/\/horticom.ee\/e-pood\/toode\/istutuspott-elho-green-basics-19-x-17cm-leheroheline\/#breadcrumb"},"inLanguage":"et","potentialAction":[{"@type":"ReadAction","target":["https:\/\/horticom.ee\/e-pood\/toode\/istutuspott-elho-green-basics-19-x-17cm-leheroheline\/"]}]},{"@type":"ImageObject","inLanguage":"et","@id":"https:\/\/horticom.ee\/e-pood\/toode\/istutuspott-elho-green-basics-19-x-17cm-leheroheline\/#primaryimage","url":"https:\/\/horticom.ee\/e-pood\/wp-content\/uploads\/importedmedia\/product-217627_0-640209_360.jpg","contentUrl":"https:\/\/horticom.ee\/e-pood\/wp-content\/uploads\/importedmedia\/product-217627_0-640209_360.jpg","width":1000,"height":1000,"caption":"Istutuspott Elho Green Basics d 19 x 17cm 3L leheroheline"},{"@type":"BreadcrumbList","@id":"https:\/\/horticom.ee\/e-pood\/toode\/istutuspott-elho-green-basics-19-x-17cm-leheroheline\/#breadcrumb","itemListElement":[{"@type":"ListItem","position":1,"name":"Home","item":"https:\/\/horticom.ee\/e-pood\/"},{"@type":"ListItem","position":2,"name":"Pood","item":"https:\/\/horticom.ee\/e-pood\/pood\/"},{"@type":"ListItem","position":3,"name":"Istutuspott Elho Green Basics d 19 x 17cm 3L leheroheline"}]},{"@type":"WebSite","@id":"https:\/\/horticom.ee\/e-pood\/#website","url":"https:\/\/horticom.ee\/e-pood\/","name":"Horticom.ee","description":"Aianduskaubad ja kodukaubad nii harrastajatele kui professionaalidele","potentialAction":[{"@type":"SearchAction","target":{"@type":"EntryPoint","urlTemplate":"https:\/\/horticom.ee\/e-pood\/?s={search_term_string}"},"query-input":{"@type":"PropertyValueSpecification","valueRequired":true,"valueName":"search_term_string"}}],"inLanguage":"et"}]}},"_links":{"self":[{"href":"https:\/\/horticom.ee\/e-pood\/wp-json\/wp\/v2\/product\/217627","targetHints":{"allow":["GET"]}}],"collection":[{"href":"https:\/\/horticom.ee\/e-pood\/wp-json\/wp\/v2\/product"}],"about":[{"href":"https:\/\/horticom.ee\/e-pood\/wp-json\/wp\/v2\/types\/product"}],"replies":[{"embeddable":true,"href":"https:\/\/horticom.ee\/e-pood\/wp-json\/wp\/v2\/comments?post=217627"}],"wp:featuredmedia":[{"embeddable":true,"href":"https:\/\/horticom.ee\/e-pood\/wp-json\/wp\/v2\/media\/218194"}],"wp:attachment":[{"href":"https:\/\/horticom.ee\/e-pood\/wp-json\/wp\/v2\/media?parent=217627"}],"wp:term":[{"taxonomy":"product_cat","embeddable":true,"href":"https:\/\/horticom.ee\/e-pood\/wp-json\/wp\/v2\/product_cat?post=217627"},{"taxonomy":"product_tag","embeddable":true,"href":"https:\/\/horticom.ee\/e-pood\/wp-json\/wp\/v2\/product_tag?post=217627"}],"curies":[{"name":"wp","href":"https:\/\/api.w.org\/{rel}","templated":true}]}}