{"id":2284142,"date":"2024-04-10T12:01:08","date_gmt":"2024-04-10T09:01:08","guid":{"rendered":"https:\/\/horticom.ee\/e-pood\/toode\/linnuvork-tarha-4-x-10m-40m2-standard-silm\/"},"modified":"2026-04-24T03:11:43","modified_gmt":"2026-04-24T00:11:43","slug":"linnuvork-tarha-4-x-10m-40m2-standard-silm","status":"publish","type":"product","link":"https:\/\/horticom.ee\/e-pood\/toode\/linnuvork-tarha-4-x-10m-40m2-standard-silm\/","title":{"rendered":"Linnuv\u00f5rk Tarha 4 x 10m 40m2 standard silm"},"content":{"rendered":"<p>Linnuv\u00f5rk Tarha on tugevdatud koega ja standartse silmaga v\u00f5rk marja- ja viljapuude kaitsmiseks lindude eest. V\u00f5rk on linnus\u00f5bralik, tugev ja pikaajaline. V\u00e4ike v\u00f5rgusilm ning tugev v\u00f5rgun\u00f6\u00f6r takistavad lindude v\u00f5rku kinnij\u00e4\u00e4mist ja lindude p\u00e4\u00e4semist v\u00f5rgu alla. Saadaval erinevad suurused.<\/p>\n","protected":false},"excerpt":{"rendered":"<p>Linnuv\u00f5rk Tarha on tugevdatud koega ja standartse silmaga v\u00f5rk marja- ja viljapuude kaitsmiseks lindude eest. V\u00f5rk on linnus\u00f5bralik, tugev ja pikaajaline. V\u00e4ike v\u00f5rgusilm ning tugev v\u00f5rgun\u00f6\u00f6r takistavad lindude v\u00f5rku kinnij\u00e4\u00e4mist ja lindude p\u00e4\u00e4semist v\u00f5rgu alla. Saadaval erinevad suurused.<\/p>\n","protected":false},"featured_media":2381428,"comment_status":"closed","ping_status":"closed","template":"","meta":{"_themeisle_gutenberg_block_has_review":false},"product_cat":[13423],"product_tag":[],"class_list":{"0":"post-2284142","1":"product","2":"type-product","3":"status-publish","4":"has-post-thumbnail","6":"product_cat-linnuvorgud","8":"first","9":"instock","10":"sale","11":"shipping-taxable","12":"purchasable","13":"product-type-simple"},"yoast_head":"<!-- This site is optimized with the Yoast SEO plugin v24.0 - https:\/\/yoast.com\/wordpress\/plugins\/seo\/ -->\n<title>Linnuv\u00f5rk Tarha 4 x 10m 40m2 standard silm - Horticom<\/title>\n<meta name=\"robots\" content=\"index, follow, max-snippet:-1, max-image-preview:large, max-video-preview:-1\" \/>\n<link rel=\"canonical\" href=\"https:\/\/horticom.ee\/e-pood\/toode\/linnuvork-tarha-4-x-10m-40m2-standard-silm\/\" \/>\n<meta property=\"og:locale\" content=\"et_EE\" \/>\n<meta property=\"og:type\" content=\"article\" \/>\n<meta property=\"og:title\" content=\"Linnuv\u00f5rk Tarha 4 x 10m 40m2 standard silm - Horticom\" \/>\n<meta property=\"og:description\" content=\"Linnuv\u00f5rk Tarha on tugevdatud koega ja standartse silmaga v\u00f5rk marja- ja viljapuude kaitsmiseks lindude eest. V\u00f5rk on linnus\u00f5bralik, tugev ja pikaajaline. V\u00e4ike v\u00f5rgusilm ning tugev v\u00f5rgun\u00f6\u00f6r takistavad lindude v\u00f5rku kinnij\u00e4\u00e4mist ja lindude p\u00e4\u00e4semist v\u00f5rgu alla. Saadaval erinevad suurused.\" \/>\n<meta property=\"og:url\" content=\"https:\/\/horticom.ee\/e-pood\/toode\/linnuvork-tarha-4-x-10m-40m2-standard-silm\/\" \/>\n<meta property=\"og:site_name\" content=\"Horticom.ee\" \/>\n<meta property=\"article:publisher\" content=\"https:\/\/www.facebook.com\/horticom.ee\/e-pood\" \/>\n<meta property=\"article:modified_time\" content=\"2026-04-24T00:11:43+00:00\" \/>\n<meta property=\"og:image\" content=\"https:\/\/horticom.ee\/e-pood\/wp-content\/uploads\/importedmedia\/product-2284142_0-672284.jpg\" \/>\n\t<meta property=\"og:image:width\" content=\"1000\" \/>\n\t<meta property=\"og:image:height\" content=\"833\" \/>\n\t<meta property=\"og:image:type\" content=\"image\/jpeg\" \/>\n<meta name=\"twitter:card\" content=\"summary_large_image\" \/>\n<script type=\"application\/ld+json\" class=\"yoast-schema-graph\">{\"@context\":\"https:\/\/schema.org\",\"@graph\":[{\"@type\":\"WebPage\",\"@id\":\"https:\/\/horticom.ee\/e-pood\/toode\/linnuvork-tarha-4-x-10m-40m2-standard-silm\/\",\"url\":\"https:\/\/horticom.ee\/e-pood\/toode\/linnuvork-tarha-4-x-10m-40m2-standard-silm\/\",\"name\":\"Linnuv\u00f5rk Tarha 4 x 10m 40m2 standard silm - Horticom\",\"isPartOf\":{\"@id\":\"https:\/\/horticom.ee\/e-pood\/#website\"},\"primaryImageOfPage\":{\"@id\":\"https:\/\/horticom.ee\/e-pood\/toode\/linnuvork-tarha-4-x-10m-40m2-standard-silm\/#primaryimage\"},\"image\":{\"@id\":\"https:\/\/horticom.ee\/e-pood\/toode\/linnuvork-tarha-4-x-10m-40m2-standard-silm\/#primaryimage\"},\"thumbnailUrl\":\"https:\/\/horticom.ee\/e-pood\/wp-content\/uploads\/importedmedia\/product-2284142_0-672284.jpg\",\"datePublished\":\"2024-04-10T09:01:08+00:00\",\"dateModified\":\"2026-04-24T00:11:43+00:00\",\"breadcrumb\":{\"@id\":\"https:\/\/horticom.ee\/e-pood\/toode\/linnuvork-tarha-4-x-10m-40m2-standard-silm\/#breadcrumb\"},\"inLanguage\":\"et\",\"potentialAction\":[{\"@type\":\"ReadAction\",\"target\":[\"https:\/\/horticom.ee\/e-pood\/toode\/linnuvork-tarha-4-x-10m-40m2-standard-silm\/\"]}]},{\"@type\":\"ImageObject\",\"inLanguage\":\"et\",\"@id\":\"https:\/\/horticom.ee\/e-pood\/toode\/linnuvork-tarha-4-x-10m-40m2-standard-silm\/#primaryimage\",\"url\":\"https:\/\/horticom.ee\/e-pood\/wp-content\/uploads\/importedmedia\/product-2284142_0-672284.jpg\",\"contentUrl\":\"https:\/\/horticom.ee\/e-pood\/wp-content\/uploads\/importedmedia\/product-2284142_0-672284.jpg\",\"width\":1000,\"height\":833},{\"@type\":\"BreadcrumbList\",\"@id\":\"https:\/\/horticom.ee\/e-pood\/toode\/linnuvork-tarha-4-x-10m-40m2-standard-silm\/#breadcrumb\",\"itemListElement\":[{\"@type\":\"ListItem\",\"position\":1,\"name\":\"Home\",\"item\":\"https:\/\/horticom.ee\/e-pood\/\"},{\"@type\":\"ListItem\",\"position\":2,\"name\":\"Pood\",\"item\":\"https:\/\/horticom.ee\/e-pood\/pood\/\"},{\"@type\":\"ListItem\",\"position\":3,\"name\":\"Linnuv\u00f5rk Tarha 4 x 10m 40m2 standard silm\"}]},{\"@type\":\"WebSite\",\"@id\":\"https:\/\/horticom.ee\/e-pood\/#website\",\"url\":\"https:\/\/horticom.ee\/e-pood\/\",\"name\":\"Horticom.ee\",\"description\":\"Aianduskaubad ja kodukaubad nii harrastajatele kui professionaalidele\",\"potentialAction\":[{\"@type\":\"SearchAction\",\"target\":{\"@type\":\"EntryPoint\",\"urlTemplate\":\"https:\/\/horticom.ee\/e-pood\/?s={search_term_string}\"},\"query-input\":{\"@type\":\"PropertyValueSpecification\",\"valueRequired\":true,\"valueName\":\"search_term_string\"}}],\"inLanguage\":\"et\"}]}<\/script>\n<!-- \/ Yoast SEO plugin. -->","yoast_head_json":{"title":"Linnuv\u00f5rk Tarha 4 x 10m 40m2 standard silm - Horticom","robots":{"index":"index","follow":"follow","max-snippet":"max-snippet:-1","max-image-preview":"max-image-preview:large","max-video-preview":"max-video-preview:-1"},"canonical":"https:\/\/horticom.ee\/e-pood\/toode\/linnuvork-tarha-4-x-10m-40m2-standard-silm\/","og_locale":"et_EE","og_type":"article","og_title":"Linnuv\u00f5rk Tarha 4 x 10m 40m2 standard silm - Horticom","og_description":"Linnuv\u00f5rk Tarha on tugevdatud koega ja standartse silmaga v\u00f5rk marja- ja viljapuude kaitsmiseks lindude eest. V\u00f5rk on linnus\u00f5bralik, tugev ja pikaajaline. V\u00e4ike v\u00f5rgusilm ning tugev v\u00f5rgun\u00f6\u00f6r takistavad lindude v\u00f5rku kinnij\u00e4\u00e4mist ja lindude p\u00e4\u00e4semist v\u00f5rgu alla. Saadaval erinevad suurused.","og_url":"https:\/\/horticom.ee\/e-pood\/toode\/linnuvork-tarha-4-x-10m-40m2-standard-silm\/","og_site_name":"Horticom.ee","article_publisher":"https:\/\/www.facebook.com\/horticom.ee\/e-pood","article_modified_time":"2026-04-24T00:11:43+00:00","og_image":[{"width":1000,"height":833,"url":"https:\/\/horticom.ee\/e-pood\/wp-content\/uploads\/importedmedia\/product-2284142_0-672284.jpg","type":"image\/jpeg"}],"twitter_card":"summary_large_image","schema":{"@context":"https:\/\/schema.org","@graph":[{"@type":"WebPage","@id":"https:\/\/horticom.ee\/e-pood\/toode\/linnuvork-tarha-4-x-10m-40m2-standard-silm\/","url":"https:\/\/horticom.ee\/e-pood\/toode\/linnuvork-tarha-4-x-10m-40m2-standard-silm\/","name":"Linnuv\u00f5rk Tarha 4 x 10m 40m2 standard silm - Horticom","isPartOf":{"@id":"https:\/\/horticom.ee\/e-pood\/#website"},"primaryImageOfPage":{"@id":"https:\/\/horticom.ee\/e-pood\/toode\/linnuvork-tarha-4-x-10m-40m2-standard-silm\/#primaryimage"},"image":{"@id":"https:\/\/horticom.ee\/e-pood\/toode\/linnuvork-tarha-4-x-10m-40m2-standard-silm\/#primaryimage"},"thumbnailUrl":"https:\/\/horticom.ee\/e-pood\/wp-content\/uploads\/importedmedia\/product-2284142_0-672284.jpg","datePublished":"2024-04-10T09:01:08+00:00","dateModified":"2026-04-24T00:11:43+00:00","breadcrumb":{"@id":"https:\/\/horticom.ee\/e-pood\/toode\/linnuvork-tarha-4-x-10m-40m2-standard-silm\/#breadcrumb"},"inLanguage":"et","potentialAction":[{"@type":"ReadAction","target":["https:\/\/horticom.ee\/e-pood\/toode\/linnuvork-tarha-4-x-10m-40m2-standard-silm\/"]}]},{"@type":"ImageObject","inLanguage":"et","@id":"https:\/\/horticom.ee\/e-pood\/toode\/linnuvork-tarha-4-x-10m-40m2-standard-silm\/#primaryimage","url":"https:\/\/horticom.ee\/e-pood\/wp-content\/uploads\/importedmedia\/product-2284142_0-672284.jpg","contentUrl":"https:\/\/horticom.ee\/e-pood\/wp-content\/uploads\/importedmedia\/product-2284142_0-672284.jpg","width":1000,"height":833},{"@type":"BreadcrumbList","@id":"https:\/\/horticom.ee\/e-pood\/toode\/linnuvork-tarha-4-x-10m-40m2-standard-silm\/#breadcrumb","itemListElement":[{"@type":"ListItem","position":1,"name":"Home","item":"https:\/\/horticom.ee\/e-pood\/"},{"@type":"ListItem","position":2,"name":"Pood","item":"https:\/\/horticom.ee\/e-pood\/pood\/"},{"@type":"ListItem","position":3,"name":"Linnuv\u00f5rk Tarha 4 x 10m 40m2 standard silm"}]},{"@type":"WebSite","@id":"https:\/\/horticom.ee\/e-pood\/#website","url":"https:\/\/horticom.ee\/e-pood\/","name":"Horticom.ee","description":"Aianduskaubad ja kodukaubad nii harrastajatele kui professionaalidele","potentialAction":[{"@type":"SearchAction","target":{"@type":"EntryPoint","urlTemplate":"https:\/\/horticom.ee\/e-pood\/?s={search_term_string}"},"query-input":{"@type":"PropertyValueSpecification","valueRequired":true,"valueName":"search_term_string"}}],"inLanguage":"et"}]}},"_links":{"self":[{"href":"https:\/\/horticom.ee\/e-pood\/wp-json\/wp\/v2\/product\/2284142","targetHints":{"allow":["GET"]}}],"collection":[{"href":"https:\/\/horticom.ee\/e-pood\/wp-json\/wp\/v2\/product"}],"about":[{"href":"https:\/\/horticom.ee\/e-pood\/wp-json\/wp\/v2\/types\/product"}],"replies":[{"embeddable":true,"href":"https:\/\/horticom.ee\/e-pood\/wp-json\/wp\/v2\/comments?post=2284142"}],"wp:featuredmedia":[{"embeddable":true,"href":"https:\/\/horticom.ee\/e-pood\/wp-json\/wp\/v2\/media\/2381428"}],"wp:attachment":[{"href":"https:\/\/horticom.ee\/e-pood\/wp-json\/wp\/v2\/media?parent=2284142"}],"wp:term":[{"taxonomy":"product_cat","embeddable":true,"href":"https:\/\/horticom.ee\/e-pood\/wp-json\/wp\/v2\/product_cat?post=2284142"},{"taxonomy":"product_tag","embeddable":true,"href":"https:\/\/horticom.ee\/e-pood\/wp-json\/wp\/v2\/product_tag?post=2284142"}],"curies":[{"name":"wp","href":"https:\/\/api.w.org\/{rel}","templated":true}]}}