{"id":2285625,"date":"2024-04-25T06:00:52","date_gmt":"2024-04-25T03:00:52","guid":{"rendered":"https:\/\/horticom.ee\/e-pood\/toode\/kuunal-silinder-90h-d-80-x-200mm-punane\/"},"modified":"2026-04-26T03:08:42","modified_gmt":"2026-04-26T00:08:42","slug":"kuunal-silinder-90h-d-80-x-200mm-punane","status":"publish","type":"product","link":"https:\/\/horticom.ee\/e-pood\/toode\/kuunal-silinder-90h-d-80-x-200mm-punane\/","title":{"rendered":"K\u00fc\u00fcnal silinder 90h d 80 x 200mm punane"},"content":{"rendered":"<p>K\u00fc\u00fcnal silinder on l\u00f5hnatu, pika p\u00f5lemisajaga ja klassikalise v\u00e4limusega k\u00fc\u00fcnal, mis muudab sinu kodu hubasemaks. Kvaliteetsed k\u00fc\u00fcnlad firmalt, kellel on 150+ aastat kogemust valmistamaks parimatest saadaolevatest koostisosadest h\u00e4sti p\u00f5levaid k\u00fc\u00fcnlaid, mis ei saasta \u00f5hku ega ole tervisele ohtlikud.<\/p>\n","protected":false},"excerpt":{"rendered":"<p>K\u00fc\u00fcnal silinder on l\u00f5hnatu, pika p\u00f5lemisajaga ja klassikalise v\u00e4limusega k\u00fc\u00fcnal, mis muudab sinu kodu hubasemaks. Kvaliteetsed k\u00fc\u00fcnlad firmalt, kellel on 150+ aastat kogemust valmistamaks parimatest saadaolevatest koostisosadest h\u00e4sti p\u00f5levaid k\u00fc\u00fcnlaid, mis ei saasta \u00f5hku ega ole tervisele ohtlikud.<\/p>\n","protected":false},"featured_media":2380102,"comment_status":"closed","ping_status":"closed","template":"","meta":{"_themeisle_gutenberg_block_has_review":false},"product_cat":[13454],"product_tag":[],"class_list":{"0":"post-2285625","1":"product","2":"type-product","3":"status-publish","4":"has-post-thumbnail","6":"product_cat-lauakuunlad","8":"first","9":"instock","10":"shipping-taxable","11":"purchasable","12":"product-type-simple"},"yoast_head":"<!-- This site is optimized with the Yoast SEO plugin v24.0 - https:\/\/yoast.com\/wordpress\/plugins\/seo\/ -->\n<title>K\u00fc\u00fcnal silinder 90h d 80 x 200mm punane - Horticom.ee<\/title>\n<meta name=\"description\" content=\"K\u00fc\u00fcnal silinder on l\u00f5hnatu, pika p\u00f5lemisajaga ja klassikalise v\u00e4limusega k\u00fc\u00fcnal, mis muudab sinu kodu hubasemaks.\" \/>\n<meta name=\"robots\" content=\"index, follow, max-snippet:-1, max-image-preview:large, max-video-preview:-1\" \/>\n<link rel=\"canonical\" href=\"https:\/\/horticom.ee\/e-pood\/toode\/kuunal-silinder-90h-d-80-x-200mm-punane\/\" \/>\n<meta property=\"og:locale\" content=\"et_EE\" \/>\n<meta property=\"og:type\" content=\"article\" \/>\n<meta property=\"og:title\" content=\"K\u00fc\u00fcnal silinder 90h d 80 x 200mm punane - Horticom.ee\" \/>\n<meta property=\"og:description\" content=\"K\u00fc\u00fcnal silinder on l\u00f5hnatu, pika p\u00f5lemisajaga ja klassikalise v\u00e4limusega k\u00fc\u00fcnal, mis muudab sinu kodu hubasemaks.\" \/>\n<meta property=\"og:url\" content=\"https:\/\/horticom.ee\/e-pood\/toode\/kuunal-silinder-90h-d-80-x-200mm-punane\/\" \/>\n<meta property=\"og:site_name\" content=\"Horticom.ee\" \/>\n<meta property=\"article:publisher\" content=\"https:\/\/www.facebook.com\/horticom.ee\/e-pood\" \/>\n<meta property=\"article:modified_time\" content=\"2026-04-26T00:08:42+00:00\" \/>\n<meta property=\"og:image\" content=\"https:\/\/horticom.ee\/e-pood\/wp-content\/uploads\/importedmedia\/product-2285625_0-690127_13.jpg\" \/>\n\t<meta property=\"og:image:width\" content=\"1000\" \/>\n\t<meta property=\"og:image:height\" content=\"1000\" \/>\n\t<meta property=\"og:image:type\" content=\"image\/jpeg\" \/>\n<meta name=\"twitter:card\" content=\"summary_large_image\" \/>\n<script type=\"application\/ld+json\" class=\"yoast-schema-graph\">{\"@context\":\"https:\/\/schema.org\",\"@graph\":[{\"@type\":\"WebPage\",\"@id\":\"https:\/\/horticom.ee\/e-pood\/toode\/kuunal-silinder-90h-d-80-x-200mm-punane\/\",\"url\":\"https:\/\/horticom.ee\/e-pood\/toode\/kuunal-silinder-90h-d-80-x-200mm-punane\/\",\"name\":\"K\u00fc\u00fcnal silinder 90h d 80 x 200mm punane - Horticom.ee\",\"isPartOf\":{\"@id\":\"https:\/\/horticom.ee\/e-pood\/#website\"},\"primaryImageOfPage\":{\"@id\":\"https:\/\/horticom.ee\/e-pood\/toode\/kuunal-silinder-90h-d-80-x-200mm-punane\/#primaryimage\"},\"image\":{\"@id\":\"https:\/\/horticom.ee\/e-pood\/toode\/kuunal-silinder-90h-d-80-x-200mm-punane\/#primaryimage\"},\"thumbnailUrl\":\"https:\/\/horticom.ee\/e-pood\/wp-content\/uploads\/importedmedia\/product-2285625_0-690127_13.jpg\",\"datePublished\":\"2024-04-25T03:00:52+00:00\",\"dateModified\":\"2026-04-26T00:08:42+00:00\",\"description\":\"K\u00fc\u00fcnal silinder on l\u00f5hnatu, pika p\u00f5lemisajaga ja klassikalise v\u00e4limusega k\u00fc\u00fcnal, mis muudab sinu kodu hubasemaks.\",\"breadcrumb\":{\"@id\":\"https:\/\/horticom.ee\/e-pood\/toode\/kuunal-silinder-90h-d-80-x-200mm-punane\/#breadcrumb\"},\"inLanguage\":\"et\",\"potentialAction\":[{\"@type\":\"ReadAction\",\"target\":[\"https:\/\/horticom.ee\/e-pood\/toode\/kuunal-silinder-90h-d-80-x-200mm-punane\/\"]}]},{\"@type\":\"ImageObject\",\"inLanguage\":\"et\",\"@id\":\"https:\/\/horticom.ee\/e-pood\/toode\/kuunal-silinder-90h-d-80-x-200mm-punane\/#primaryimage\",\"url\":\"https:\/\/horticom.ee\/e-pood\/wp-content\/uploads\/importedmedia\/product-2285625_0-690127_13.jpg\",\"contentUrl\":\"https:\/\/horticom.ee\/e-pood\/wp-content\/uploads\/importedmedia\/product-2285625_0-690127_13.jpg\",\"width\":1000,\"height\":1000},{\"@type\":\"BreadcrumbList\",\"@id\":\"https:\/\/horticom.ee\/e-pood\/toode\/kuunal-silinder-90h-d-80-x-200mm-punane\/#breadcrumb\",\"itemListElement\":[{\"@type\":\"ListItem\",\"position\":1,\"name\":\"Home\",\"item\":\"https:\/\/horticom.ee\/e-pood\/\"},{\"@type\":\"ListItem\",\"position\":2,\"name\":\"Pood\",\"item\":\"https:\/\/horticom.ee\/e-pood\/pood\/\"},{\"@type\":\"ListItem\",\"position\":3,\"name\":\"K\u00fc\u00fcnal silinder 90h d 80 x 200mm punane\"}]},{\"@type\":\"WebSite\",\"@id\":\"https:\/\/horticom.ee\/e-pood\/#website\",\"url\":\"https:\/\/horticom.ee\/e-pood\/\",\"name\":\"Horticom.ee\",\"description\":\"Aianduskaubad ja kodukaubad nii harrastajatele kui professionaalidele\",\"potentialAction\":[{\"@type\":\"SearchAction\",\"target\":{\"@type\":\"EntryPoint\",\"urlTemplate\":\"https:\/\/horticom.ee\/e-pood\/?s={search_term_string}\"},\"query-input\":{\"@type\":\"PropertyValueSpecification\",\"valueRequired\":true,\"valueName\":\"search_term_string\"}}],\"inLanguage\":\"et\"}]}<\/script>\n<!-- \/ Yoast SEO plugin. -->","yoast_head_json":{"title":"K\u00fc\u00fcnal silinder 90h d 80 x 200mm punane - Horticom.ee","description":"K\u00fc\u00fcnal silinder on l\u00f5hnatu, pika p\u00f5lemisajaga ja klassikalise v\u00e4limusega k\u00fc\u00fcnal, mis muudab sinu kodu hubasemaks.","robots":{"index":"index","follow":"follow","max-snippet":"max-snippet:-1","max-image-preview":"max-image-preview:large","max-video-preview":"max-video-preview:-1"},"canonical":"https:\/\/horticom.ee\/e-pood\/toode\/kuunal-silinder-90h-d-80-x-200mm-punane\/","og_locale":"et_EE","og_type":"article","og_title":"K\u00fc\u00fcnal silinder 90h d 80 x 200mm punane - Horticom.ee","og_description":"K\u00fc\u00fcnal silinder on l\u00f5hnatu, pika p\u00f5lemisajaga ja klassikalise v\u00e4limusega k\u00fc\u00fcnal, mis muudab sinu kodu hubasemaks.","og_url":"https:\/\/horticom.ee\/e-pood\/toode\/kuunal-silinder-90h-d-80-x-200mm-punane\/","og_site_name":"Horticom.ee","article_publisher":"https:\/\/www.facebook.com\/horticom.ee\/e-pood","article_modified_time":"2026-04-26T00:08:42+00:00","og_image":[{"width":1000,"height":1000,"url":"https:\/\/horticom.ee\/e-pood\/wp-content\/uploads\/importedmedia\/product-2285625_0-690127_13.jpg","type":"image\/jpeg"}],"twitter_card":"summary_large_image","schema":{"@context":"https:\/\/schema.org","@graph":[{"@type":"WebPage","@id":"https:\/\/horticom.ee\/e-pood\/toode\/kuunal-silinder-90h-d-80-x-200mm-punane\/","url":"https:\/\/horticom.ee\/e-pood\/toode\/kuunal-silinder-90h-d-80-x-200mm-punane\/","name":"K\u00fc\u00fcnal silinder 90h d 80 x 200mm punane - Horticom.ee","isPartOf":{"@id":"https:\/\/horticom.ee\/e-pood\/#website"},"primaryImageOfPage":{"@id":"https:\/\/horticom.ee\/e-pood\/toode\/kuunal-silinder-90h-d-80-x-200mm-punane\/#primaryimage"},"image":{"@id":"https:\/\/horticom.ee\/e-pood\/toode\/kuunal-silinder-90h-d-80-x-200mm-punane\/#primaryimage"},"thumbnailUrl":"https:\/\/horticom.ee\/e-pood\/wp-content\/uploads\/importedmedia\/product-2285625_0-690127_13.jpg","datePublished":"2024-04-25T03:00:52+00:00","dateModified":"2026-04-26T00:08:42+00:00","description":"K\u00fc\u00fcnal silinder on l\u00f5hnatu, pika p\u00f5lemisajaga ja klassikalise v\u00e4limusega k\u00fc\u00fcnal, mis muudab sinu kodu hubasemaks.","breadcrumb":{"@id":"https:\/\/horticom.ee\/e-pood\/toode\/kuunal-silinder-90h-d-80-x-200mm-punane\/#breadcrumb"},"inLanguage":"et","potentialAction":[{"@type":"ReadAction","target":["https:\/\/horticom.ee\/e-pood\/toode\/kuunal-silinder-90h-d-80-x-200mm-punane\/"]}]},{"@type":"ImageObject","inLanguage":"et","@id":"https:\/\/horticom.ee\/e-pood\/toode\/kuunal-silinder-90h-d-80-x-200mm-punane\/#primaryimage","url":"https:\/\/horticom.ee\/e-pood\/wp-content\/uploads\/importedmedia\/product-2285625_0-690127_13.jpg","contentUrl":"https:\/\/horticom.ee\/e-pood\/wp-content\/uploads\/importedmedia\/product-2285625_0-690127_13.jpg","width":1000,"height":1000},{"@type":"BreadcrumbList","@id":"https:\/\/horticom.ee\/e-pood\/toode\/kuunal-silinder-90h-d-80-x-200mm-punane\/#breadcrumb","itemListElement":[{"@type":"ListItem","position":1,"name":"Home","item":"https:\/\/horticom.ee\/e-pood\/"},{"@type":"ListItem","position":2,"name":"Pood","item":"https:\/\/horticom.ee\/e-pood\/pood\/"},{"@type":"ListItem","position":3,"name":"K\u00fc\u00fcnal silinder 90h d 80 x 200mm punane"}]},{"@type":"WebSite","@id":"https:\/\/horticom.ee\/e-pood\/#website","url":"https:\/\/horticom.ee\/e-pood\/","name":"Horticom.ee","description":"Aianduskaubad ja kodukaubad nii harrastajatele kui professionaalidele","potentialAction":[{"@type":"SearchAction","target":{"@type":"EntryPoint","urlTemplate":"https:\/\/horticom.ee\/e-pood\/?s={search_term_string}"},"query-input":{"@type":"PropertyValueSpecification","valueRequired":true,"valueName":"search_term_string"}}],"inLanguage":"et"}]}},"_links":{"self":[{"href":"https:\/\/horticom.ee\/e-pood\/wp-json\/wp\/v2\/product\/2285625","targetHints":{"allow":["GET"]}}],"collection":[{"href":"https:\/\/horticom.ee\/e-pood\/wp-json\/wp\/v2\/product"}],"about":[{"href":"https:\/\/horticom.ee\/e-pood\/wp-json\/wp\/v2\/types\/product"}],"replies":[{"embeddable":true,"href":"https:\/\/horticom.ee\/e-pood\/wp-json\/wp\/v2\/comments?post=2285625"}],"wp:featuredmedia":[{"embeddable":true,"href":"https:\/\/horticom.ee\/e-pood\/wp-json\/wp\/v2\/media\/2380102"}],"wp:attachment":[{"href":"https:\/\/horticom.ee\/e-pood\/wp-json\/wp\/v2\/media?parent=2285625"}],"wp:term":[{"taxonomy":"product_cat","embeddable":true,"href":"https:\/\/horticom.ee\/e-pood\/wp-json\/wp\/v2\/product_cat?post=2285625"},{"taxonomy":"product_tag","embeddable":true,"href":"https:\/\/horticom.ee\/e-pood\/wp-json\/wp\/v2\/product_tag?post=2285625"}],"curies":[{"name":"wp","href":"https:\/\/api.w.org\/{rel}","templated":true}]}}