{"id":2286407,"date":"2024-05-24T12:01:25","date_gmt":"2024-05-24T09:01:25","guid":{"rendered":"https:\/\/horticom.ee\/e-pood\/toode\/nariliste-peletusvahend-mini-ultrasonic-15w-siseruumidesse-15m2\/"},"modified":"2026-04-24T03:13:22","modified_gmt":"2026-04-24T00:13:22","slug":"nariliste-peletusvahend-mini-ultrasonic-15w-siseruumidesse-15m2","status":"publish","type":"product","link":"https:\/\/horticom.ee\/e-pood\/toode\/nariliste-peletusvahend-mini-ultrasonic-15w-siseruumidesse-15m2\/","title":{"rendered":"N\u00e4riliste peletusvahend Mini Ultrasonic 1,5W siseruumidesse 15m2"},"content":{"rendered":"<p>&#8220;H\u00e4\u00e4lt tekitab \u00f5hu kiire edasi-tagasi vibreerimine. Teaduslik nimetus \u00fche edaspidise ja \u00fche tagaspidise liikumise (ts\u00fckli) kohta \u00fches sekundis on \u201eherts\u201d (Hz). \u00dche sekundi jooksul toimuvate ts\u00fcklite arvu nimetatakse heli \u201esageduseks\u201d. Inimene kuuleb helisid sagedusel kuni 20 000 Hz. Peletaja saadab kahest k\u00f5larist v\u00e4lja pidevaid ultrahelilaineid, mille sagedus muutub vahemikus 22 000 Hz kuni 30 000 Hz. See tase on nii k\u00f5rge, et inimesed neid ei kuule. N\u00e4ilised aga kuulevad neid ultrahelisid ning nende jaoks on need nii ebameeldivad, et nad liiguvad helide eest p\u00f5genemiseks teise kohta. Koduloomad, nagu koerad, kassid, linnud ja kalad, kuulevad samuti ultrahelisid, kuid nad harjuvad nendega ning t\u00f5en\u00e4oliselt helid loomi ei h\u00e4iri. Sellest k\u00f5rgema sagedusega helisid kutsutakse \u201eultraheliks\u201d. Peletaja levitab pidevalt kahe k\u00f5lari kaudu ultraheli, mille sagedus on vahemikus 22 000 Hz kuni 30 000 Hz, mis on palju k\u00f5rgemal tasemest, mida kuulevad inimesed ja koduloomad, nagu koerad, kassid, linnud ja kalad. N\u00e4rilised aga kuulevad ultraheli ning see on nende jaoks niiv\u00f5rd eemalet\u00f5ukav, et nad p\u00f6\u00f6rduvad mujale.Pange t\u00e4hele, et peletaja tekitatav k\u00f5rge sagedusega ultraheli ei levi l\u00e4bi tihkete pindade, nagu seinad, paksud p\u00f5randad ja uksed: need vaid peegeldavad heli tagasi ruumi, kuhu peletaja on paigaldatud. Kuna ultraheli ei levi k\u00f5rvalasuvatesse ruumidesse, on soovitatav paigaldada v\u00e4hemalt \u00fcks peletaja \u00fche suletud ruumi kohta. Tekstiil, vaibad ja pehme m\u00f6\u00f6bel summutavad ultraheli, seet\u00f5ttu on peletaja k\u00f5ige efektiivsem ruumides, kus on peamiselt k\u00f5vad pinnad ja v\u00e4he v\u00f5i \u00fcldse mitte summutavat pehmet materjali.&#8221; Toide: 220 \u2013 240 V ~50 Hz. V\u00f5imsus: 1.5 W. Ultraheli sagedus 22 000 &#8211; 30 000 Hz. Kaetav ala: kuni 15 m\u00b2.<\/p>\n","protected":false},"excerpt":{"rendered":"<p>&#8220;H\u00e4\u00e4lt tekitab \u00f5hu kiire edasi-tagasi vibreerimine. Teaduslik nimetus \u00fche edaspidise ja \u00fche tagaspidise liikumise (ts\u00fckli) kohta \u00fches sekundis on \u201eherts\u201d (Hz). \u00dche sekundi jooksul toimuvate ts\u00fcklite arvu nimetatakse heli \u201esageduseks\u201d. Inimene kuuleb helisid sagedusel kuni 20 000 Hz. Peletaja saadab kahest k\u00f5larist v\u00e4lja pidevaid ultrahelilaineid, mille sagedus muutub vahemikus 22 000 Hz kuni 30 000 [&hellip;]<\/p>\n","protected":false},"featured_media":2381668,"comment_status":"closed","ping_status":"closed","template":"","meta":{"_themeisle_gutenberg_block_has_review":false},"product_cat":[18563,13591],"product_tag":[],"class_list":{"0":"post-2286407","1":"product","2":"type-product","3":"status-publish","4":"has-post-thumbnail","6":"product_cat-lopumuugitooted","7":"product_cat-peletusvahendid-e-repellendid","9":"first","10":"instock","11":"sale","12":"shipping-taxable","13":"purchasable","14":"product-type-simple"},"yoast_head":"<!-- This site is optimized with the Yoast SEO plugin v24.0 - https:\/\/yoast.com\/wordpress\/plugins\/seo\/ -->\n<title>N\u00e4riliste peletusvahend Mini Ultrasonic 1,5W siseruumidesse 15m2 - Horticom<\/title>\n<meta name=\"robots\" content=\"index, follow, max-snippet:-1, max-image-preview:large, max-video-preview:-1\" \/>\n<link rel=\"canonical\" href=\"https:\/\/horticom.ee\/e-pood\/toode\/nariliste-peletusvahend-mini-ultrasonic-15w-siseruumidesse-15m2\/\" \/>\n<meta property=\"og:locale\" content=\"et_EE\" \/>\n<meta property=\"og:type\" content=\"article\" \/>\n<meta property=\"og:title\" content=\"N\u00e4riliste peletusvahend Mini Ultrasonic 1,5W siseruumidesse 15m2 - Horticom\" \/>\n<meta property=\"og:description\" content=\"&#8220;H\u00e4\u00e4lt tekitab \u00f5hu kiire edasi-tagasi vibreerimine. Teaduslik nimetus \u00fche edaspidise ja \u00fche tagaspidise liikumise (ts\u00fckli) kohta \u00fches sekundis on \u201eherts\u201d (Hz). \u00dche sekundi jooksul toimuvate ts\u00fcklite arvu nimetatakse heli \u201esageduseks\u201d. Inimene kuuleb helisid sagedusel kuni 20 000 Hz. Peletaja saadab kahest k\u00f5larist v\u00e4lja pidevaid ultrahelilaineid, mille sagedus muutub vahemikus 22 000 Hz kuni 30 000 [&hellip;]\" \/>\n<meta property=\"og:url\" content=\"https:\/\/horticom.ee\/e-pood\/toode\/nariliste-peletusvahend-mini-ultrasonic-15w-siseruumidesse-15m2\/\" \/>\n<meta property=\"og:site_name\" content=\"Horticom.ee\" \/>\n<meta property=\"article:publisher\" content=\"https:\/\/www.facebook.com\/horticom.ee\/e-pood\" \/>\n<meta property=\"article:modified_time\" content=\"2026-04-24T00:13:22+00:00\" \/>\n<meta property=\"og:image\" content=\"https:\/\/horticom.ee\/e-pood\/wp-content\/uploads\/importedmedia\/product-2286407_0-P1114.jpg\" \/>\n\t<meta property=\"og:image:width\" content=\"1000\" \/>\n\t<meta property=\"og:image:height\" content=\"1000\" \/>\n\t<meta property=\"og:image:type\" content=\"image\/jpeg\" \/>\n<meta name=\"twitter:card\" content=\"summary_large_image\" \/>\n<meta name=\"twitter:label1\" content=\"Est. reading time\" \/>\n\t<meta name=\"twitter:data1\" content=\"1 minut\" \/>\n<script type=\"application\/ld+json\" class=\"yoast-schema-graph\">{\"@context\":\"https:\/\/schema.org\",\"@graph\":[{\"@type\":\"WebPage\",\"@id\":\"https:\/\/horticom.ee\/e-pood\/toode\/nariliste-peletusvahend-mini-ultrasonic-15w-siseruumidesse-15m2\/\",\"url\":\"https:\/\/horticom.ee\/e-pood\/toode\/nariliste-peletusvahend-mini-ultrasonic-15w-siseruumidesse-15m2\/\",\"name\":\"N\u00e4riliste peletusvahend Mini Ultrasonic 1,5W siseruumidesse 15m2 - Horticom\",\"isPartOf\":{\"@id\":\"https:\/\/horticom.ee\/e-pood\/#website\"},\"primaryImageOfPage\":{\"@id\":\"https:\/\/horticom.ee\/e-pood\/toode\/nariliste-peletusvahend-mini-ultrasonic-15w-siseruumidesse-15m2\/#primaryimage\"},\"image\":{\"@id\":\"https:\/\/horticom.ee\/e-pood\/toode\/nariliste-peletusvahend-mini-ultrasonic-15w-siseruumidesse-15m2\/#primaryimage\"},\"thumbnailUrl\":\"https:\/\/horticom.ee\/e-pood\/wp-content\/uploads\/importedmedia\/product-2286407_0-P1114.jpg\",\"datePublished\":\"2024-05-24T09:01:25+00:00\",\"dateModified\":\"2026-04-24T00:13:22+00:00\",\"breadcrumb\":{\"@id\":\"https:\/\/horticom.ee\/e-pood\/toode\/nariliste-peletusvahend-mini-ultrasonic-15w-siseruumidesse-15m2\/#breadcrumb\"},\"inLanguage\":\"et\",\"potentialAction\":[{\"@type\":\"ReadAction\",\"target\":[\"https:\/\/horticom.ee\/e-pood\/toode\/nariliste-peletusvahend-mini-ultrasonic-15w-siseruumidesse-15m2\/\"]}]},{\"@type\":\"ImageObject\",\"inLanguage\":\"et\",\"@id\":\"https:\/\/horticom.ee\/e-pood\/toode\/nariliste-peletusvahend-mini-ultrasonic-15w-siseruumidesse-15m2\/#primaryimage\",\"url\":\"https:\/\/horticom.ee\/e-pood\/wp-content\/uploads\/importedmedia\/product-2286407_0-P1114.jpg\",\"contentUrl\":\"https:\/\/horticom.ee\/e-pood\/wp-content\/uploads\/importedmedia\/product-2286407_0-P1114.jpg\",\"width\":1000,\"height\":1000},{\"@type\":\"BreadcrumbList\",\"@id\":\"https:\/\/horticom.ee\/e-pood\/toode\/nariliste-peletusvahend-mini-ultrasonic-15w-siseruumidesse-15m2\/#breadcrumb\",\"itemListElement\":[{\"@type\":\"ListItem\",\"position\":1,\"name\":\"Home\",\"item\":\"https:\/\/horticom.ee\/e-pood\/\"},{\"@type\":\"ListItem\",\"position\":2,\"name\":\"Pood\",\"item\":\"https:\/\/horticom.ee\/e-pood\/pood\/\"},{\"@type\":\"ListItem\",\"position\":3,\"name\":\"N\u00e4riliste peletusvahend Mini Ultrasonic 1,5W siseruumidesse 15m2\"}]},{\"@type\":\"WebSite\",\"@id\":\"https:\/\/horticom.ee\/e-pood\/#website\",\"url\":\"https:\/\/horticom.ee\/e-pood\/\",\"name\":\"Horticom.ee\",\"description\":\"Aianduskaubad ja kodukaubad nii harrastajatele kui professionaalidele\",\"potentialAction\":[{\"@type\":\"SearchAction\",\"target\":{\"@type\":\"EntryPoint\",\"urlTemplate\":\"https:\/\/horticom.ee\/e-pood\/?s={search_term_string}\"},\"query-input\":{\"@type\":\"PropertyValueSpecification\",\"valueRequired\":true,\"valueName\":\"search_term_string\"}}],\"inLanguage\":\"et\"}]}<\/script>\n<!-- \/ Yoast SEO plugin. -->","yoast_head_json":{"title":"N\u00e4riliste peletusvahend Mini Ultrasonic 1,5W siseruumidesse 15m2 - Horticom","robots":{"index":"index","follow":"follow","max-snippet":"max-snippet:-1","max-image-preview":"max-image-preview:large","max-video-preview":"max-video-preview:-1"},"canonical":"https:\/\/horticom.ee\/e-pood\/toode\/nariliste-peletusvahend-mini-ultrasonic-15w-siseruumidesse-15m2\/","og_locale":"et_EE","og_type":"article","og_title":"N\u00e4riliste peletusvahend Mini Ultrasonic 1,5W siseruumidesse 15m2 - Horticom","og_description":"&#8220;H\u00e4\u00e4lt tekitab \u00f5hu kiire edasi-tagasi vibreerimine. Teaduslik nimetus \u00fche edaspidise ja \u00fche tagaspidise liikumise (ts\u00fckli) kohta \u00fches sekundis on \u201eherts\u201d (Hz). \u00dche sekundi jooksul toimuvate ts\u00fcklite arvu nimetatakse heli \u201esageduseks\u201d. Inimene kuuleb helisid sagedusel kuni 20 000 Hz. Peletaja saadab kahest k\u00f5larist v\u00e4lja pidevaid ultrahelilaineid, mille sagedus muutub vahemikus 22 000 Hz kuni 30 000 [&hellip;]","og_url":"https:\/\/horticom.ee\/e-pood\/toode\/nariliste-peletusvahend-mini-ultrasonic-15w-siseruumidesse-15m2\/","og_site_name":"Horticom.ee","article_publisher":"https:\/\/www.facebook.com\/horticom.ee\/e-pood","article_modified_time":"2026-04-24T00:13:22+00:00","og_image":[{"width":1000,"height":1000,"url":"https:\/\/horticom.ee\/e-pood\/wp-content\/uploads\/importedmedia\/product-2286407_0-P1114.jpg","type":"image\/jpeg"}],"twitter_card":"summary_large_image","twitter_misc":{"Est. reading time":"1 minut"},"schema":{"@context":"https:\/\/schema.org","@graph":[{"@type":"WebPage","@id":"https:\/\/horticom.ee\/e-pood\/toode\/nariliste-peletusvahend-mini-ultrasonic-15w-siseruumidesse-15m2\/","url":"https:\/\/horticom.ee\/e-pood\/toode\/nariliste-peletusvahend-mini-ultrasonic-15w-siseruumidesse-15m2\/","name":"N\u00e4riliste peletusvahend Mini Ultrasonic 1,5W siseruumidesse 15m2 - Horticom","isPartOf":{"@id":"https:\/\/horticom.ee\/e-pood\/#website"},"primaryImageOfPage":{"@id":"https:\/\/horticom.ee\/e-pood\/toode\/nariliste-peletusvahend-mini-ultrasonic-15w-siseruumidesse-15m2\/#primaryimage"},"image":{"@id":"https:\/\/horticom.ee\/e-pood\/toode\/nariliste-peletusvahend-mini-ultrasonic-15w-siseruumidesse-15m2\/#primaryimage"},"thumbnailUrl":"https:\/\/horticom.ee\/e-pood\/wp-content\/uploads\/importedmedia\/product-2286407_0-P1114.jpg","datePublished":"2024-05-24T09:01:25+00:00","dateModified":"2026-04-24T00:13:22+00:00","breadcrumb":{"@id":"https:\/\/horticom.ee\/e-pood\/toode\/nariliste-peletusvahend-mini-ultrasonic-15w-siseruumidesse-15m2\/#breadcrumb"},"inLanguage":"et","potentialAction":[{"@type":"ReadAction","target":["https:\/\/horticom.ee\/e-pood\/toode\/nariliste-peletusvahend-mini-ultrasonic-15w-siseruumidesse-15m2\/"]}]},{"@type":"ImageObject","inLanguage":"et","@id":"https:\/\/horticom.ee\/e-pood\/toode\/nariliste-peletusvahend-mini-ultrasonic-15w-siseruumidesse-15m2\/#primaryimage","url":"https:\/\/horticom.ee\/e-pood\/wp-content\/uploads\/importedmedia\/product-2286407_0-P1114.jpg","contentUrl":"https:\/\/horticom.ee\/e-pood\/wp-content\/uploads\/importedmedia\/product-2286407_0-P1114.jpg","width":1000,"height":1000},{"@type":"BreadcrumbList","@id":"https:\/\/horticom.ee\/e-pood\/toode\/nariliste-peletusvahend-mini-ultrasonic-15w-siseruumidesse-15m2\/#breadcrumb","itemListElement":[{"@type":"ListItem","position":1,"name":"Home","item":"https:\/\/horticom.ee\/e-pood\/"},{"@type":"ListItem","position":2,"name":"Pood","item":"https:\/\/horticom.ee\/e-pood\/pood\/"},{"@type":"ListItem","position":3,"name":"N\u00e4riliste peletusvahend Mini Ultrasonic 1,5W siseruumidesse 15m2"}]},{"@type":"WebSite","@id":"https:\/\/horticom.ee\/e-pood\/#website","url":"https:\/\/horticom.ee\/e-pood\/","name":"Horticom.ee","description":"Aianduskaubad ja kodukaubad nii harrastajatele kui professionaalidele","potentialAction":[{"@type":"SearchAction","target":{"@type":"EntryPoint","urlTemplate":"https:\/\/horticom.ee\/e-pood\/?s={search_term_string}"},"query-input":{"@type":"PropertyValueSpecification","valueRequired":true,"valueName":"search_term_string"}}],"inLanguage":"et"}]}},"_links":{"self":[{"href":"https:\/\/horticom.ee\/e-pood\/wp-json\/wp\/v2\/product\/2286407","targetHints":{"allow":["GET"]}}],"collection":[{"href":"https:\/\/horticom.ee\/e-pood\/wp-json\/wp\/v2\/product"}],"about":[{"href":"https:\/\/horticom.ee\/e-pood\/wp-json\/wp\/v2\/types\/product"}],"replies":[{"embeddable":true,"href":"https:\/\/horticom.ee\/e-pood\/wp-json\/wp\/v2\/comments?post=2286407"}],"wp:featuredmedia":[{"embeddable":true,"href":"https:\/\/horticom.ee\/e-pood\/wp-json\/wp\/v2\/media\/2381668"}],"wp:attachment":[{"href":"https:\/\/horticom.ee\/e-pood\/wp-json\/wp\/v2\/media?parent=2286407"}],"wp:term":[{"taxonomy":"product_cat","embeddable":true,"href":"https:\/\/horticom.ee\/e-pood\/wp-json\/wp\/v2\/product_cat?post=2286407"},{"taxonomy":"product_tag","embeddable":true,"href":"https:\/\/horticom.ee\/e-pood\/wp-json\/wp\/v2\/product_tag?post=2286407"}],"curies":[{"name":"wp","href":"https:\/\/api.w.org\/{rel}","templated":true}]}}