{"id":2295993,"date":"2024-09-16T16:00:58","date_gmt":"2024-09-16T13:00:58","guid":{"rendered":"https:\/\/horticom.ee\/e-pood\/toode\/umbrohutorje-hobby-valmislahus-spray-1-l\/"},"modified":"2026-05-02T03:11:03","modified_gmt":"2026-05-02T00:11:03","slug":"umbrohutorje-hobby-valmislahus-spray-1-l","status":"publish","type":"product","link":"https:\/\/horticom.ee\/e-pood\/toode\/umbrohutorje-hobby-valmislahus-spray-1-l\/","title":{"rendered":"Umbrohut\u00f5rje Hobby valmislahus spray 1 L"},"content":{"rendered":"<p>Uus looduslik pelargoonhappe baasil \u00fcldh\u00e4vitav umbrohut\u00f5rjevahend ilma gl\u00fcfosaadi sisalduseta. Kasutusvalmis (Kulunorm \u00fchekordseks kasutamiseks on 30 ml ainet 10 m2 kohta.) herbitsiid \u00fcheaastaste kaheiduleheliste umbrohtude t\u00f5rjumiseks teedel, radadel ja aladel, mis on vett l\u00e4bilaskva pinnaga ning dekoratiivpuude ja -p\u00f5\u00f5saste ridade vahel ning sammalde t\u00f5rjumiseks dekoratiivpuude ja -p\u00f5\u00f5saste ridade vahel.<\/p>\n","protected":false},"excerpt":{"rendered":"<p>Uus looduslik pelargoonhappe baasil \u00fcldh\u00e4vitav umbrohut\u00f5rjevahend ilma gl\u00fcfosaadi sisalduseta. Kasutusvalmis (Kulunorm \u00fchekordseks kasutamiseks on 30 ml ainet 10 m2 kohta.) herbitsiid \u00fcheaastaste kaheiduleheliste umbrohtude t\u00f5rjumiseks teedel, radadel ja aladel, mis on vett l\u00e4bilaskva pinnaga ning dekoratiivpuude ja -p\u00f5\u00f5saste ridade vahel ning sammalde t\u00f5rjumiseks dekoratiivpuude ja -p\u00f5\u00f5saste ridade vahel.<\/p>\n","protected":false},"featured_media":2374873,"comment_status":"closed","ping_status":"closed","template":"","meta":{"_themeisle_gutenberg_block_has_review":false},"product_cat":[13586],"product_tag":[],"class_list":{"0":"post-2295993","1":"product","2":"type-product","3":"status-publish","4":"has-post-thumbnail","6":"product_cat-herbitsiidid","8":"first","9":"instock","10":"shipping-taxable","11":"purchasable","12":"product-type-simple"},"yoast_head":"<!-- This site is optimized with the Yoast SEO plugin v24.0 - https:\/\/yoast.com\/wordpress\/plugins\/seo\/ -->\n<title>Umbrohut\u00f5rje Hobby valmislahus spray 1 L - Horticom<\/title>\n<meta name=\"robots\" content=\"index, follow, max-snippet:-1, max-image-preview:large, max-video-preview:-1\" \/>\n<link rel=\"canonical\" href=\"https:\/\/horticom.ee\/e-pood\/toode\/umbrohutorje-hobby-valmislahus-spray-1-l\/\" \/>\n<meta property=\"og:locale\" content=\"et_EE\" \/>\n<meta property=\"og:type\" content=\"article\" \/>\n<meta property=\"og:title\" content=\"Umbrohut\u00f5rje Hobby valmislahus spray 1 L - Horticom\" \/>\n<meta property=\"og:description\" content=\"Uus looduslik pelargoonhappe baasil \u00fcldh\u00e4vitav umbrohut\u00f5rjevahend ilma gl\u00fcfosaadi sisalduseta. Kasutusvalmis (Kulunorm \u00fchekordseks kasutamiseks on 30 ml ainet 10 m2 kohta.) herbitsiid \u00fcheaastaste kaheiduleheliste umbrohtude t\u00f5rjumiseks teedel, radadel ja aladel, mis on vett l\u00e4bilaskva pinnaga ning dekoratiivpuude ja -p\u00f5\u00f5saste ridade vahel ning sammalde t\u00f5rjumiseks dekoratiivpuude ja -p\u00f5\u00f5saste ridade vahel.\" \/>\n<meta property=\"og:url\" content=\"https:\/\/horticom.ee\/e-pood\/toode\/umbrohutorje-hobby-valmislahus-spray-1-l\/\" \/>\n<meta property=\"og:site_name\" content=\"Horticom.ee\" \/>\n<meta property=\"article:publisher\" content=\"https:\/\/www.facebook.com\/horticom.ee\/e-pood\" \/>\n<meta property=\"article:modified_time\" content=\"2026-05-02T00:11:03+00:00\" \/>\n<meta property=\"og:image\" content=\"https:\/\/horticom.ee\/e-pood\/wp-content\/uploads\/2024\/09\/5907487104533.jpg\" \/>\n\t<meta property=\"og:image:width\" content=\"1000\" \/>\n\t<meta property=\"og:image:height\" content=\"1000\" \/>\n\t<meta property=\"og:image:type\" content=\"image\/jpeg\" \/>\n<meta name=\"twitter:card\" content=\"summary_large_image\" \/>\n<meta name=\"twitter:label1\" content=\"Est. reading time\" \/>\n\t<meta name=\"twitter:data1\" content=\"1 minut\" \/>\n<script type=\"application\/ld+json\" class=\"yoast-schema-graph\">{\"@context\":\"https:\/\/schema.org\",\"@graph\":[{\"@type\":\"WebPage\",\"@id\":\"https:\/\/horticom.ee\/e-pood\/toode\/umbrohutorje-hobby-valmislahus-spray-1-l\/\",\"url\":\"https:\/\/horticom.ee\/e-pood\/toode\/umbrohutorje-hobby-valmislahus-spray-1-l\/\",\"name\":\"Umbrohut\u00f5rje Hobby valmislahus spray 1 L - Horticom\",\"isPartOf\":{\"@id\":\"https:\/\/horticom.ee\/e-pood\/#website\"},\"primaryImageOfPage\":{\"@id\":\"https:\/\/horticom.ee\/e-pood\/toode\/umbrohutorje-hobby-valmislahus-spray-1-l\/#primaryimage\"},\"image\":{\"@id\":\"https:\/\/horticom.ee\/e-pood\/toode\/umbrohutorje-hobby-valmislahus-spray-1-l\/#primaryimage\"},\"thumbnailUrl\":\"https:\/\/horticom.ee\/e-pood\/wp-content\/uploads\/2024\/09\/5907487104533.jpg\",\"datePublished\":\"2024-09-16T13:00:58+00:00\",\"dateModified\":\"2026-05-02T00:11:03+00:00\",\"breadcrumb\":{\"@id\":\"https:\/\/horticom.ee\/e-pood\/toode\/umbrohutorje-hobby-valmislahus-spray-1-l\/#breadcrumb\"},\"inLanguage\":\"et\",\"potentialAction\":[{\"@type\":\"ReadAction\",\"target\":[\"https:\/\/horticom.ee\/e-pood\/toode\/umbrohutorje-hobby-valmislahus-spray-1-l\/\"]}]},{\"@type\":\"ImageObject\",\"inLanguage\":\"et\",\"@id\":\"https:\/\/horticom.ee\/e-pood\/toode\/umbrohutorje-hobby-valmislahus-spray-1-l\/#primaryimage\",\"url\":\"https:\/\/horticom.ee\/e-pood\/wp-content\/uploads\/2024\/09\/5907487104533.jpg\",\"contentUrl\":\"https:\/\/horticom.ee\/e-pood\/wp-content\/uploads\/2024\/09\/5907487104533.jpg\",\"width\":1000,\"height\":1000},{\"@type\":\"BreadcrumbList\",\"@id\":\"https:\/\/horticom.ee\/e-pood\/toode\/umbrohutorje-hobby-valmislahus-spray-1-l\/#breadcrumb\",\"itemListElement\":[{\"@type\":\"ListItem\",\"position\":1,\"name\":\"Home\",\"item\":\"https:\/\/horticom.ee\/e-pood\/\"},{\"@type\":\"ListItem\",\"position\":2,\"name\":\"Pood\",\"item\":\"https:\/\/horticom.ee\/e-pood\/pood\/\"},{\"@type\":\"ListItem\",\"position\":3,\"name\":\"Umbrohut\u00f5rje Hobby valmislahus spray 1 L\"}]},{\"@type\":\"WebSite\",\"@id\":\"https:\/\/horticom.ee\/e-pood\/#website\",\"url\":\"https:\/\/horticom.ee\/e-pood\/\",\"name\":\"Horticom.ee\",\"description\":\"Aianduskaubad ja kodukaubad nii harrastajatele kui professionaalidele\",\"potentialAction\":[{\"@type\":\"SearchAction\",\"target\":{\"@type\":\"EntryPoint\",\"urlTemplate\":\"https:\/\/horticom.ee\/e-pood\/?s={search_term_string}\"},\"query-input\":{\"@type\":\"PropertyValueSpecification\",\"valueRequired\":true,\"valueName\":\"search_term_string\"}}],\"inLanguage\":\"et\"}]}<\/script>\n<!-- \/ Yoast SEO plugin. -->","yoast_head_json":{"title":"Umbrohut\u00f5rje Hobby valmislahus spray 1 L - Horticom","robots":{"index":"index","follow":"follow","max-snippet":"max-snippet:-1","max-image-preview":"max-image-preview:large","max-video-preview":"max-video-preview:-1"},"canonical":"https:\/\/horticom.ee\/e-pood\/toode\/umbrohutorje-hobby-valmislahus-spray-1-l\/","og_locale":"et_EE","og_type":"article","og_title":"Umbrohut\u00f5rje Hobby valmislahus spray 1 L - Horticom","og_description":"Uus looduslik pelargoonhappe baasil \u00fcldh\u00e4vitav umbrohut\u00f5rjevahend ilma gl\u00fcfosaadi sisalduseta. Kasutusvalmis (Kulunorm \u00fchekordseks kasutamiseks on 30 ml ainet 10 m2 kohta.) herbitsiid \u00fcheaastaste kaheiduleheliste umbrohtude t\u00f5rjumiseks teedel, radadel ja aladel, mis on vett l\u00e4bilaskva pinnaga ning dekoratiivpuude ja -p\u00f5\u00f5saste ridade vahel ning sammalde t\u00f5rjumiseks dekoratiivpuude ja -p\u00f5\u00f5saste ridade vahel.","og_url":"https:\/\/horticom.ee\/e-pood\/toode\/umbrohutorje-hobby-valmislahus-spray-1-l\/","og_site_name":"Horticom.ee","article_publisher":"https:\/\/www.facebook.com\/horticom.ee\/e-pood","article_modified_time":"2026-05-02T00:11:03+00:00","og_image":[{"width":1000,"height":1000,"url":"https:\/\/horticom.ee\/e-pood\/wp-content\/uploads\/2024\/09\/5907487104533.jpg","type":"image\/jpeg"}],"twitter_card":"summary_large_image","twitter_misc":{"Est. reading time":"1 minut"},"schema":{"@context":"https:\/\/schema.org","@graph":[{"@type":"WebPage","@id":"https:\/\/horticom.ee\/e-pood\/toode\/umbrohutorje-hobby-valmislahus-spray-1-l\/","url":"https:\/\/horticom.ee\/e-pood\/toode\/umbrohutorje-hobby-valmislahus-spray-1-l\/","name":"Umbrohut\u00f5rje Hobby valmislahus spray 1 L - Horticom","isPartOf":{"@id":"https:\/\/horticom.ee\/e-pood\/#website"},"primaryImageOfPage":{"@id":"https:\/\/horticom.ee\/e-pood\/toode\/umbrohutorje-hobby-valmislahus-spray-1-l\/#primaryimage"},"image":{"@id":"https:\/\/horticom.ee\/e-pood\/toode\/umbrohutorje-hobby-valmislahus-spray-1-l\/#primaryimage"},"thumbnailUrl":"https:\/\/horticom.ee\/e-pood\/wp-content\/uploads\/2024\/09\/5907487104533.jpg","datePublished":"2024-09-16T13:00:58+00:00","dateModified":"2026-05-02T00:11:03+00:00","breadcrumb":{"@id":"https:\/\/horticom.ee\/e-pood\/toode\/umbrohutorje-hobby-valmislahus-spray-1-l\/#breadcrumb"},"inLanguage":"et","potentialAction":[{"@type":"ReadAction","target":["https:\/\/horticom.ee\/e-pood\/toode\/umbrohutorje-hobby-valmislahus-spray-1-l\/"]}]},{"@type":"ImageObject","inLanguage":"et","@id":"https:\/\/horticom.ee\/e-pood\/toode\/umbrohutorje-hobby-valmislahus-spray-1-l\/#primaryimage","url":"https:\/\/horticom.ee\/e-pood\/wp-content\/uploads\/2024\/09\/5907487104533.jpg","contentUrl":"https:\/\/horticom.ee\/e-pood\/wp-content\/uploads\/2024\/09\/5907487104533.jpg","width":1000,"height":1000},{"@type":"BreadcrumbList","@id":"https:\/\/horticom.ee\/e-pood\/toode\/umbrohutorje-hobby-valmislahus-spray-1-l\/#breadcrumb","itemListElement":[{"@type":"ListItem","position":1,"name":"Home","item":"https:\/\/horticom.ee\/e-pood\/"},{"@type":"ListItem","position":2,"name":"Pood","item":"https:\/\/horticom.ee\/e-pood\/pood\/"},{"@type":"ListItem","position":3,"name":"Umbrohut\u00f5rje Hobby valmislahus spray 1 L"}]},{"@type":"WebSite","@id":"https:\/\/horticom.ee\/e-pood\/#website","url":"https:\/\/horticom.ee\/e-pood\/","name":"Horticom.ee","description":"Aianduskaubad ja kodukaubad nii harrastajatele kui professionaalidele","potentialAction":[{"@type":"SearchAction","target":{"@type":"EntryPoint","urlTemplate":"https:\/\/horticom.ee\/e-pood\/?s={search_term_string}"},"query-input":{"@type":"PropertyValueSpecification","valueRequired":true,"valueName":"search_term_string"}}],"inLanguage":"et"}]}},"_links":{"self":[{"href":"https:\/\/horticom.ee\/e-pood\/wp-json\/wp\/v2\/product\/2295993","targetHints":{"allow":["GET"]}}],"collection":[{"href":"https:\/\/horticom.ee\/e-pood\/wp-json\/wp\/v2\/product"}],"about":[{"href":"https:\/\/horticom.ee\/e-pood\/wp-json\/wp\/v2\/types\/product"}],"replies":[{"embeddable":true,"href":"https:\/\/horticom.ee\/e-pood\/wp-json\/wp\/v2\/comments?post=2295993"}],"wp:featuredmedia":[{"embeddable":true,"href":"https:\/\/horticom.ee\/e-pood\/wp-json\/wp\/v2\/media\/2374873"}],"wp:attachment":[{"href":"https:\/\/horticom.ee\/e-pood\/wp-json\/wp\/v2\/media?parent=2295993"}],"wp:term":[{"taxonomy":"product_cat","embeddable":true,"href":"https:\/\/horticom.ee\/e-pood\/wp-json\/wp\/v2\/product_cat?post=2295993"},{"taxonomy":"product_tag","embeddable":true,"href":"https:\/\/horticom.ee\/e-pood\/wp-json\/wp\/v2\/product_tag?post=2295993"}],"curies":[{"name":"wp","href":"https:\/\/api.w.org\/{rel}","templated":true}]}}