{"id":2298313,"date":"2024-10-11T06:00:55","date_gmt":"2024-10-11T03:00:55","guid":{"rendered":"https:\/\/horticom.ee\/e-pood\/toode\/umbrispott-keraamiline-artevasi-emilia-d-20cm-hele-terrakota\/"},"modified":"2025-09-16T15:01:05","modified_gmt":"2025-09-16T12:01:05","slug":"umbrispott-keraamiline-artevasi-emilia-d-20cm-hele-terrakota","status":"publish","type":"product","link":"https:\/\/horticom.ee\/e-pood\/toode\/umbrispott-keraamiline-artevasi-emilia-d-20cm-hele-terrakota\/","title":{"rendered":"\u00dcmbrispott keraamiline Artevasi Emilia d 20cm hele terrakota"},"content":{"rendered":"<p>\u00dcmbrispott keraamiline Artevasi Emilia on loomulikult ilus ja lihtne, \u00fcmara kuju ja pehmete joontega, pakkudes harmooniat ja lihtsust igasse sise- (alustaldrikuga) v\u00f5i v\u00e4liruumi. Drenaa\u017eiava ja k\u00fclmakindlate omadustega Emilia tootesarjal on s\u00fcgav ja s\u00fcmbiootiline seos loodusega. Valmistatud naturaalsest toormest k\u00e4sit\u00f6\u00f6na.<\/p>\n","protected":false},"excerpt":{"rendered":"<p>\u00dcmbrispott keraamiline Artevasi Emilia on loomulikult ilus ja lihtne, \u00fcmara kuju ja pehmete joontega, pakkudes harmooniat ja lihtsust igasse sise- (alustaldrikuga) v\u00f5i v\u00e4liruumi. Drenaa\u017eiava ja k\u00fclmakindlate omadustega Emilia tootesarjal on s\u00fcgav ja s\u00fcmbiootiline seos loodusega. Valmistatud naturaalsest toormest k\u00e4sit\u00f6\u00f6na.<\/p>\n","protected":false},"featured_media":2380802,"comment_status":"closed","ping_status":"closed","template":"","meta":{"_themeisle_gutenberg_block_has_review":false},"product_cat":[13476],"product_tag":[],"class_list":{"0":"post-2298313","1":"product","2":"type-product","3":"status-publish","4":"has-post-thumbnail","6":"product_cat-umbrispotid","8":"first","9":"outofstock","10":"shipping-taxable","11":"purchasable","12":"product-type-simple"},"yoast_head":"<!-- This site is optimized with the Yoast SEO plugin v24.0 - https:\/\/yoast.com\/wordpress\/plugins\/seo\/ -->\n<title>\u00dcmbrispott keraamiline Artevasi Emilia d 20cm hele terrakota - Horticom<\/title>\n<meta name=\"robots\" content=\"index, follow, max-snippet:-1, max-image-preview:large, max-video-preview:-1\" \/>\n<link rel=\"canonical\" href=\"https:\/\/horticom.ee\/e-pood\/toode\/umbrispott-keraamiline-artevasi-emilia-d-20cm-hele-terrakota\/\" \/>\n<meta property=\"og:locale\" content=\"et_EE\" \/>\n<meta property=\"og:type\" content=\"article\" \/>\n<meta property=\"og:title\" content=\"\u00dcmbrispott keraamiline Artevasi Emilia d 20cm hele terrakota - Horticom\" \/>\n<meta property=\"og:description\" content=\"\u00dcmbrispott keraamiline Artevasi Emilia on loomulikult ilus ja lihtne, \u00fcmara kuju ja pehmete joontega, pakkudes harmooniat ja lihtsust igasse sise- (alustaldrikuga) v\u00f5i v\u00e4liruumi. Drenaa\u017eiava ja k\u00fclmakindlate omadustega Emilia tootesarjal on s\u00fcgav ja s\u00fcmbiootiline seos loodusega. Valmistatud naturaalsest toormest k\u00e4sit\u00f6\u00f6na.\" \/>\n<meta property=\"og:url\" content=\"https:\/\/horticom.ee\/e-pood\/toode\/umbrispott-keraamiline-artevasi-emilia-d-20cm-hele-terrakota\/\" \/>\n<meta property=\"og:site_name\" content=\"Horticom.ee\" \/>\n<meta property=\"article:publisher\" content=\"https:\/\/www.facebook.com\/horticom.ee\/e-pood\" \/>\n<meta property=\"article:modified_time\" content=\"2025-09-16T12:01:05+00:00\" \/>\n<meta property=\"og:image\" content=\"https:\/\/horticom.ee\/e-pood\/wp-content\/uploads\/importedmedia\/product-2298313_0-537332715.jpg\" \/>\n\t<meta property=\"og:image:width\" content=\"1000\" \/>\n\t<meta property=\"og:image:height\" content=\"1000\" \/>\n\t<meta property=\"og:image:type\" content=\"image\/jpeg\" \/>\n<meta name=\"twitter:card\" content=\"summary_large_image\" \/>\n<script type=\"application\/ld+json\" class=\"yoast-schema-graph\">{\"@context\":\"https:\/\/schema.org\",\"@graph\":[{\"@type\":\"WebPage\",\"@id\":\"https:\/\/horticom.ee\/e-pood\/toode\/umbrispott-keraamiline-artevasi-emilia-d-20cm-hele-terrakota\/\",\"url\":\"https:\/\/horticom.ee\/e-pood\/toode\/umbrispott-keraamiline-artevasi-emilia-d-20cm-hele-terrakota\/\",\"name\":\"\u00dcmbrispott keraamiline Artevasi Emilia d 20cm hele terrakota - Horticom\",\"isPartOf\":{\"@id\":\"https:\/\/horticom.ee\/e-pood\/#website\"},\"primaryImageOfPage\":{\"@id\":\"https:\/\/horticom.ee\/e-pood\/toode\/umbrispott-keraamiline-artevasi-emilia-d-20cm-hele-terrakota\/#primaryimage\"},\"image\":{\"@id\":\"https:\/\/horticom.ee\/e-pood\/toode\/umbrispott-keraamiline-artevasi-emilia-d-20cm-hele-terrakota\/#primaryimage\"},\"thumbnailUrl\":\"https:\/\/horticom.ee\/e-pood\/wp-content\/uploads\/importedmedia\/product-2298313_0-537332715.jpg\",\"datePublished\":\"2024-10-11T03:00:55+00:00\",\"dateModified\":\"2025-09-16T12:01:05+00:00\",\"breadcrumb\":{\"@id\":\"https:\/\/horticom.ee\/e-pood\/toode\/umbrispott-keraamiline-artevasi-emilia-d-20cm-hele-terrakota\/#breadcrumb\"},\"inLanguage\":\"et\",\"potentialAction\":[{\"@type\":\"ReadAction\",\"target\":[\"https:\/\/horticom.ee\/e-pood\/toode\/umbrispott-keraamiline-artevasi-emilia-d-20cm-hele-terrakota\/\"]}]},{\"@type\":\"ImageObject\",\"inLanguage\":\"et\",\"@id\":\"https:\/\/horticom.ee\/e-pood\/toode\/umbrispott-keraamiline-artevasi-emilia-d-20cm-hele-terrakota\/#primaryimage\",\"url\":\"https:\/\/horticom.ee\/e-pood\/wp-content\/uploads\/importedmedia\/product-2298313_0-537332715.jpg\",\"contentUrl\":\"https:\/\/horticom.ee\/e-pood\/wp-content\/uploads\/importedmedia\/product-2298313_0-537332715.jpg\",\"width\":1000,\"height\":1000},{\"@type\":\"BreadcrumbList\",\"@id\":\"https:\/\/horticom.ee\/e-pood\/toode\/umbrispott-keraamiline-artevasi-emilia-d-20cm-hele-terrakota\/#breadcrumb\",\"itemListElement\":[{\"@type\":\"ListItem\",\"position\":1,\"name\":\"Home\",\"item\":\"https:\/\/horticom.ee\/e-pood\/\"},{\"@type\":\"ListItem\",\"position\":2,\"name\":\"Pood\",\"item\":\"https:\/\/horticom.ee\/e-pood\/pood\/\"},{\"@type\":\"ListItem\",\"position\":3,\"name\":\"\u00dcmbrispott keraamiline Artevasi Emilia d 20cm hele terrakota\"}]},{\"@type\":\"WebSite\",\"@id\":\"https:\/\/horticom.ee\/e-pood\/#website\",\"url\":\"https:\/\/horticom.ee\/e-pood\/\",\"name\":\"Horticom.ee\",\"description\":\"Aianduskaubad ja kodukaubad nii harrastajatele kui professionaalidele\",\"potentialAction\":[{\"@type\":\"SearchAction\",\"target\":{\"@type\":\"EntryPoint\",\"urlTemplate\":\"https:\/\/horticom.ee\/e-pood\/?s={search_term_string}\"},\"query-input\":{\"@type\":\"PropertyValueSpecification\",\"valueRequired\":true,\"valueName\":\"search_term_string\"}}],\"inLanguage\":\"et\"}]}<\/script>\n<!-- \/ Yoast SEO plugin. -->","yoast_head_json":{"title":"\u00dcmbrispott keraamiline Artevasi Emilia d 20cm hele terrakota - Horticom","robots":{"index":"index","follow":"follow","max-snippet":"max-snippet:-1","max-image-preview":"max-image-preview:large","max-video-preview":"max-video-preview:-1"},"canonical":"https:\/\/horticom.ee\/e-pood\/toode\/umbrispott-keraamiline-artevasi-emilia-d-20cm-hele-terrakota\/","og_locale":"et_EE","og_type":"article","og_title":"\u00dcmbrispott keraamiline Artevasi Emilia d 20cm hele terrakota - Horticom","og_description":"\u00dcmbrispott keraamiline Artevasi Emilia on loomulikult ilus ja lihtne, \u00fcmara kuju ja pehmete joontega, pakkudes harmooniat ja lihtsust igasse sise- (alustaldrikuga) v\u00f5i v\u00e4liruumi. Drenaa\u017eiava ja k\u00fclmakindlate omadustega Emilia tootesarjal on s\u00fcgav ja s\u00fcmbiootiline seos loodusega. Valmistatud naturaalsest toormest k\u00e4sit\u00f6\u00f6na.","og_url":"https:\/\/horticom.ee\/e-pood\/toode\/umbrispott-keraamiline-artevasi-emilia-d-20cm-hele-terrakota\/","og_site_name":"Horticom.ee","article_publisher":"https:\/\/www.facebook.com\/horticom.ee\/e-pood","article_modified_time":"2025-09-16T12:01:05+00:00","og_image":[{"width":1000,"height":1000,"url":"https:\/\/horticom.ee\/e-pood\/wp-content\/uploads\/importedmedia\/product-2298313_0-537332715.jpg","type":"image\/jpeg"}],"twitter_card":"summary_large_image","schema":{"@context":"https:\/\/schema.org","@graph":[{"@type":"WebPage","@id":"https:\/\/horticom.ee\/e-pood\/toode\/umbrispott-keraamiline-artevasi-emilia-d-20cm-hele-terrakota\/","url":"https:\/\/horticom.ee\/e-pood\/toode\/umbrispott-keraamiline-artevasi-emilia-d-20cm-hele-terrakota\/","name":"\u00dcmbrispott keraamiline Artevasi Emilia d 20cm hele terrakota - Horticom","isPartOf":{"@id":"https:\/\/horticom.ee\/e-pood\/#website"},"primaryImageOfPage":{"@id":"https:\/\/horticom.ee\/e-pood\/toode\/umbrispott-keraamiline-artevasi-emilia-d-20cm-hele-terrakota\/#primaryimage"},"image":{"@id":"https:\/\/horticom.ee\/e-pood\/toode\/umbrispott-keraamiline-artevasi-emilia-d-20cm-hele-terrakota\/#primaryimage"},"thumbnailUrl":"https:\/\/horticom.ee\/e-pood\/wp-content\/uploads\/importedmedia\/product-2298313_0-537332715.jpg","datePublished":"2024-10-11T03:00:55+00:00","dateModified":"2025-09-16T12:01:05+00:00","breadcrumb":{"@id":"https:\/\/horticom.ee\/e-pood\/toode\/umbrispott-keraamiline-artevasi-emilia-d-20cm-hele-terrakota\/#breadcrumb"},"inLanguage":"et","potentialAction":[{"@type":"ReadAction","target":["https:\/\/horticom.ee\/e-pood\/toode\/umbrispott-keraamiline-artevasi-emilia-d-20cm-hele-terrakota\/"]}]},{"@type":"ImageObject","inLanguage":"et","@id":"https:\/\/horticom.ee\/e-pood\/toode\/umbrispott-keraamiline-artevasi-emilia-d-20cm-hele-terrakota\/#primaryimage","url":"https:\/\/horticom.ee\/e-pood\/wp-content\/uploads\/importedmedia\/product-2298313_0-537332715.jpg","contentUrl":"https:\/\/horticom.ee\/e-pood\/wp-content\/uploads\/importedmedia\/product-2298313_0-537332715.jpg","width":1000,"height":1000},{"@type":"BreadcrumbList","@id":"https:\/\/horticom.ee\/e-pood\/toode\/umbrispott-keraamiline-artevasi-emilia-d-20cm-hele-terrakota\/#breadcrumb","itemListElement":[{"@type":"ListItem","position":1,"name":"Home","item":"https:\/\/horticom.ee\/e-pood\/"},{"@type":"ListItem","position":2,"name":"Pood","item":"https:\/\/horticom.ee\/e-pood\/pood\/"},{"@type":"ListItem","position":3,"name":"\u00dcmbrispott keraamiline Artevasi Emilia d 20cm hele terrakota"}]},{"@type":"WebSite","@id":"https:\/\/horticom.ee\/e-pood\/#website","url":"https:\/\/horticom.ee\/e-pood\/","name":"Horticom.ee","description":"Aianduskaubad ja kodukaubad nii harrastajatele kui professionaalidele","potentialAction":[{"@type":"SearchAction","target":{"@type":"EntryPoint","urlTemplate":"https:\/\/horticom.ee\/e-pood\/?s={search_term_string}"},"query-input":{"@type":"PropertyValueSpecification","valueRequired":true,"valueName":"search_term_string"}}],"inLanguage":"et"}]}},"_links":{"self":[{"href":"https:\/\/horticom.ee\/e-pood\/wp-json\/wp\/v2\/product\/2298313","targetHints":{"allow":["GET"]}}],"collection":[{"href":"https:\/\/horticom.ee\/e-pood\/wp-json\/wp\/v2\/product"}],"about":[{"href":"https:\/\/horticom.ee\/e-pood\/wp-json\/wp\/v2\/types\/product"}],"replies":[{"embeddable":true,"href":"https:\/\/horticom.ee\/e-pood\/wp-json\/wp\/v2\/comments?post=2298313"}],"wp:featuredmedia":[{"embeddable":true,"href":"https:\/\/horticom.ee\/e-pood\/wp-json\/wp\/v2\/media\/2380802"}],"wp:attachment":[{"href":"https:\/\/horticom.ee\/e-pood\/wp-json\/wp\/v2\/media?parent=2298313"}],"wp:term":[{"taxonomy":"product_cat","embeddable":true,"href":"https:\/\/horticom.ee\/e-pood\/wp-json\/wp\/v2\/product_cat?post=2298313"},{"taxonomy":"product_tag","embeddable":true,"href":"https:\/\/horticom.ee\/e-pood\/wp-json\/wp\/v2\/product_tag?post=2298313"}],"curies":[{"name":"wp","href":"https:\/\/api.w.org\/{rel}","templated":true}]}}