{"id":2301807,"date":"2024-11-01T12:00:40","date_gmt":"2024-11-01T10:00:40","guid":{"rendered":"https:\/\/horticom.ee\/e-pood\/toode\/sisupott-d-21-x-16cm-labipaistev\/"},"modified":"2026-04-24T03:13:19","modified_gmt":"2026-04-24T00:13:19","slug":"sisupott-d-21-x-16cm-labipaistev","status":"publish","type":"product","link":"https:\/\/horticom.ee\/e-pood\/toode\/sisupott-d-21-x-16cm-labipaistev\/","title":{"rendered":"Sisupott d 21 x 16cm l\u00e4bipaistev"},"content":{"rendered":"<p>Plastikust l\u00e4bipaistev sisupott sobitub k\u00f5ikidesse NDT pottidesse vastavalt m\u00f5\u00f5tudele. \u00dcleliigse k\u00f5rguse saab kergesti \u00e4ra l\u00f5igata. Veekindel ja takistab liigset aurustumist ning katlakivi ladestumist.<\/p>\n","protected":false},"excerpt":{"rendered":"<p>Plastikust l\u00e4bipaistev sisupott sobitub k\u00f5ikidesse NDT pottidesse vastavalt m\u00f5\u00f5tudele. \u00dcleliigse k\u00f5rguse saab kergesti \u00e4ra l\u00f5igata. Veekindel ja takistab liigset aurustumist ning katlakivi ladestumist.<\/p>\n","protected":false},"featured_media":2377732,"comment_status":"closed","ping_status":"closed","template":"","meta":{"_themeisle_gutenberg_block_has_review":false},"product_cat":[13475],"product_tag":[],"class_list":{"0":"post-2301807","1":"product","2":"type-product","3":"status-publish","4":"has-post-thumbnail","6":"product_cat-istutuspotid","8":"first","9":"instock","10":"shipping-taxable","11":"purchasable","12":"product-type-simple"},"yoast_head":"<!-- This site is optimized with the Yoast SEO plugin v24.0 - https:\/\/yoast.com\/wordpress\/plugins\/seo\/ -->\n<title>Sisupott d 21 x 16cm l\u00e4bipaistev - Horticom<\/title>\n<meta name=\"robots\" content=\"index, follow, max-snippet:-1, max-image-preview:large, max-video-preview:-1\" \/>\n<link rel=\"canonical\" href=\"https:\/\/horticom.ee\/e-pood\/toode\/sisupott-d-21-x-16cm-labipaistev\/\" \/>\n<meta property=\"og:locale\" content=\"et_EE\" \/>\n<meta property=\"og:type\" content=\"article\" \/>\n<meta property=\"og:title\" content=\"Sisupott d 21 x 16cm l\u00e4bipaistev - Horticom\" \/>\n<meta property=\"og:description\" content=\"Plastikust l\u00e4bipaistev sisupott sobitub k\u00f5ikidesse NDT pottidesse vastavalt m\u00f5\u00f5tudele. \u00dcleliigse k\u00f5rguse saab kergesti \u00e4ra l\u00f5igata. Veekindel ja takistab liigset aurustumist ning katlakivi ladestumist.\" \/>\n<meta property=\"og:url\" content=\"https:\/\/horticom.ee\/e-pood\/toode\/sisupott-d-21-x-16cm-labipaistev\/\" \/>\n<meta property=\"og:site_name\" content=\"Horticom.ee\" \/>\n<meta property=\"article:publisher\" content=\"https:\/\/www.facebook.com\/horticom.ee\/e-pood\" \/>\n<meta property=\"article:modified_time\" content=\"2026-04-24T00:13:19+00:00\" \/>\n<meta property=\"og:image\" content=\"https:\/\/horticom.ee\/e-pood\/wp-content\/uploads\/importedmedia\/product-2301807_0-65102810.jpg\" \/>\n\t<meta property=\"og:image:width\" content=\"1000\" \/>\n\t<meta property=\"og:image:height\" content=\"1000\" \/>\n\t<meta property=\"og:image:type\" content=\"image\/jpeg\" \/>\n<meta name=\"twitter:card\" content=\"summary_large_image\" \/>\n<script type=\"application\/ld+json\" class=\"yoast-schema-graph\">{\"@context\":\"https:\/\/schema.org\",\"@graph\":[{\"@type\":\"WebPage\",\"@id\":\"https:\/\/horticom.ee\/e-pood\/toode\/sisupott-d-21-x-16cm-labipaistev\/\",\"url\":\"https:\/\/horticom.ee\/e-pood\/toode\/sisupott-d-21-x-16cm-labipaistev\/\",\"name\":\"Sisupott d 21 x 16cm l\u00e4bipaistev - Horticom\",\"isPartOf\":{\"@id\":\"https:\/\/horticom.ee\/e-pood\/#website\"},\"primaryImageOfPage\":{\"@id\":\"https:\/\/horticom.ee\/e-pood\/toode\/sisupott-d-21-x-16cm-labipaistev\/#primaryimage\"},\"image\":{\"@id\":\"https:\/\/horticom.ee\/e-pood\/toode\/sisupott-d-21-x-16cm-labipaistev\/#primaryimage\"},\"thumbnailUrl\":\"https:\/\/horticom.ee\/e-pood\/wp-content\/uploads\/importedmedia\/product-2301807_0-65102810.jpg\",\"datePublished\":\"2024-11-01T10:00:40+00:00\",\"dateModified\":\"2026-04-24T00:13:19+00:00\",\"breadcrumb\":{\"@id\":\"https:\/\/horticom.ee\/e-pood\/toode\/sisupott-d-21-x-16cm-labipaistev\/#breadcrumb\"},\"inLanguage\":\"et\",\"potentialAction\":[{\"@type\":\"ReadAction\",\"target\":[\"https:\/\/horticom.ee\/e-pood\/toode\/sisupott-d-21-x-16cm-labipaistev\/\"]}]},{\"@type\":\"ImageObject\",\"inLanguage\":\"et\",\"@id\":\"https:\/\/horticom.ee\/e-pood\/toode\/sisupott-d-21-x-16cm-labipaistev\/#primaryimage\",\"url\":\"https:\/\/horticom.ee\/e-pood\/wp-content\/uploads\/importedmedia\/product-2301807_0-65102810.jpg\",\"contentUrl\":\"https:\/\/horticom.ee\/e-pood\/wp-content\/uploads\/importedmedia\/product-2301807_0-65102810.jpg\",\"width\":1000,\"height\":1000},{\"@type\":\"BreadcrumbList\",\"@id\":\"https:\/\/horticom.ee\/e-pood\/toode\/sisupott-d-21-x-16cm-labipaistev\/#breadcrumb\",\"itemListElement\":[{\"@type\":\"ListItem\",\"position\":1,\"name\":\"Home\",\"item\":\"https:\/\/horticom.ee\/e-pood\/\"},{\"@type\":\"ListItem\",\"position\":2,\"name\":\"Pood\",\"item\":\"https:\/\/horticom.ee\/e-pood\/pood\/\"},{\"@type\":\"ListItem\",\"position\":3,\"name\":\"Sisupott d 21 x 16cm l\u00e4bipaistev\"}]},{\"@type\":\"WebSite\",\"@id\":\"https:\/\/horticom.ee\/e-pood\/#website\",\"url\":\"https:\/\/horticom.ee\/e-pood\/\",\"name\":\"Horticom.ee\",\"description\":\"Aianduskaubad ja kodukaubad nii harrastajatele kui professionaalidele\",\"potentialAction\":[{\"@type\":\"SearchAction\",\"target\":{\"@type\":\"EntryPoint\",\"urlTemplate\":\"https:\/\/horticom.ee\/e-pood\/?s={search_term_string}\"},\"query-input\":{\"@type\":\"PropertyValueSpecification\",\"valueRequired\":true,\"valueName\":\"search_term_string\"}}],\"inLanguage\":\"et\"}]}<\/script>\n<!-- \/ Yoast SEO plugin. -->","yoast_head_json":{"title":"Sisupott d 21 x 16cm l\u00e4bipaistev - Horticom","robots":{"index":"index","follow":"follow","max-snippet":"max-snippet:-1","max-image-preview":"max-image-preview:large","max-video-preview":"max-video-preview:-1"},"canonical":"https:\/\/horticom.ee\/e-pood\/toode\/sisupott-d-21-x-16cm-labipaistev\/","og_locale":"et_EE","og_type":"article","og_title":"Sisupott d 21 x 16cm l\u00e4bipaistev - Horticom","og_description":"Plastikust l\u00e4bipaistev sisupott sobitub k\u00f5ikidesse NDT pottidesse vastavalt m\u00f5\u00f5tudele. \u00dcleliigse k\u00f5rguse saab kergesti \u00e4ra l\u00f5igata. Veekindel ja takistab liigset aurustumist ning katlakivi ladestumist.","og_url":"https:\/\/horticom.ee\/e-pood\/toode\/sisupott-d-21-x-16cm-labipaistev\/","og_site_name":"Horticom.ee","article_publisher":"https:\/\/www.facebook.com\/horticom.ee\/e-pood","article_modified_time":"2026-04-24T00:13:19+00:00","og_image":[{"width":1000,"height":1000,"url":"https:\/\/horticom.ee\/e-pood\/wp-content\/uploads\/importedmedia\/product-2301807_0-65102810.jpg","type":"image\/jpeg"}],"twitter_card":"summary_large_image","schema":{"@context":"https:\/\/schema.org","@graph":[{"@type":"WebPage","@id":"https:\/\/horticom.ee\/e-pood\/toode\/sisupott-d-21-x-16cm-labipaistev\/","url":"https:\/\/horticom.ee\/e-pood\/toode\/sisupott-d-21-x-16cm-labipaistev\/","name":"Sisupott d 21 x 16cm l\u00e4bipaistev - Horticom","isPartOf":{"@id":"https:\/\/horticom.ee\/e-pood\/#website"},"primaryImageOfPage":{"@id":"https:\/\/horticom.ee\/e-pood\/toode\/sisupott-d-21-x-16cm-labipaistev\/#primaryimage"},"image":{"@id":"https:\/\/horticom.ee\/e-pood\/toode\/sisupott-d-21-x-16cm-labipaistev\/#primaryimage"},"thumbnailUrl":"https:\/\/horticom.ee\/e-pood\/wp-content\/uploads\/importedmedia\/product-2301807_0-65102810.jpg","datePublished":"2024-11-01T10:00:40+00:00","dateModified":"2026-04-24T00:13:19+00:00","breadcrumb":{"@id":"https:\/\/horticom.ee\/e-pood\/toode\/sisupott-d-21-x-16cm-labipaistev\/#breadcrumb"},"inLanguage":"et","potentialAction":[{"@type":"ReadAction","target":["https:\/\/horticom.ee\/e-pood\/toode\/sisupott-d-21-x-16cm-labipaistev\/"]}]},{"@type":"ImageObject","inLanguage":"et","@id":"https:\/\/horticom.ee\/e-pood\/toode\/sisupott-d-21-x-16cm-labipaistev\/#primaryimage","url":"https:\/\/horticom.ee\/e-pood\/wp-content\/uploads\/importedmedia\/product-2301807_0-65102810.jpg","contentUrl":"https:\/\/horticom.ee\/e-pood\/wp-content\/uploads\/importedmedia\/product-2301807_0-65102810.jpg","width":1000,"height":1000},{"@type":"BreadcrumbList","@id":"https:\/\/horticom.ee\/e-pood\/toode\/sisupott-d-21-x-16cm-labipaistev\/#breadcrumb","itemListElement":[{"@type":"ListItem","position":1,"name":"Home","item":"https:\/\/horticom.ee\/e-pood\/"},{"@type":"ListItem","position":2,"name":"Pood","item":"https:\/\/horticom.ee\/e-pood\/pood\/"},{"@type":"ListItem","position":3,"name":"Sisupott d 21 x 16cm l\u00e4bipaistev"}]},{"@type":"WebSite","@id":"https:\/\/horticom.ee\/e-pood\/#website","url":"https:\/\/horticom.ee\/e-pood\/","name":"Horticom.ee","description":"Aianduskaubad ja kodukaubad nii harrastajatele kui professionaalidele","potentialAction":[{"@type":"SearchAction","target":{"@type":"EntryPoint","urlTemplate":"https:\/\/horticom.ee\/e-pood\/?s={search_term_string}"},"query-input":{"@type":"PropertyValueSpecification","valueRequired":true,"valueName":"search_term_string"}}],"inLanguage":"et"}]}},"_links":{"self":[{"href":"https:\/\/horticom.ee\/e-pood\/wp-json\/wp\/v2\/product\/2301807","targetHints":{"allow":["GET"]}}],"collection":[{"href":"https:\/\/horticom.ee\/e-pood\/wp-json\/wp\/v2\/product"}],"about":[{"href":"https:\/\/horticom.ee\/e-pood\/wp-json\/wp\/v2\/types\/product"}],"replies":[{"embeddable":true,"href":"https:\/\/horticom.ee\/e-pood\/wp-json\/wp\/v2\/comments?post=2301807"}],"wp:featuredmedia":[{"embeddable":true,"href":"https:\/\/horticom.ee\/e-pood\/wp-json\/wp\/v2\/media\/2377732"}],"wp:attachment":[{"href":"https:\/\/horticom.ee\/e-pood\/wp-json\/wp\/v2\/media?parent=2301807"}],"wp:term":[{"taxonomy":"product_cat","embeddable":true,"href":"https:\/\/horticom.ee\/e-pood\/wp-json\/wp\/v2\/product_cat?post=2301807"},{"taxonomy":"product_tag","embeddable":true,"href":"https:\/\/horticom.ee\/e-pood\/wp-json\/wp\/v2\/product_tag?post=2301807"}],"curies":[{"name":"wp","href":"https:\/\/api.w.org\/{rel}","templated":true}]}}