{"id":2301889,"date":"2024-11-01T12:00:58","date_gmt":"2024-11-01T10:00:58","guid":{"rendered":"https:\/\/horticom.ee\/e-pood\/toode\/umbrispott-elho-b-for-studio-metallalusel-d-30cm-15l-briljantne-punane\/"},"modified":"2026-04-17T03:17:02","modified_gmt":"2026-04-17T00:17:02","slug":"umbrispott-elho-b-for-studio-metallalusel-d-30cm-15l-briljantne-punane","status":"publish","type":"product","link":"https:\/\/horticom.ee\/e-pood\/toode\/umbrispott-elho-b-for-studio-metallalusel-d-30cm-15l-briljantne-punane\/","title":{"rendered":"\u00dcmbrispott Elho B.for Studio metallalusel d 30cm 15L briljantne punane"},"content":{"rendered":"<p>Stiilse, modernse ja trendika disainiga \u00fcmbrispott, mis on ekslusiivselt disainitud Daphna Laureni poolt. Kaasas metallraam k\u00f5rgusega 46,7cm, poti enda k\u00f5rgus 27,3cm.<br \/>\nTaask\u00e4ideldatav, toodetud 100% taaskasutatud materjalidest tuuleenergia abil.<br \/>\nToote originaalv\u00e4rv p\u00fcsib kauem, kuna valmistamisel kasutatakse erilisi v\u00e4rvipigmente.<\/p>\n","protected":false},"excerpt":{"rendered":"<p>Stiilse, modernse ja trendika disainiga \u00fcmbrispott, mis on ekslusiivselt disainitud Daphna Laureni poolt. Kaasas metallraam k\u00f5rgusega 46,7cm, poti enda k\u00f5rgus 27,3cm. Taask\u00e4ideldatav, toodetud 100% taaskasutatud materjalidest tuuleenergia abil. Toote originaalv\u00e4rv p\u00fcsib kauem, kuna valmistamisel kasutatakse erilisi v\u00e4rvipigmente.<\/p>\n","protected":false},"featured_media":2384094,"comment_status":"closed","ping_status":"closed","template":"","meta":{"_themeisle_gutenberg_block_has_review":false},"product_cat":[14994],"product_tag":[],"class_list":{"0":"post-2301889","1":"product","2":"type-product","3":"status-publish","4":"has-post-thumbnail","6":"product_cat-plastikust-umbrispotid","8":"first","9":"instock","10":"sale","11":"shipping-taxable","12":"purchasable","13":"product-type-simple"},"yoast_head":"<!-- This site is optimized with the Yoast SEO plugin v24.0 - https:\/\/yoast.com\/wordpress\/plugins\/seo\/ -->\n<title>\u00dcmbrispott Elho B.for Studio metallalusel d 30cm 15L briljantne punane - Horticom<\/title>\n<meta name=\"robots\" content=\"index, follow, max-snippet:-1, max-image-preview:large, max-video-preview:-1\" \/>\n<link rel=\"canonical\" href=\"https:\/\/horticom.ee\/e-pood\/toode\/umbrispott-elho-b-for-studio-metallalusel-d-30cm-15l-briljantne-punane\/\" \/>\n<meta property=\"og:locale\" content=\"et_EE\" \/>\n<meta property=\"og:type\" content=\"article\" \/>\n<meta property=\"og:title\" content=\"\u00dcmbrispott Elho B.for Studio metallalusel d 30cm 15L briljantne punane - Horticom\" \/>\n<meta property=\"og:description\" content=\"Stiilse, modernse ja trendika disainiga \u00fcmbrispott, mis on ekslusiivselt disainitud Daphna Laureni poolt. Kaasas metallraam k\u00f5rgusega 46,7cm, poti enda k\u00f5rgus 27,3cm. Taask\u00e4ideldatav, toodetud 100% taaskasutatud materjalidest tuuleenergia abil. Toote originaalv\u00e4rv p\u00fcsib kauem, kuna valmistamisel kasutatakse erilisi v\u00e4rvipigmente.\" \/>\n<meta property=\"og:url\" content=\"https:\/\/horticom.ee\/e-pood\/toode\/umbrispott-elho-b-for-studio-metallalusel-d-30cm-15l-briljantne-punane\/\" \/>\n<meta property=\"og:site_name\" content=\"Horticom.ee\" \/>\n<meta property=\"article:publisher\" content=\"https:\/\/www.facebook.com\/horticom.ee\/e-pood\" \/>\n<meta property=\"article:modified_time\" content=\"2026-04-17T00:17:02+00:00\" \/>\n<meta property=\"og:image\" content=\"https:\/\/horticom.ee\/e-pood\/wp-content\/uploads\/importedmedia\/product-2301889_0-640823_701.jpg\" \/>\n\t<meta property=\"og:image:width\" content=\"1000\" \/>\n\t<meta property=\"og:image:height\" content=\"1000\" \/>\n\t<meta property=\"og:image:type\" content=\"image\/jpeg\" \/>\n<meta name=\"twitter:card\" content=\"summary_large_image\" \/>\n<script type=\"application\/ld+json\" class=\"yoast-schema-graph\">{\"@context\":\"https:\/\/schema.org\",\"@graph\":[{\"@type\":\"WebPage\",\"@id\":\"https:\/\/horticom.ee\/e-pood\/toode\/umbrispott-elho-b-for-studio-metallalusel-d-30cm-15l-briljantne-punane\/\",\"url\":\"https:\/\/horticom.ee\/e-pood\/toode\/umbrispott-elho-b-for-studio-metallalusel-d-30cm-15l-briljantne-punane\/\",\"name\":\"\u00dcmbrispott Elho B.for Studio metallalusel d 30cm 15L briljantne punane - Horticom\",\"isPartOf\":{\"@id\":\"https:\/\/horticom.ee\/e-pood\/#website\"},\"primaryImageOfPage\":{\"@id\":\"https:\/\/horticom.ee\/e-pood\/toode\/umbrispott-elho-b-for-studio-metallalusel-d-30cm-15l-briljantne-punane\/#primaryimage\"},\"image\":{\"@id\":\"https:\/\/horticom.ee\/e-pood\/toode\/umbrispott-elho-b-for-studio-metallalusel-d-30cm-15l-briljantne-punane\/#primaryimage\"},\"thumbnailUrl\":\"https:\/\/horticom.ee\/e-pood\/wp-content\/uploads\/importedmedia\/product-2301889_0-640823_701.jpg\",\"datePublished\":\"2024-11-01T10:00:58+00:00\",\"dateModified\":\"2026-04-17T00:17:02+00:00\",\"breadcrumb\":{\"@id\":\"https:\/\/horticom.ee\/e-pood\/toode\/umbrispott-elho-b-for-studio-metallalusel-d-30cm-15l-briljantne-punane\/#breadcrumb\"},\"inLanguage\":\"et\",\"potentialAction\":[{\"@type\":\"ReadAction\",\"target\":[\"https:\/\/horticom.ee\/e-pood\/toode\/umbrispott-elho-b-for-studio-metallalusel-d-30cm-15l-briljantne-punane\/\"]}]},{\"@type\":\"ImageObject\",\"inLanguage\":\"et\",\"@id\":\"https:\/\/horticom.ee\/e-pood\/toode\/umbrispott-elho-b-for-studio-metallalusel-d-30cm-15l-briljantne-punane\/#primaryimage\",\"url\":\"https:\/\/horticom.ee\/e-pood\/wp-content\/uploads\/importedmedia\/product-2301889_0-640823_701.jpg\",\"contentUrl\":\"https:\/\/horticom.ee\/e-pood\/wp-content\/uploads\/importedmedia\/product-2301889_0-640823_701.jpg\",\"width\":1000,\"height\":1000},{\"@type\":\"BreadcrumbList\",\"@id\":\"https:\/\/horticom.ee\/e-pood\/toode\/umbrispott-elho-b-for-studio-metallalusel-d-30cm-15l-briljantne-punane\/#breadcrumb\",\"itemListElement\":[{\"@type\":\"ListItem\",\"position\":1,\"name\":\"Home\",\"item\":\"https:\/\/horticom.ee\/e-pood\/\"},{\"@type\":\"ListItem\",\"position\":2,\"name\":\"Pood\",\"item\":\"https:\/\/horticom.ee\/e-pood\/pood\/\"},{\"@type\":\"ListItem\",\"position\":3,\"name\":\"\u00dcmbrispott Elho B.for Studio metallalusel d 30cm 15L briljantne punane\"}]},{\"@type\":\"WebSite\",\"@id\":\"https:\/\/horticom.ee\/e-pood\/#website\",\"url\":\"https:\/\/horticom.ee\/e-pood\/\",\"name\":\"Horticom.ee\",\"description\":\"Aianduskaubad ja kodukaubad nii harrastajatele kui professionaalidele\",\"potentialAction\":[{\"@type\":\"SearchAction\",\"target\":{\"@type\":\"EntryPoint\",\"urlTemplate\":\"https:\/\/horticom.ee\/e-pood\/?s={search_term_string}\"},\"query-input\":{\"@type\":\"PropertyValueSpecification\",\"valueRequired\":true,\"valueName\":\"search_term_string\"}}],\"inLanguage\":\"et\"}]}<\/script>\n<!-- \/ Yoast SEO plugin. -->","yoast_head_json":{"title":"\u00dcmbrispott Elho B.for Studio metallalusel d 30cm 15L briljantne punane - Horticom","robots":{"index":"index","follow":"follow","max-snippet":"max-snippet:-1","max-image-preview":"max-image-preview:large","max-video-preview":"max-video-preview:-1"},"canonical":"https:\/\/horticom.ee\/e-pood\/toode\/umbrispott-elho-b-for-studio-metallalusel-d-30cm-15l-briljantne-punane\/","og_locale":"et_EE","og_type":"article","og_title":"\u00dcmbrispott Elho B.for Studio metallalusel d 30cm 15L briljantne punane - Horticom","og_description":"Stiilse, modernse ja trendika disainiga \u00fcmbrispott, mis on ekslusiivselt disainitud Daphna Laureni poolt. Kaasas metallraam k\u00f5rgusega 46,7cm, poti enda k\u00f5rgus 27,3cm. Taask\u00e4ideldatav, toodetud 100% taaskasutatud materjalidest tuuleenergia abil. Toote originaalv\u00e4rv p\u00fcsib kauem, kuna valmistamisel kasutatakse erilisi v\u00e4rvipigmente.","og_url":"https:\/\/horticom.ee\/e-pood\/toode\/umbrispott-elho-b-for-studio-metallalusel-d-30cm-15l-briljantne-punane\/","og_site_name":"Horticom.ee","article_publisher":"https:\/\/www.facebook.com\/horticom.ee\/e-pood","article_modified_time":"2026-04-17T00:17:02+00:00","og_image":[{"width":1000,"height":1000,"url":"https:\/\/horticom.ee\/e-pood\/wp-content\/uploads\/importedmedia\/product-2301889_0-640823_701.jpg","type":"image\/jpeg"}],"twitter_card":"summary_large_image","schema":{"@context":"https:\/\/schema.org","@graph":[{"@type":"WebPage","@id":"https:\/\/horticom.ee\/e-pood\/toode\/umbrispott-elho-b-for-studio-metallalusel-d-30cm-15l-briljantne-punane\/","url":"https:\/\/horticom.ee\/e-pood\/toode\/umbrispott-elho-b-for-studio-metallalusel-d-30cm-15l-briljantne-punane\/","name":"\u00dcmbrispott Elho B.for Studio metallalusel d 30cm 15L briljantne punane - Horticom","isPartOf":{"@id":"https:\/\/horticom.ee\/e-pood\/#website"},"primaryImageOfPage":{"@id":"https:\/\/horticom.ee\/e-pood\/toode\/umbrispott-elho-b-for-studio-metallalusel-d-30cm-15l-briljantne-punane\/#primaryimage"},"image":{"@id":"https:\/\/horticom.ee\/e-pood\/toode\/umbrispott-elho-b-for-studio-metallalusel-d-30cm-15l-briljantne-punane\/#primaryimage"},"thumbnailUrl":"https:\/\/horticom.ee\/e-pood\/wp-content\/uploads\/importedmedia\/product-2301889_0-640823_701.jpg","datePublished":"2024-11-01T10:00:58+00:00","dateModified":"2026-04-17T00:17:02+00:00","breadcrumb":{"@id":"https:\/\/horticom.ee\/e-pood\/toode\/umbrispott-elho-b-for-studio-metallalusel-d-30cm-15l-briljantne-punane\/#breadcrumb"},"inLanguage":"et","potentialAction":[{"@type":"ReadAction","target":["https:\/\/horticom.ee\/e-pood\/toode\/umbrispott-elho-b-for-studio-metallalusel-d-30cm-15l-briljantne-punane\/"]}]},{"@type":"ImageObject","inLanguage":"et","@id":"https:\/\/horticom.ee\/e-pood\/toode\/umbrispott-elho-b-for-studio-metallalusel-d-30cm-15l-briljantne-punane\/#primaryimage","url":"https:\/\/horticom.ee\/e-pood\/wp-content\/uploads\/importedmedia\/product-2301889_0-640823_701.jpg","contentUrl":"https:\/\/horticom.ee\/e-pood\/wp-content\/uploads\/importedmedia\/product-2301889_0-640823_701.jpg","width":1000,"height":1000},{"@type":"BreadcrumbList","@id":"https:\/\/horticom.ee\/e-pood\/toode\/umbrispott-elho-b-for-studio-metallalusel-d-30cm-15l-briljantne-punane\/#breadcrumb","itemListElement":[{"@type":"ListItem","position":1,"name":"Home","item":"https:\/\/horticom.ee\/e-pood\/"},{"@type":"ListItem","position":2,"name":"Pood","item":"https:\/\/horticom.ee\/e-pood\/pood\/"},{"@type":"ListItem","position":3,"name":"\u00dcmbrispott Elho B.for Studio metallalusel d 30cm 15L briljantne punane"}]},{"@type":"WebSite","@id":"https:\/\/horticom.ee\/e-pood\/#website","url":"https:\/\/horticom.ee\/e-pood\/","name":"Horticom.ee","description":"Aianduskaubad ja kodukaubad nii harrastajatele kui professionaalidele","potentialAction":[{"@type":"SearchAction","target":{"@type":"EntryPoint","urlTemplate":"https:\/\/horticom.ee\/e-pood\/?s={search_term_string}"},"query-input":{"@type":"PropertyValueSpecification","valueRequired":true,"valueName":"search_term_string"}}],"inLanguage":"et"}]}},"_links":{"self":[{"href":"https:\/\/horticom.ee\/e-pood\/wp-json\/wp\/v2\/product\/2301889","targetHints":{"allow":["GET"]}}],"collection":[{"href":"https:\/\/horticom.ee\/e-pood\/wp-json\/wp\/v2\/product"}],"about":[{"href":"https:\/\/horticom.ee\/e-pood\/wp-json\/wp\/v2\/types\/product"}],"replies":[{"embeddable":true,"href":"https:\/\/horticom.ee\/e-pood\/wp-json\/wp\/v2\/comments?post=2301889"}],"wp:featuredmedia":[{"embeddable":true,"href":"https:\/\/horticom.ee\/e-pood\/wp-json\/wp\/v2\/media\/2384094"}],"wp:attachment":[{"href":"https:\/\/horticom.ee\/e-pood\/wp-json\/wp\/v2\/media?parent=2301889"}],"wp:term":[{"taxonomy":"product_cat","embeddable":true,"href":"https:\/\/horticom.ee\/e-pood\/wp-json\/wp\/v2\/product_cat?post=2301889"},{"taxonomy":"product_tag","embeddable":true,"href":"https:\/\/horticom.ee\/e-pood\/wp-json\/wp\/v2\/product_tag?post=2301889"}],"curies":[{"name":"wp","href":"https:\/\/api.w.org\/{rel}","templated":true}]}}