{"id":2301916,"date":"2024-11-01T12:01:05","date_gmt":"2024-11-01T10:01:05","guid":{"rendered":"https:\/\/horticom.ee\/e-pood\/toode\/ouepott-keraamiline-shanghai-6-01db-sinine-3tk-kmpl\/"},"modified":"2025-07-03T11:06:46","modified_gmt":"2025-07-03T08:06:46","slug":"ouepott-keraamiline-shanghai-6-01db-sinine-3tk-kmpl","status":"publish","type":"product","link":"https:\/\/horticom.ee\/e-pood\/toode\/ouepott-keraamiline-shanghai-6-01db-sinine-3tk-kmpl\/","title":{"rendered":"\u00d5uepott keraamiline Shanghai 6-01DB sinine 3tk\/kmpl"},"content":{"rendered":"<p>Shanghai on lihtsa disainiga glasuuritud \u00f5uepott. K\u00fclmakindel. Talvel talub \u201320C aga kui pott ei ole m\u00e4rg s.t et ei kasteta v\u00f5i ei ole vihma k\u00e4es ning on \u00f5ues varju all siis kuni \u201330C.<br \/>\nKomplekt koosneb: \u00d830cm\/ H12cm ; \u00d836cm\/ H15cm ; \u00d843,5cm\/ H18cm<\/p>\n","protected":false},"excerpt":{"rendered":"<p>Shanghai on lihtsa disainiga glasuuritud \u00f5uepott. K\u00fclmakindel. Talvel talub \u201320C aga kui pott ei ole m\u00e4rg s.t et ei kasteta v\u00f5i ei ole vihma k\u00e4es ning on \u00f5ues varju all siis kuni \u201330C. Komplekt koosneb: \u00d830cm\/ H12cm ; \u00d836cm\/ H15cm ; \u00d843,5cm\/ H18cm<\/p>\n","protected":false},"featured_media":2384549,"comment_status":"closed","ping_status":"closed","template":"","meta":{"_themeisle_gutenberg_block_has_review":false},"product_cat":[13476],"product_tag":[],"class_list":{"0":"post-2301916","1":"product","2":"type-product","3":"status-publish","4":"has-post-thumbnail","6":"product_cat-umbrispotid","8":"first","9":"outofstock","10":"shipping-taxable","11":"purchasable","12":"product-type-simple"},"yoast_head":"<!-- This site is optimized with the Yoast SEO plugin v24.0 - https:\/\/yoast.com\/wordpress\/plugins\/seo\/ -->\n<title>\u00d5uepott keraamiline Shanghai 6-01DB sinine 3tk\/kmpl - Horticom<\/title>\n<meta name=\"robots\" content=\"index, follow, max-snippet:-1, max-image-preview:large, max-video-preview:-1\" \/>\n<link rel=\"canonical\" href=\"https:\/\/horticom.ee\/e-pood\/toode\/ouepott-keraamiline-shanghai-6-01db-sinine-3tk-kmpl\/\" \/>\n<meta property=\"og:locale\" content=\"et_EE\" \/>\n<meta property=\"og:type\" content=\"article\" \/>\n<meta property=\"og:title\" content=\"\u00d5uepott keraamiline Shanghai 6-01DB sinine 3tk\/kmpl - Horticom\" \/>\n<meta property=\"og:description\" content=\"Shanghai on lihtsa disainiga glasuuritud \u00f5uepott. K\u00fclmakindel. Talvel talub \u201320C aga kui pott ei ole m\u00e4rg s.t et ei kasteta v\u00f5i ei ole vihma k\u00e4es ning on \u00f5ues varju all siis kuni \u201330C. Komplekt koosneb: \u00d830cm\/ H12cm ; \u00d836cm\/ H15cm ; \u00d843,5cm\/ H18cm\" \/>\n<meta property=\"og:url\" content=\"https:\/\/horticom.ee\/e-pood\/toode\/ouepott-keraamiline-shanghai-6-01db-sinine-3tk-kmpl\/\" \/>\n<meta property=\"og:site_name\" content=\"Horticom.ee\" \/>\n<meta property=\"article:publisher\" content=\"https:\/\/www.facebook.com\/horticom.ee\/e-pood\" \/>\n<meta property=\"article:modified_time\" content=\"2025-07-03T08:06:46+00:00\" \/>\n<meta property=\"og:image\" content=\"https:\/\/horticom.ee\/e-pood\/wp-content\/uploads\/importedmedia\/product-2301916_0-65680820.jpg\" \/>\n\t<meta property=\"og:image:width\" content=\"1000\" \/>\n\t<meta property=\"og:image:height\" content=\"667\" \/>\n\t<meta property=\"og:image:type\" content=\"image\/jpeg\" \/>\n<meta name=\"twitter:card\" content=\"summary_large_image\" \/>\n<script type=\"application\/ld+json\" class=\"yoast-schema-graph\">{\"@context\":\"https:\/\/schema.org\",\"@graph\":[{\"@type\":\"WebPage\",\"@id\":\"https:\/\/horticom.ee\/e-pood\/toode\/ouepott-keraamiline-shanghai-6-01db-sinine-3tk-kmpl\/\",\"url\":\"https:\/\/horticom.ee\/e-pood\/toode\/ouepott-keraamiline-shanghai-6-01db-sinine-3tk-kmpl\/\",\"name\":\"\u00d5uepott keraamiline Shanghai 6-01DB sinine 3tk\/kmpl - Horticom\",\"isPartOf\":{\"@id\":\"https:\/\/horticom.ee\/e-pood\/#website\"},\"primaryImageOfPage\":{\"@id\":\"https:\/\/horticom.ee\/e-pood\/toode\/ouepott-keraamiline-shanghai-6-01db-sinine-3tk-kmpl\/#primaryimage\"},\"image\":{\"@id\":\"https:\/\/horticom.ee\/e-pood\/toode\/ouepott-keraamiline-shanghai-6-01db-sinine-3tk-kmpl\/#primaryimage\"},\"thumbnailUrl\":\"https:\/\/horticom.ee\/e-pood\/wp-content\/uploads\/importedmedia\/product-2301916_0-65680820.jpg\",\"datePublished\":\"2024-11-01T10:01:05+00:00\",\"dateModified\":\"2025-07-03T08:06:46+00:00\",\"breadcrumb\":{\"@id\":\"https:\/\/horticom.ee\/e-pood\/toode\/ouepott-keraamiline-shanghai-6-01db-sinine-3tk-kmpl\/#breadcrumb\"},\"inLanguage\":\"et\",\"potentialAction\":[{\"@type\":\"ReadAction\",\"target\":[\"https:\/\/horticom.ee\/e-pood\/toode\/ouepott-keraamiline-shanghai-6-01db-sinine-3tk-kmpl\/\"]}]},{\"@type\":\"ImageObject\",\"inLanguage\":\"et\",\"@id\":\"https:\/\/horticom.ee\/e-pood\/toode\/ouepott-keraamiline-shanghai-6-01db-sinine-3tk-kmpl\/#primaryimage\",\"url\":\"https:\/\/horticom.ee\/e-pood\/wp-content\/uploads\/importedmedia\/product-2301916_0-65680820.jpg\",\"contentUrl\":\"https:\/\/horticom.ee\/e-pood\/wp-content\/uploads\/importedmedia\/product-2301916_0-65680820.jpg\",\"width\":1000,\"height\":667},{\"@type\":\"BreadcrumbList\",\"@id\":\"https:\/\/horticom.ee\/e-pood\/toode\/ouepott-keraamiline-shanghai-6-01db-sinine-3tk-kmpl\/#breadcrumb\",\"itemListElement\":[{\"@type\":\"ListItem\",\"position\":1,\"name\":\"Home\",\"item\":\"https:\/\/horticom.ee\/e-pood\/\"},{\"@type\":\"ListItem\",\"position\":2,\"name\":\"Pood\",\"item\":\"https:\/\/horticom.ee\/e-pood\/pood\/\"},{\"@type\":\"ListItem\",\"position\":3,\"name\":\"\u00d5uepott keraamiline Shanghai 6-01DB sinine 3tk\/kmpl\"}]},{\"@type\":\"WebSite\",\"@id\":\"https:\/\/horticom.ee\/e-pood\/#website\",\"url\":\"https:\/\/horticom.ee\/e-pood\/\",\"name\":\"Horticom.ee\",\"description\":\"Aianduskaubad ja kodukaubad nii harrastajatele kui professionaalidele\",\"potentialAction\":[{\"@type\":\"SearchAction\",\"target\":{\"@type\":\"EntryPoint\",\"urlTemplate\":\"https:\/\/horticom.ee\/e-pood\/?s={search_term_string}\"},\"query-input\":{\"@type\":\"PropertyValueSpecification\",\"valueRequired\":true,\"valueName\":\"search_term_string\"}}],\"inLanguage\":\"et\"}]}<\/script>\n<!-- \/ Yoast SEO plugin. -->","yoast_head_json":{"title":"\u00d5uepott keraamiline Shanghai 6-01DB sinine 3tk\/kmpl - Horticom","robots":{"index":"index","follow":"follow","max-snippet":"max-snippet:-1","max-image-preview":"max-image-preview:large","max-video-preview":"max-video-preview:-1"},"canonical":"https:\/\/horticom.ee\/e-pood\/toode\/ouepott-keraamiline-shanghai-6-01db-sinine-3tk-kmpl\/","og_locale":"et_EE","og_type":"article","og_title":"\u00d5uepott keraamiline Shanghai 6-01DB sinine 3tk\/kmpl - Horticom","og_description":"Shanghai on lihtsa disainiga glasuuritud \u00f5uepott. K\u00fclmakindel. Talvel talub \u201320C aga kui pott ei ole m\u00e4rg s.t et ei kasteta v\u00f5i ei ole vihma k\u00e4es ning on \u00f5ues varju all siis kuni \u201330C. Komplekt koosneb: \u00d830cm\/ H12cm ; \u00d836cm\/ H15cm ; \u00d843,5cm\/ H18cm","og_url":"https:\/\/horticom.ee\/e-pood\/toode\/ouepott-keraamiline-shanghai-6-01db-sinine-3tk-kmpl\/","og_site_name":"Horticom.ee","article_publisher":"https:\/\/www.facebook.com\/horticom.ee\/e-pood","article_modified_time":"2025-07-03T08:06:46+00:00","og_image":[{"width":1000,"height":667,"url":"https:\/\/horticom.ee\/e-pood\/wp-content\/uploads\/importedmedia\/product-2301916_0-65680820.jpg","type":"image\/jpeg"}],"twitter_card":"summary_large_image","schema":{"@context":"https:\/\/schema.org","@graph":[{"@type":"WebPage","@id":"https:\/\/horticom.ee\/e-pood\/toode\/ouepott-keraamiline-shanghai-6-01db-sinine-3tk-kmpl\/","url":"https:\/\/horticom.ee\/e-pood\/toode\/ouepott-keraamiline-shanghai-6-01db-sinine-3tk-kmpl\/","name":"\u00d5uepott keraamiline Shanghai 6-01DB sinine 3tk\/kmpl - Horticom","isPartOf":{"@id":"https:\/\/horticom.ee\/e-pood\/#website"},"primaryImageOfPage":{"@id":"https:\/\/horticom.ee\/e-pood\/toode\/ouepott-keraamiline-shanghai-6-01db-sinine-3tk-kmpl\/#primaryimage"},"image":{"@id":"https:\/\/horticom.ee\/e-pood\/toode\/ouepott-keraamiline-shanghai-6-01db-sinine-3tk-kmpl\/#primaryimage"},"thumbnailUrl":"https:\/\/horticom.ee\/e-pood\/wp-content\/uploads\/importedmedia\/product-2301916_0-65680820.jpg","datePublished":"2024-11-01T10:01:05+00:00","dateModified":"2025-07-03T08:06:46+00:00","breadcrumb":{"@id":"https:\/\/horticom.ee\/e-pood\/toode\/ouepott-keraamiline-shanghai-6-01db-sinine-3tk-kmpl\/#breadcrumb"},"inLanguage":"et","potentialAction":[{"@type":"ReadAction","target":["https:\/\/horticom.ee\/e-pood\/toode\/ouepott-keraamiline-shanghai-6-01db-sinine-3tk-kmpl\/"]}]},{"@type":"ImageObject","inLanguage":"et","@id":"https:\/\/horticom.ee\/e-pood\/toode\/ouepott-keraamiline-shanghai-6-01db-sinine-3tk-kmpl\/#primaryimage","url":"https:\/\/horticom.ee\/e-pood\/wp-content\/uploads\/importedmedia\/product-2301916_0-65680820.jpg","contentUrl":"https:\/\/horticom.ee\/e-pood\/wp-content\/uploads\/importedmedia\/product-2301916_0-65680820.jpg","width":1000,"height":667},{"@type":"BreadcrumbList","@id":"https:\/\/horticom.ee\/e-pood\/toode\/ouepott-keraamiline-shanghai-6-01db-sinine-3tk-kmpl\/#breadcrumb","itemListElement":[{"@type":"ListItem","position":1,"name":"Home","item":"https:\/\/horticom.ee\/e-pood\/"},{"@type":"ListItem","position":2,"name":"Pood","item":"https:\/\/horticom.ee\/e-pood\/pood\/"},{"@type":"ListItem","position":3,"name":"\u00d5uepott keraamiline Shanghai 6-01DB sinine 3tk\/kmpl"}]},{"@type":"WebSite","@id":"https:\/\/horticom.ee\/e-pood\/#website","url":"https:\/\/horticom.ee\/e-pood\/","name":"Horticom.ee","description":"Aianduskaubad ja kodukaubad nii harrastajatele kui professionaalidele","potentialAction":[{"@type":"SearchAction","target":{"@type":"EntryPoint","urlTemplate":"https:\/\/horticom.ee\/e-pood\/?s={search_term_string}"},"query-input":{"@type":"PropertyValueSpecification","valueRequired":true,"valueName":"search_term_string"}}],"inLanguage":"et"}]}},"_links":{"self":[{"href":"https:\/\/horticom.ee\/e-pood\/wp-json\/wp\/v2\/product\/2301916","targetHints":{"allow":["GET"]}}],"collection":[{"href":"https:\/\/horticom.ee\/e-pood\/wp-json\/wp\/v2\/product"}],"about":[{"href":"https:\/\/horticom.ee\/e-pood\/wp-json\/wp\/v2\/types\/product"}],"replies":[{"embeddable":true,"href":"https:\/\/horticom.ee\/e-pood\/wp-json\/wp\/v2\/comments?post=2301916"}],"wp:featuredmedia":[{"embeddable":true,"href":"https:\/\/horticom.ee\/e-pood\/wp-json\/wp\/v2\/media\/2384549"}],"wp:attachment":[{"href":"https:\/\/horticom.ee\/e-pood\/wp-json\/wp\/v2\/media?parent=2301916"}],"wp:term":[{"taxonomy":"product_cat","embeddable":true,"href":"https:\/\/horticom.ee\/e-pood\/wp-json\/wp\/v2\/product_cat?post=2301916"},{"taxonomy":"product_tag","embeddable":true,"href":"https:\/\/horticom.ee\/e-pood\/wp-json\/wp\/v2\/product_tag?post=2301916"}],"curies":[{"name":"wp","href":"https:\/\/api.w.org\/{rel}","templated":true}]}}