{"id":2301973,"date":"2024-11-01T12:01:18","date_gmt":"2024-11-01T10:01:18","guid":{"rendered":"https:\/\/horticom.ee\/e-pood\/toode\/rodukasti-konksude-komplekt-universaalne-metall-must\/"},"modified":"2026-04-08T03:11:54","modified_gmt":"2026-04-08T00:11:54","slug":"rodukasti-konksude-komplekt-universaalne-metall-must","status":"publish","type":"product","link":"https:\/\/horticom.ee\/e-pood\/toode\/rodukasti-konksude-komplekt-universaalne-metall-must\/","title":{"rendered":"R\u00f5dukasti konksude komplekt universaalne metall must"},"content":{"rendered":"<p>Reguleeritavate m\u00f5\u00f5tudega konksude komplekt sobib erinevate r\u00f5dukastide kinnitamiseks nii seinale kui \u00e4\u00e4rtele. Parim sobivus Noa tootesarjaga.<br \/>\nMetallist konksud on tugevad ja vastupidavad ning neid on kiire ja lihtne paigaldada. Konksud kannatavad kuni 25kg raskust.<br \/>\nJ\u00e4tkusuutliku tootmise parim tulemus &#8211; \u00fcletamatu hinna ja kvaliteedi suhe.<br \/>\nValmistatud 100% taaskasutatud materjalist ja loodud kestma kaua t\u00e4nu UV-kaitsega v\u00e4rvidele.<\/p>\n","protected":false},"excerpt":{"rendered":"<p>Reguleeritavate m\u00f5\u00f5tudega konksude komplekt sobib erinevate r\u00f5dukastide kinnitamiseks nii seinale kui \u00e4\u00e4rtele. Parim sobivus Noa tootesarjaga. Metallist konksud on tugevad ja vastupidavad ning neid on kiire ja lihtne paigaldada. Konksud kannatavad kuni 25kg raskust. J\u00e4tkusuutliku tootmise parim tulemus &#8211; \u00fcletamatu hinna ja kvaliteedi suhe. Valmistatud 100% taaskasutatud materjalist ja loodud kestma kaua t\u00e4nu UV-kaitsega v\u00e4rvidele.<\/p>\n","protected":false},"featured_media":2384335,"comment_status":"closed","ping_status":"closed","template":"","meta":{"_themeisle_gutenberg_block_has_review":false},"product_cat":[13442],"product_tag":[],"class_list":{"0":"post-2301973","1":"product","2":"type-product","3":"status-publish","4":"has-post-thumbnail","6":"product_cat-rodukasti-konksud","8":"first","9":"instock","10":"sale","11":"shipping-taxable","12":"purchasable","13":"product-type-simple"},"yoast_head":"<!-- This site is optimized with the Yoast SEO plugin v24.0 - https:\/\/yoast.com\/wordpress\/plugins\/seo\/ -->\n<title>R\u00f5dukasti konksude komplekt universaalne metall must - Horticom<\/title>\n<meta name=\"robots\" content=\"index, follow, max-snippet:-1, max-image-preview:large, max-video-preview:-1\" \/>\n<link rel=\"canonical\" href=\"https:\/\/horticom.ee\/e-pood\/toode\/rodukasti-konksude-komplekt-universaalne-metall-must\/\" \/>\n<meta property=\"og:locale\" content=\"et_EE\" \/>\n<meta property=\"og:type\" content=\"article\" \/>\n<meta property=\"og:title\" content=\"R\u00f5dukasti konksude komplekt universaalne metall must - Horticom\" \/>\n<meta property=\"og:description\" content=\"Reguleeritavate m\u00f5\u00f5tudega konksude komplekt sobib erinevate r\u00f5dukastide kinnitamiseks nii seinale kui \u00e4\u00e4rtele. Parim sobivus Noa tootesarjaga. Metallist konksud on tugevad ja vastupidavad ning neid on kiire ja lihtne paigaldada. Konksud kannatavad kuni 25kg raskust. J\u00e4tkusuutliku tootmise parim tulemus &#8211; \u00fcletamatu hinna ja kvaliteedi suhe. Valmistatud 100% taaskasutatud materjalist ja loodud kestma kaua t\u00e4nu UV-kaitsega v\u00e4rvidele.\" \/>\n<meta property=\"og:url\" content=\"https:\/\/horticom.ee\/e-pood\/toode\/rodukasti-konksude-komplekt-universaalne-metall-must\/\" \/>\n<meta property=\"og:site_name\" content=\"Horticom.ee\" \/>\n<meta property=\"article:publisher\" content=\"https:\/\/www.facebook.com\/horticom.ee\/e-pood\" \/>\n<meta property=\"article:modified_time\" content=\"2026-04-08T00:11:54+00:00\" \/>\n<meta property=\"og:image\" content=\"https:\/\/horticom.ee\/e-pood\/wp-content\/uploads\/importedmedia\/product-2301973_0-64200000_433.jpg\" \/>\n\t<meta property=\"og:image:width\" content=\"1000\" \/>\n\t<meta property=\"og:image:height\" content=\"1000\" \/>\n\t<meta property=\"og:image:type\" content=\"image\/jpeg\" \/>\n<meta name=\"twitter:card\" content=\"summary_large_image\" \/>\n<script type=\"application\/ld+json\" class=\"yoast-schema-graph\">{\"@context\":\"https:\/\/schema.org\",\"@graph\":[{\"@type\":\"WebPage\",\"@id\":\"https:\/\/horticom.ee\/e-pood\/toode\/rodukasti-konksude-komplekt-universaalne-metall-must\/\",\"url\":\"https:\/\/horticom.ee\/e-pood\/toode\/rodukasti-konksude-komplekt-universaalne-metall-must\/\",\"name\":\"R\u00f5dukasti konksude komplekt universaalne metall must - Horticom\",\"isPartOf\":{\"@id\":\"https:\/\/horticom.ee\/e-pood\/#website\"},\"primaryImageOfPage\":{\"@id\":\"https:\/\/horticom.ee\/e-pood\/toode\/rodukasti-konksude-komplekt-universaalne-metall-must\/#primaryimage\"},\"image\":{\"@id\":\"https:\/\/horticom.ee\/e-pood\/toode\/rodukasti-konksude-komplekt-universaalne-metall-must\/#primaryimage\"},\"thumbnailUrl\":\"https:\/\/horticom.ee\/e-pood\/wp-content\/uploads\/importedmedia\/product-2301973_0-64200000_433.jpg\",\"datePublished\":\"2024-11-01T10:01:18+00:00\",\"dateModified\":\"2026-04-08T00:11:54+00:00\",\"breadcrumb\":{\"@id\":\"https:\/\/horticom.ee\/e-pood\/toode\/rodukasti-konksude-komplekt-universaalne-metall-must\/#breadcrumb\"},\"inLanguage\":\"et\",\"potentialAction\":[{\"@type\":\"ReadAction\",\"target\":[\"https:\/\/horticom.ee\/e-pood\/toode\/rodukasti-konksude-komplekt-universaalne-metall-must\/\"]}]},{\"@type\":\"ImageObject\",\"inLanguage\":\"et\",\"@id\":\"https:\/\/horticom.ee\/e-pood\/toode\/rodukasti-konksude-komplekt-universaalne-metall-must\/#primaryimage\",\"url\":\"https:\/\/horticom.ee\/e-pood\/wp-content\/uploads\/importedmedia\/product-2301973_0-64200000_433.jpg\",\"contentUrl\":\"https:\/\/horticom.ee\/e-pood\/wp-content\/uploads\/importedmedia\/product-2301973_0-64200000_433.jpg\",\"width\":1000,\"height\":1000},{\"@type\":\"BreadcrumbList\",\"@id\":\"https:\/\/horticom.ee\/e-pood\/toode\/rodukasti-konksude-komplekt-universaalne-metall-must\/#breadcrumb\",\"itemListElement\":[{\"@type\":\"ListItem\",\"position\":1,\"name\":\"Home\",\"item\":\"https:\/\/horticom.ee\/e-pood\/\"},{\"@type\":\"ListItem\",\"position\":2,\"name\":\"Pood\",\"item\":\"https:\/\/horticom.ee\/e-pood\/pood\/\"},{\"@type\":\"ListItem\",\"position\":3,\"name\":\"R\u00f5dukasti konksude komplekt universaalne metall must\"}]},{\"@type\":\"WebSite\",\"@id\":\"https:\/\/horticom.ee\/e-pood\/#website\",\"url\":\"https:\/\/horticom.ee\/e-pood\/\",\"name\":\"Horticom.ee\",\"description\":\"Aianduskaubad ja kodukaubad nii harrastajatele kui professionaalidele\",\"potentialAction\":[{\"@type\":\"SearchAction\",\"target\":{\"@type\":\"EntryPoint\",\"urlTemplate\":\"https:\/\/horticom.ee\/e-pood\/?s={search_term_string}\"},\"query-input\":{\"@type\":\"PropertyValueSpecification\",\"valueRequired\":true,\"valueName\":\"search_term_string\"}}],\"inLanguage\":\"et\"}]}<\/script>\n<!-- \/ Yoast SEO plugin. -->","yoast_head_json":{"title":"R\u00f5dukasti konksude komplekt universaalne metall must - Horticom","robots":{"index":"index","follow":"follow","max-snippet":"max-snippet:-1","max-image-preview":"max-image-preview:large","max-video-preview":"max-video-preview:-1"},"canonical":"https:\/\/horticom.ee\/e-pood\/toode\/rodukasti-konksude-komplekt-universaalne-metall-must\/","og_locale":"et_EE","og_type":"article","og_title":"R\u00f5dukasti konksude komplekt universaalne metall must - Horticom","og_description":"Reguleeritavate m\u00f5\u00f5tudega konksude komplekt sobib erinevate r\u00f5dukastide kinnitamiseks nii seinale kui \u00e4\u00e4rtele. Parim sobivus Noa tootesarjaga. Metallist konksud on tugevad ja vastupidavad ning neid on kiire ja lihtne paigaldada. Konksud kannatavad kuni 25kg raskust. J\u00e4tkusuutliku tootmise parim tulemus &#8211; \u00fcletamatu hinna ja kvaliteedi suhe. Valmistatud 100% taaskasutatud materjalist ja loodud kestma kaua t\u00e4nu UV-kaitsega v\u00e4rvidele.","og_url":"https:\/\/horticom.ee\/e-pood\/toode\/rodukasti-konksude-komplekt-universaalne-metall-must\/","og_site_name":"Horticom.ee","article_publisher":"https:\/\/www.facebook.com\/horticom.ee\/e-pood","article_modified_time":"2026-04-08T00:11:54+00:00","og_image":[{"width":1000,"height":1000,"url":"https:\/\/horticom.ee\/e-pood\/wp-content\/uploads\/importedmedia\/product-2301973_0-64200000_433.jpg","type":"image\/jpeg"}],"twitter_card":"summary_large_image","schema":{"@context":"https:\/\/schema.org","@graph":[{"@type":"WebPage","@id":"https:\/\/horticom.ee\/e-pood\/toode\/rodukasti-konksude-komplekt-universaalne-metall-must\/","url":"https:\/\/horticom.ee\/e-pood\/toode\/rodukasti-konksude-komplekt-universaalne-metall-must\/","name":"R\u00f5dukasti konksude komplekt universaalne metall must - Horticom","isPartOf":{"@id":"https:\/\/horticom.ee\/e-pood\/#website"},"primaryImageOfPage":{"@id":"https:\/\/horticom.ee\/e-pood\/toode\/rodukasti-konksude-komplekt-universaalne-metall-must\/#primaryimage"},"image":{"@id":"https:\/\/horticom.ee\/e-pood\/toode\/rodukasti-konksude-komplekt-universaalne-metall-must\/#primaryimage"},"thumbnailUrl":"https:\/\/horticom.ee\/e-pood\/wp-content\/uploads\/importedmedia\/product-2301973_0-64200000_433.jpg","datePublished":"2024-11-01T10:01:18+00:00","dateModified":"2026-04-08T00:11:54+00:00","breadcrumb":{"@id":"https:\/\/horticom.ee\/e-pood\/toode\/rodukasti-konksude-komplekt-universaalne-metall-must\/#breadcrumb"},"inLanguage":"et","potentialAction":[{"@type":"ReadAction","target":["https:\/\/horticom.ee\/e-pood\/toode\/rodukasti-konksude-komplekt-universaalne-metall-must\/"]}]},{"@type":"ImageObject","inLanguage":"et","@id":"https:\/\/horticom.ee\/e-pood\/toode\/rodukasti-konksude-komplekt-universaalne-metall-must\/#primaryimage","url":"https:\/\/horticom.ee\/e-pood\/wp-content\/uploads\/importedmedia\/product-2301973_0-64200000_433.jpg","contentUrl":"https:\/\/horticom.ee\/e-pood\/wp-content\/uploads\/importedmedia\/product-2301973_0-64200000_433.jpg","width":1000,"height":1000},{"@type":"BreadcrumbList","@id":"https:\/\/horticom.ee\/e-pood\/toode\/rodukasti-konksude-komplekt-universaalne-metall-must\/#breadcrumb","itemListElement":[{"@type":"ListItem","position":1,"name":"Home","item":"https:\/\/horticom.ee\/e-pood\/"},{"@type":"ListItem","position":2,"name":"Pood","item":"https:\/\/horticom.ee\/e-pood\/pood\/"},{"@type":"ListItem","position":3,"name":"R\u00f5dukasti konksude komplekt universaalne metall must"}]},{"@type":"WebSite","@id":"https:\/\/horticom.ee\/e-pood\/#website","url":"https:\/\/horticom.ee\/e-pood\/","name":"Horticom.ee","description":"Aianduskaubad ja kodukaubad nii harrastajatele kui professionaalidele","potentialAction":[{"@type":"SearchAction","target":{"@type":"EntryPoint","urlTemplate":"https:\/\/horticom.ee\/e-pood\/?s={search_term_string}"},"query-input":{"@type":"PropertyValueSpecification","valueRequired":true,"valueName":"search_term_string"}}],"inLanguage":"et"}]}},"_links":{"self":[{"href":"https:\/\/horticom.ee\/e-pood\/wp-json\/wp\/v2\/product\/2301973","targetHints":{"allow":["GET"]}}],"collection":[{"href":"https:\/\/horticom.ee\/e-pood\/wp-json\/wp\/v2\/product"}],"about":[{"href":"https:\/\/horticom.ee\/e-pood\/wp-json\/wp\/v2\/types\/product"}],"replies":[{"embeddable":true,"href":"https:\/\/horticom.ee\/e-pood\/wp-json\/wp\/v2\/comments?post=2301973"}],"wp:featuredmedia":[{"embeddable":true,"href":"https:\/\/horticom.ee\/e-pood\/wp-json\/wp\/v2\/media\/2384335"}],"wp:attachment":[{"href":"https:\/\/horticom.ee\/e-pood\/wp-json\/wp\/v2\/media?parent=2301973"}],"wp:term":[{"taxonomy":"product_cat","embeddable":true,"href":"https:\/\/horticom.ee\/e-pood\/wp-json\/wp\/v2\/product_cat?post=2301973"},{"taxonomy":"product_tag","embeddable":true,"href":"https:\/\/horticom.ee\/e-pood\/wp-json\/wp\/v2\/product_tag?post=2301973"}],"curies":[{"name":"wp","href":"https:\/\/api.w.org\/{rel}","templated":true}]}}