{"id":2324033,"date":"2024-12-17T12:00:51","date_gmt":"2024-12-17T10:00:51","guid":{"rendered":"https:\/\/horticom.ee\/e-pood\/toode\/hapulembeliste-taimede-turvas-540w-ph-45-ec25-5-40mm-300l-mustikas-rodo-okaspuu\/"},"modified":"2026-05-01T03:10:55","modified_gmt":"2026-05-01T00:10:55","slug":"hapulembeliste-taimede-turvas-540w-ph-45-ec25-5-40mm-300l-mustikas-rodo-okaspuu","status":"publish","type":"product","link":"https:\/\/horticom.ee\/e-pood\/toode\/hapulembeliste-taimede-turvas-540w-ph-45-ec25-5-40mm-300l-mustikas-rodo-okaspuu\/","title":{"rendered":"Hapulembeliste taimede turvas 540W pH 4,5 \/eC2,5 \/5-40mm 300L (mustikas, rodo, okaspuu)"},"content":{"rendered":"<p>Kekkil\u00e4 kasvuturvas happelisemat kasvupinnast n\u00f5udvatele taimedele. P\u00f5hiv\u00e4etisega v\u00e4etatud ja lubjatud turvas, mis sobib kasvusubstraadiks ja mulla omaduste parandamiseks. Lisage happelist kasvualust n\u00f5udvate p\u00f5\u00f5saste ja puude istutusauku. Peale istutamist kasta piisavalt. Turvast v\u00f5ib kasutada ka puude- ja p\u00f5\u00f5saste talvekattena.<\/p>\n","protected":false},"excerpt":{"rendered":"<p>Kekkil\u00e4 kasvuturvas happelisemat kasvupinnast n\u00f5udvatele taimedele. P\u00f5hiv\u00e4etisega v\u00e4etatud ja lubjatud turvas, mis sobib kasvusubstraadiks ja mulla omaduste parandamiseks. Lisage happelist kasvualust n\u00f5udvate p\u00f5\u00f5saste ja puude istutusauku. Peale istutamist kasta piisavalt. Turvast v\u00f5ib kasutada ka puude- ja p\u00f5\u00f5saste talvekattena.<\/p>\n","protected":false},"featured_media":2378334,"comment_status":"closed","ping_status":"closed","template":"","meta":{"_themeisle_gutenberg_block_has_review":false},"product_cat":[13575],"product_tag":[],"class_list":{"0":"post-2324033","1":"product","2":"type-product","3":"status-publish","4":"has-post-thumbnail","6":"product_cat-mullad-ja-turbad","8":"first","9":"instock","10":"shipping-taxable","11":"purchasable","12":"product-type-simple"},"yoast_head":"<!-- This site is optimized with the Yoast SEO plugin v24.0 - https:\/\/yoast.com\/wordpress\/plugins\/seo\/ -->\n<title>Hapulembeliste taimede turvas 540W pH 4,5 \/eC2,5 \/5-40mm 300L (mustikas, rodo, okaspuu) - Horticom<\/title>\n<meta name=\"robots\" content=\"index, follow, max-snippet:-1, max-image-preview:large, max-video-preview:-1\" \/>\n<link rel=\"canonical\" href=\"https:\/\/horticom.ee\/e-pood\/toode\/hapulembeliste-taimede-turvas-540w-ph-45-ec25-5-40mm-300l-mustikas-rodo-okaspuu\/\" \/>\n<meta property=\"og:locale\" content=\"et_EE\" \/>\n<meta property=\"og:type\" content=\"article\" \/>\n<meta property=\"og:title\" content=\"Hapulembeliste taimede turvas 540W pH 4,5 \/eC2,5 \/5-40mm 300L (mustikas, rodo, okaspuu) - Horticom\" \/>\n<meta property=\"og:description\" content=\"Kekkil\u00e4 kasvuturvas happelisemat kasvupinnast n\u00f5udvatele taimedele. P\u00f5hiv\u00e4etisega v\u00e4etatud ja lubjatud turvas, mis sobib kasvusubstraadiks ja mulla omaduste parandamiseks. Lisage happelist kasvualust n\u00f5udvate p\u00f5\u00f5saste ja puude istutusauku. Peale istutamist kasta piisavalt. Turvast v\u00f5ib kasutada ka puude- ja p\u00f5\u00f5saste talvekattena.\" \/>\n<meta property=\"og:url\" content=\"https:\/\/horticom.ee\/e-pood\/toode\/hapulembeliste-taimede-turvas-540w-ph-45-ec25-5-40mm-300l-mustikas-rodo-okaspuu\/\" \/>\n<meta property=\"og:site_name\" content=\"Horticom.ee\" \/>\n<meta property=\"article:publisher\" content=\"https:\/\/www.facebook.com\/horticom.ee\/e-pood\" \/>\n<meta property=\"article:modified_time\" content=\"2026-05-01T00:10:55+00:00\" \/>\n<meta property=\"og:image\" content=\"https:\/\/horticom.ee\/e-pood\/wp-content\/uploads\/importedmedia\/product-2324033_0-4325174.jpg\" \/>\n\t<meta property=\"og:image:width\" content=\"1000\" \/>\n\t<meta property=\"og:image:height\" content=\"1497\" \/>\n\t<meta property=\"og:image:type\" content=\"image\/jpeg\" \/>\n<meta name=\"twitter:card\" content=\"summary_large_image\" \/>\n<script type=\"application\/ld+json\" class=\"yoast-schema-graph\">{\"@context\":\"https:\/\/schema.org\",\"@graph\":[{\"@type\":\"WebPage\",\"@id\":\"https:\/\/horticom.ee\/e-pood\/toode\/hapulembeliste-taimede-turvas-540w-ph-45-ec25-5-40mm-300l-mustikas-rodo-okaspuu\/\",\"url\":\"https:\/\/horticom.ee\/e-pood\/toode\/hapulembeliste-taimede-turvas-540w-ph-45-ec25-5-40mm-300l-mustikas-rodo-okaspuu\/\",\"name\":\"Hapulembeliste taimede turvas 540W pH 4,5 \/eC2,5 \/5-40mm 300L (mustikas, rodo, okaspuu) - Horticom\",\"isPartOf\":{\"@id\":\"https:\/\/horticom.ee\/e-pood\/#website\"},\"primaryImageOfPage\":{\"@id\":\"https:\/\/horticom.ee\/e-pood\/toode\/hapulembeliste-taimede-turvas-540w-ph-45-ec25-5-40mm-300l-mustikas-rodo-okaspuu\/#primaryimage\"},\"image\":{\"@id\":\"https:\/\/horticom.ee\/e-pood\/toode\/hapulembeliste-taimede-turvas-540w-ph-45-ec25-5-40mm-300l-mustikas-rodo-okaspuu\/#primaryimage\"},\"thumbnailUrl\":\"https:\/\/horticom.ee\/e-pood\/wp-content\/uploads\/importedmedia\/product-2324033_0-4325174.jpg\",\"datePublished\":\"2024-12-17T10:00:51+00:00\",\"dateModified\":\"2026-05-01T00:10:55+00:00\",\"breadcrumb\":{\"@id\":\"https:\/\/horticom.ee\/e-pood\/toode\/hapulembeliste-taimede-turvas-540w-ph-45-ec25-5-40mm-300l-mustikas-rodo-okaspuu\/#breadcrumb\"},\"inLanguage\":\"et\",\"potentialAction\":[{\"@type\":\"ReadAction\",\"target\":[\"https:\/\/horticom.ee\/e-pood\/toode\/hapulembeliste-taimede-turvas-540w-ph-45-ec25-5-40mm-300l-mustikas-rodo-okaspuu\/\"]}]},{\"@type\":\"ImageObject\",\"inLanguage\":\"et\",\"@id\":\"https:\/\/horticom.ee\/e-pood\/toode\/hapulembeliste-taimede-turvas-540w-ph-45-ec25-5-40mm-300l-mustikas-rodo-okaspuu\/#primaryimage\",\"url\":\"https:\/\/horticom.ee\/e-pood\/wp-content\/uploads\/importedmedia\/product-2324033_0-4325174.jpg\",\"contentUrl\":\"https:\/\/horticom.ee\/e-pood\/wp-content\/uploads\/importedmedia\/product-2324033_0-4325174.jpg\",\"width\":1000,\"height\":1497},{\"@type\":\"BreadcrumbList\",\"@id\":\"https:\/\/horticom.ee\/e-pood\/toode\/hapulembeliste-taimede-turvas-540w-ph-45-ec25-5-40mm-300l-mustikas-rodo-okaspuu\/#breadcrumb\",\"itemListElement\":[{\"@type\":\"ListItem\",\"position\":1,\"name\":\"Home\",\"item\":\"https:\/\/horticom.ee\/e-pood\/\"},{\"@type\":\"ListItem\",\"position\":2,\"name\":\"Pood\",\"item\":\"https:\/\/horticom.ee\/e-pood\/pood\/\"},{\"@type\":\"ListItem\",\"position\":3,\"name\":\"Hapulembeliste taimede turvas 540W pH 4,5 \/eC2,5 \/5-40mm 300L (mustikas, rodo, okaspuu)\"}]},{\"@type\":\"WebSite\",\"@id\":\"https:\/\/horticom.ee\/e-pood\/#website\",\"url\":\"https:\/\/horticom.ee\/e-pood\/\",\"name\":\"Horticom.ee\",\"description\":\"Aianduskaubad ja kodukaubad nii harrastajatele kui professionaalidele\",\"potentialAction\":[{\"@type\":\"SearchAction\",\"target\":{\"@type\":\"EntryPoint\",\"urlTemplate\":\"https:\/\/horticom.ee\/e-pood\/?s={search_term_string}\"},\"query-input\":{\"@type\":\"PropertyValueSpecification\",\"valueRequired\":true,\"valueName\":\"search_term_string\"}}],\"inLanguage\":\"et\"}]}<\/script>\n<!-- \/ Yoast SEO plugin. -->","yoast_head_json":{"title":"Hapulembeliste taimede turvas 540W pH 4,5 \/eC2,5 \/5-40mm 300L (mustikas, rodo, okaspuu) - Horticom","robots":{"index":"index","follow":"follow","max-snippet":"max-snippet:-1","max-image-preview":"max-image-preview:large","max-video-preview":"max-video-preview:-1"},"canonical":"https:\/\/horticom.ee\/e-pood\/toode\/hapulembeliste-taimede-turvas-540w-ph-45-ec25-5-40mm-300l-mustikas-rodo-okaspuu\/","og_locale":"et_EE","og_type":"article","og_title":"Hapulembeliste taimede turvas 540W pH 4,5 \/eC2,5 \/5-40mm 300L (mustikas, rodo, okaspuu) - Horticom","og_description":"Kekkil\u00e4 kasvuturvas happelisemat kasvupinnast n\u00f5udvatele taimedele. P\u00f5hiv\u00e4etisega v\u00e4etatud ja lubjatud turvas, mis sobib kasvusubstraadiks ja mulla omaduste parandamiseks. Lisage happelist kasvualust n\u00f5udvate p\u00f5\u00f5saste ja puude istutusauku. Peale istutamist kasta piisavalt. Turvast v\u00f5ib kasutada ka puude- ja p\u00f5\u00f5saste talvekattena.","og_url":"https:\/\/horticom.ee\/e-pood\/toode\/hapulembeliste-taimede-turvas-540w-ph-45-ec25-5-40mm-300l-mustikas-rodo-okaspuu\/","og_site_name":"Horticom.ee","article_publisher":"https:\/\/www.facebook.com\/horticom.ee\/e-pood","article_modified_time":"2026-05-01T00:10:55+00:00","og_image":[{"width":1000,"height":1497,"url":"https:\/\/horticom.ee\/e-pood\/wp-content\/uploads\/importedmedia\/product-2324033_0-4325174.jpg","type":"image\/jpeg"}],"twitter_card":"summary_large_image","schema":{"@context":"https:\/\/schema.org","@graph":[{"@type":"WebPage","@id":"https:\/\/horticom.ee\/e-pood\/toode\/hapulembeliste-taimede-turvas-540w-ph-45-ec25-5-40mm-300l-mustikas-rodo-okaspuu\/","url":"https:\/\/horticom.ee\/e-pood\/toode\/hapulembeliste-taimede-turvas-540w-ph-45-ec25-5-40mm-300l-mustikas-rodo-okaspuu\/","name":"Hapulembeliste taimede turvas 540W pH 4,5 \/eC2,5 \/5-40mm 300L (mustikas, rodo, okaspuu) - Horticom","isPartOf":{"@id":"https:\/\/horticom.ee\/e-pood\/#website"},"primaryImageOfPage":{"@id":"https:\/\/horticom.ee\/e-pood\/toode\/hapulembeliste-taimede-turvas-540w-ph-45-ec25-5-40mm-300l-mustikas-rodo-okaspuu\/#primaryimage"},"image":{"@id":"https:\/\/horticom.ee\/e-pood\/toode\/hapulembeliste-taimede-turvas-540w-ph-45-ec25-5-40mm-300l-mustikas-rodo-okaspuu\/#primaryimage"},"thumbnailUrl":"https:\/\/horticom.ee\/e-pood\/wp-content\/uploads\/importedmedia\/product-2324033_0-4325174.jpg","datePublished":"2024-12-17T10:00:51+00:00","dateModified":"2026-05-01T00:10:55+00:00","breadcrumb":{"@id":"https:\/\/horticom.ee\/e-pood\/toode\/hapulembeliste-taimede-turvas-540w-ph-45-ec25-5-40mm-300l-mustikas-rodo-okaspuu\/#breadcrumb"},"inLanguage":"et","potentialAction":[{"@type":"ReadAction","target":["https:\/\/horticom.ee\/e-pood\/toode\/hapulembeliste-taimede-turvas-540w-ph-45-ec25-5-40mm-300l-mustikas-rodo-okaspuu\/"]}]},{"@type":"ImageObject","inLanguage":"et","@id":"https:\/\/horticom.ee\/e-pood\/toode\/hapulembeliste-taimede-turvas-540w-ph-45-ec25-5-40mm-300l-mustikas-rodo-okaspuu\/#primaryimage","url":"https:\/\/horticom.ee\/e-pood\/wp-content\/uploads\/importedmedia\/product-2324033_0-4325174.jpg","contentUrl":"https:\/\/horticom.ee\/e-pood\/wp-content\/uploads\/importedmedia\/product-2324033_0-4325174.jpg","width":1000,"height":1497},{"@type":"BreadcrumbList","@id":"https:\/\/horticom.ee\/e-pood\/toode\/hapulembeliste-taimede-turvas-540w-ph-45-ec25-5-40mm-300l-mustikas-rodo-okaspuu\/#breadcrumb","itemListElement":[{"@type":"ListItem","position":1,"name":"Home","item":"https:\/\/horticom.ee\/e-pood\/"},{"@type":"ListItem","position":2,"name":"Pood","item":"https:\/\/horticom.ee\/e-pood\/pood\/"},{"@type":"ListItem","position":3,"name":"Hapulembeliste taimede turvas 540W pH 4,5 \/eC2,5 \/5-40mm 300L (mustikas, rodo, okaspuu)"}]},{"@type":"WebSite","@id":"https:\/\/horticom.ee\/e-pood\/#website","url":"https:\/\/horticom.ee\/e-pood\/","name":"Horticom.ee","description":"Aianduskaubad ja kodukaubad nii harrastajatele kui professionaalidele","potentialAction":[{"@type":"SearchAction","target":{"@type":"EntryPoint","urlTemplate":"https:\/\/horticom.ee\/e-pood\/?s={search_term_string}"},"query-input":{"@type":"PropertyValueSpecification","valueRequired":true,"valueName":"search_term_string"}}],"inLanguage":"et"}]}},"_links":{"self":[{"href":"https:\/\/horticom.ee\/e-pood\/wp-json\/wp\/v2\/product\/2324033","targetHints":{"allow":["GET"]}}],"collection":[{"href":"https:\/\/horticom.ee\/e-pood\/wp-json\/wp\/v2\/product"}],"about":[{"href":"https:\/\/horticom.ee\/e-pood\/wp-json\/wp\/v2\/types\/product"}],"replies":[{"embeddable":true,"href":"https:\/\/horticom.ee\/e-pood\/wp-json\/wp\/v2\/comments?post=2324033"}],"wp:featuredmedia":[{"embeddable":true,"href":"https:\/\/horticom.ee\/e-pood\/wp-json\/wp\/v2\/media\/2378334"}],"wp:attachment":[{"href":"https:\/\/horticom.ee\/e-pood\/wp-json\/wp\/v2\/media?parent=2324033"}],"wp:term":[{"taxonomy":"product_cat","embeddable":true,"href":"https:\/\/horticom.ee\/e-pood\/wp-json\/wp\/v2\/product_cat?post=2324033"},{"taxonomy":"product_tag","embeddable":true,"href":"https:\/\/horticom.ee\/e-pood\/wp-json\/wp\/v2\/product_tag?post=2324033"}],"curies":[{"name":"wp","href":"https:\/\/api.w.org\/{rel}","templated":true}]}}