{"id":2324079,"date":"2024-12-17T12:01:05","date_gmt":"2024-12-17T10:01:05","guid":{"rendered":"https:\/\/horticom.ee\/e-pood\/toode\/muskus-kassinaeris-025g-b\/"},"modified":"2026-04-23T03:19:02","modified_gmt":"2026-04-23T00:19:02","slug":"muskus-kassinaeris-025g-b","status":"publish","type":"product","link":"https:\/\/horticom.ee\/e-pood\/toode\/muskus-kassinaeris-025g-b\/","title":{"rendered":"Muskus-kassinaeris 0,25g B"},"content":{"rendered":"<p>P\u00fcstise kasvuga, kuni 70cm k\u00f5rgune lihtsasti kasvatatav p\u00fcsik. Eelistab kasvuks p\u00e4ikesepaistelist kuni poolvarjulist kasvukohta, keskmise viljakusega, vett h\u00e4sti l\u00e4bilaskvat pinnast. \u00d5ite v\u00e4rvus roosa. Lehtedel \u00f5rn muskuse l\u00f5hn. \u00d5itseb juunist augustini. Ettekasvatamine: k\u00fclva seemned aprilli alguses 0,1-0,3cm s\u00fcgavusele. Temperatuuril 20\u202625*C ilmuvad t\u00f5usmed 2 n\u00e4dala jooksul, kuid seemned v\u00f5ivad idaneda ka alles kuu aja p\u00e4rast. V\u00f5id teha otsek\u00fclvi mais. Sel juhul hakkab \u00f5itsema teisest kasvuaastast.<\/p>\n","protected":false},"excerpt":{"rendered":"<p>P\u00fcstise kasvuga, kuni 70cm k\u00f5rgune lihtsasti kasvatatav p\u00fcsik. Eelistab kasvuks p\u00e4ikesepaistelist kuni poolvarjulist kasvukohta, keskmise viljakusega, vett h\u00e4sti l\u00e4bilaskvat pinnast. \u00d5ite v\u00e4rvus roosa. Lehtedel \u00f5rn muskuse l\u00f5hn. \u00d5itseb juunist augustini. Ettekasvatamine: k\u00fclva seemned aprilli alguses 0,1-0,3cm s\u00fcgavusele. Temperatuuril 20\u202625*C ilmuvad t\u00f5usmed 2 n\u00e4dala jooksul, kuid seemned v\u00f5ivad idaneda ka alles kuu aja p\u00e4rast. V\u00f5id teha [&hellip;]<\/p>\n","protected":false},"featured_media":2360984,"comment_status":"closed","ping_status":"closed","template":"","meta":{"_themeisle_gutenberg_block_has_review":false},"product_cat":[13515],"product_tag":[],"class_list":{"0":"post-2324079","1":"product","2":"type-product","3":"status-publish","4":"has-post-thumbnail","6":"product_cat-mitmeaastased","8":"first","9":"instock","10":"shipping-taxable","11":"purchasable","12":"product-type-simple"},"yoast_head":"<!-- This site is optimized with the Yoast SEO plugin v24.0 - https:\/\/yoast.com\/wordpress\/plugins\/seo\/ -->\n<title>Muskus-kassinaeris 0,25g B - Horticom<\/title>\n<meta name=\"robots\" content=\"index, follow, max-snippet:-1, max-image-preview:large, max-video-preview:-1\" \/>\n<link rel=\"canonical\" href=\"https:\/\/horticom.ee\/e-pood\/toode\/muskus-kassinaeris-025g-b\/\" \/>\n<meta property=\"og:locale\" content=\"et_EE\" \/>\n<meta property=\"og:type\" content=\"article\" \/>\n<meta property=\"og:title\" content=\"Muskus-kassinaeris 0,25g B - Horticom\" \/>\n<meta property=\"og:description\" content=\"P\u00fcstise kasvuga, kuni 70cm k\u00f5rgune lihtsasti kasvatatav p\u00fcsik. Eelistab kasvuks p\u00e4ikesepaistelist kuni poolvarjulist kasvukohta, keskmise viljakusega, vett h\u00e4sti l\u00e4bilaskvat pinnast. \u00d5ite v\u00e4rvus roosa. Lehtedel \u00f5rn muskuse l\u00f5hn. \u00d5itseb juunist augustini. Ettekasvatamine: k\u00fclva seemned aprilli alguses 0,1-0,3cm s\u00fcgavusele. Temperatuuril 20\u202625*C ilmuvad t\u00f5usmed 2 n\u00e4dala jooksul, kuid seemned v\u00f5ivad idaneda ka alles kuu aja p\u00e4rast. V\u00f5id teha [&hellip;]\" \/>\n<meta property=\"og:url\" content=\"https:\/\/horticom.ee\/e-pood\/toode\/muskus-kassinaeris-025g-b\/\" \/>\n<meta property=\"og:site_name\" content=\"Horticom.ee\" \/>\n<meta property=\"article:publisher\" content=\"https:\/\/www.facebook.com\/horticom.ee\/e-pood\" \/>\n<meta property=\"article:modified_time\" content=\"2026-04-23T00:19:02+00:00\" \/>\n<meta property=\"og:image\" content=\"https:\/\/horticom.ee\/e-pood\/wp-content\/uploads\/importedmedia\/product-2324079_0-14064864.jpg\" \/>\n\t<meta property=\"og:image:width\" content=\"1000\" \/>\n\t<meta property=\"og:image:height\" content=\"1504\" \/>\n\t<meta property=\"og:image:type\" content=\"image\/jpeg\" \/>\n<meta name=\"twitter:card\" content=\"summary_large_image\" \/>\n<script type=\"application\/ld+json\" class=\"yoast-schema-graph\">{\"@context\":\"https:\/\/schema.org\",\"@graph\":[{\"@type\":\"WebPage\",\"@id\":\"https:\/\/horticom.ee\/e-pood\/toode\/muskus-kassinaeris-025g-b\/\",\"url\":\"https:\/\/horticom.ee\/e-pood\/toode\/muskus-kassinaeris-025g-b\/\",\"name\":\"Muskus-kassinaeris 0,25g B - Horticom\",\"isPartOf\":{\"@id\":\"https:\/\/horticom.ee\/e-pood\/#website\"},\"primaryImageOfPage\":{\"@id\":\"https:\/\/horticom.ee\/e-pood\/toode\/muskus-kassinaeris-025g-b\/#primaryimage\"},\"image\":{\"@id\":\"https:\/\/horticom.ee\/e-pood\/toode\/muskus-kassinaeris-025g-b\/#primaryimage\"},\"thumbnailUrl\":\"https:\/\/horticom.ee\/e-pood\/wp-content\/uploads\/importedmedia\/product-2324079_0-14064864.jpg\",\"datePublished\":\"2024-12-17T10:01:05+00:00\",\"dateModified\":\"2026-04-23T00:19:02+00:00\",\"breadcrumb\":{\"@id\":\"https:\/\/horticom.ee\/e-pood\/toode\/muskus-kassinaeris-025g-b\/#breadcrumb\"},\"inLanguage\":\"et\",\"potentialAction\":[{\"@type\":\"ReadAction\",\"target\":[\"https:\/\/horticom.ee\/e-pood\/toode\/muskus-kassinaeris-025g-b\/\"]}]},{\"@type\":\"ImageObject\",\"inLanguage\":\"et\",\"@id\":\"https:\/\/horticom.ee\/e-pood\/toode\/muskus-kassinaeris-025g-b\/#primaryimage\",\"url\":\"https:\/\/horticom.ee\/e-pood\/wp-content\/uploads\/importedmedia\/product-2324079_0-14064864.jpg\",\"contentUrl\":\"https:\/\/horticom.ee\/e-pood\/wp-content\/uploads\/importedmedia\/product-2324079_0-14064864.jpg\",\"width\":1000,\"height\":1504},{\"@type\":\"BreadcrumbList\",\"@id\":\"https:\/\/horticom.ee\/e-pood\/toode\/muskus-kassinaeris-025g-b\/#breadcrumb\",\"itemListElement\":[{\"@type\":\"ListItem\",\"position\":1,\"name\":\"Home\",\"item\":\"https:\/\/horticom.ee\/e-pood\/\"},{\"@type\":\"ListItem\",\"position\":2,\"name\":\"Pood\",\"item\":\"https:\/\/horticom.ee\/e-pood\/pood\/\"},{\"@type\":\"ListItem\",\"position\":3,\"name\":\"Muskus-kassinaeris 0,25g B\"}]},{\"@type\":\"WebSite\",\"@id\":\"https:\/\/horticom.ee\/e-pood\/#website\",\"url\":\"https:\/\/horticom.ee\/e-pood\/\",\"name\":\"Horticom.ee\",\"description\":\"Aianduskaubad ja kodukaubad nii harrastajatele kui professionaalidele\",\"potentialAction\":[{\"@type\":\"SearchAction\",\"target\":{\"@type\":\"EntryPoint\",\"urlTemplate\":\"https:\/\/horticom.ee\/e-pood\/?s={search_term_string}\"},\"query-input\":{\"@type\":\"PropertyValueSpecification\",\"valueRequired\":true,\"valueName\":\"search_term_string\"}}],\"inLanguage\":\"et\"}]}<\/script>\n<!-- \/ Yoast SEO plugin. -->","yoast_head_json":{"title":"Muskus-kassinaeris 0,25g B - Horticom","robots":{"index":"index","follow":"follow","max-snippet":"max-snippet:-1","max-image-preview":"max-image-preview:large","max-video-preview":"max-video-preview:-1"},"canonical":"https:\/\/horticom.ee\/e-pood\/toode\/muskus-kassinaeris-025g-b\/","og_locale":"et_EE","og_type":"article","og_title":"Muskus-kassinaeris 0,25g B - Horticom","og_description":"P\u00fcstise kasvuga, kuni 70cm k\u00f5rgune lihtsasti kasvatatav p\u00fcsik. Eelistab kasvuks p\u00e4ikesepaistelist kuni poolvarjulist kasvukohta, keskmise viljakusega, vett h\u00e4sti l\u00e4bilaskvat pinnast. \u00d5ite v\u00e4rvus roosa. Lehtedel \u00f5rn muskuse l\u00f5hn. \u00d5itseb juunist augustini. Ettekasvatamine: k\u00fclva seemned aprilli alguses 0,1-0,3cm s\u00fcgavusele. Temperatuuril 20\u202625*C ilmuvad t\u00f5usmed 2 n\u00e4dala jooksul, kuid seemned v\u00f5ivad idaneda ka alles kuu aja p\u00e4rast. V\u00f5id teha [&hellip;]","og_url":"https:\/\/horticom.ee\/e-pood\/toode\/muskus-kassinaeris-025g-b\/","og_site_name":"Horticom.ee","article_publisher":"https:\/\/www.facebook.com\/horticom.ee\/e-pood","article_modified_time":"2026-04-23T00:19:02+00:00","og_image":[{"width":1000,"height":1504,"url":"https:\/\/horticom.ee\/e-pood\/wp-content\/uploads\/importedmedia\/product-2324079_0-14064864.jpg","type":"image\/jpeg"}],"twitter_card":"summary_large_image","schema":{"@context":"https:\/\/schema.org","@graph":[{"@type":"WebPage","@id":"https:\/\/horticom.ee\/e-pood\/toode\/muskus-kassinaeris-025g-b\/","url":"https:\/\/horticom.ee\/e-pood\/toode\/muskus-kassinaeris-025g-b\/","name":"Muskus-kassinaeris 0,25g B - Horticom","isPartOf":{"@id":"https:\/\/horticom.ee\/e-pood\/#website"},"primaryImageOfPage":{"@id":"https:\/\/horticom.ee\/e-pood\/toode\/muskus-kassinaeris-025g-b\/#primaryimage"},"image":{"@id":"https:\/\/horticom.ee\/e-pood\/toode\/muskus-kassinaeris-025g-b\/#primaryimage"},"thumbnailUrl":"https:\/\/horticom.ee\/e-pood\/wp-content\/uploads\/importedmedia\/product-2324079_0-14064864.jpg","datePublished":"2024-12-17T10:01:05+00:00","dateModified":"2026-04-23T00:19:02+00:00","breadcrumb":{"@id":"https:\/\/horticom.ee\/e-pood\/toode\/muskus-kassinaeris-025g-b\/#breadcrumb"},"inLanguage":"et","potentialAction":[{"@type":"ReadAction","target":["https:\/\/horticom.ee\/e-pood\/toode\/muskus-kassinaeris-025g-b\/"]}]},{"@type":"ImageObject","inLanguage":"et","@id":"https:\/\/horticom.ee\/e-pood\/toode\/muskus-kassinaeris-025g-b\/#primaryimage","url":"https:\/\/horticom.ee\/e-pood\/wp-content\/uploads\/importedmedia\/product-2324079_0-14064864.jpg","contentUrl":"https:\/\/horticom.ee\/e-pood\/wp-content\/uploads\/importedmedia\/product-2324079_0-14064864.jpg","width":1000,"height":1504},{"@type":"BreadcrumbList","@id":"https:\/\/horticom.ee\/e-pood\/toode\/muskus-kassinaeris-025g-b\/#breadcrumb","itemListElement":[{"@type":"ListItem","position":1,"name":"Home","item":"https:\/\/horticom.ee\/e-pood\/"},{"@type":"ListItem","position":2,"name":"Pood","item":"https:\/\/horticom.ee\/e-pood\/pood\/"},{"@type":"ListItem","position":3,"name":"Muskus-kassinaeris 0,25g B"}]},{"@type":"WebSite","@id":"https:\/\/horticom.ee\/e-pood\/#website","url":"https:\/\/horticom.ee\/e-pood\/","name":"Horticom.ee","description":"Aianduskaubad ja kodukaubad nii harrastajatele kui professionaalidele","potentialAction":[{"@type":"SearchAction","target":{"@type":"EntryPoint","urlTemplate":"https:\/\/horticom.ee\/e-pood\/?s={search_term_string}"},"query-input":{"@type":"PropertyValueSpecification","valueRequired":true,"valueName":"search_term_string"}}],"inLanguage":"et"}]}},"_links":{"self":[{"href":"https:\/\/horticom.ee\/e-pood\/wp-json\/wp\/v2\/product\/2324079","targetHints":{"allow":["GET"]}}],"collection":[{"href":"https:\/\/horticom.ee\/e-pood\/wp-json\/wp\/v2\/product"}],"about":[{"href":"https:\/\/horticom.ee\/e-pood\/wp-json\/wp\/v2\/types\/product"}],"replies":[{"embeddable":true,"href":"https:\/\/horticom.ee\/e-pood\/wp-json\/wp\/v2\/comments?post=2324079"}],"wp:featuredmedia":[{"embeddable":true,"href":"https:\/\/horticom.ee\/e-pood\/wp-json\/wp\/v2\/media\/2360984"}],"wp:attachment":[{"href":"https:\/\/horticom.ee\/e-pood\/wp-json\/wp\/v2\/media?parent=2324079"}],"wp:term":[{"taxonomy":"product_cat","embeddable":true,"href":"https:\/\/horticom.ee\/e-pood\/wp-json\/wp\/v2\/product_cat?post=2324079"},{"taxonomy":"product_tag","embeddable":true,"href":"https:\/\/horticom.ee\/e-pood\/wp-json\/wp\/v2\/product_tag?post=2324079"}],"curies":[{"name":"wp","href":"https:\/\/api.w.org\/{rel}","templated":true}]}}