{"id":2324103,"date":"2024-12-17T12:01:12","date_gmt":"2024-12-17T10:01:12","guid":{"rendered":"https:\/\/horticom.ee\/e-pood\/toode\/hiina-siidpooris-chinese-silver-grass-early-hybrids-miscanthus-sinensis\/"},"modified":"2026-04-24T03:13:45","modified_gmt":"2026-04-24T00:13:45","slug":"hiina-siidpooris-chinese-silver-grass-early-hybrids-miscanthus-sinensis","status":"publish","type":"product","link":"https:\/\/horticom.ee\/e-pood\/toode\/hiina-siidpooris-chinese-silver-grass-early-hybrids-miscanthus-sinensis\/","title":{"rendered":"Hiina siidp\u00f6\u00f6ris Chinese Silver Grass Early Hybrids &#8211; Miscanthus sinensis"},"content":{"rendered":"<p>Mitmeaastane taim, mida hinnatakse kaunite lehtede t\u00f5ttu. Need dekoratiivse v\u00e4limusega aiataimed r\u00f5\u00f5mustavad teid suvel ja s\u00fcgisel, talvel aga j\u00e4\u00e4vad lumekatta all aeda kaunistama. Eelistab p\u00e4ikesepaistelist kasvukohta. Vajalik regulaarne niisustamine. K\u00fclvieelset t\u00f6\u00f6tlemist ei vaja. Kasvatatakse ette pottides, v\u00e4ltimaks juures\u00fcsteemi traumeerimist. \u00dcksikult ja r\u00fchmana istutuseks, l\u00f5ikelillena kuivkimpudes. Taim v\u00f5ib j\u00e4\u00e4da mitmeteks aastateks samale kasvukohale.<\/p>\n","protected":false},"excerpt":{"rendered":"<p>Mitmeaastane taim, mida hinnatakse kaunite lehtede t\u00f5ttu. Need dekoratiivse v\u00e4limusega aiataimed r\u00f5\u00f5mustavad teid suvel ja s\u00fcgisel, talvel aga j\u00e4\u00e4vad lumekatta all aeda kaunistama. Eelistab p\u00e4ikesepaistelist kasvukohta. Vajalik regulaarne niisustamine. K\u00fclvieelset t\u00f6\u00f6tlemist ei vaja. Kasvatatakse ette pottides, v\u00e4ltimaks juures\u00fcsteemi traumeerimist. \u00dcksikult ja r\u00fchmana istutuseks, l\u00f5ikelillena kuivkimpudes. Taim v\u00f5ib j\u00e4\u00e4da mitmeteks aastateks samale kasvukohale.<\/p>\n","protected":false},"featured_media":2398880,"comment_status":"closed","ping_status":"closed","template":"","meta":{"_themeisle_gutenberg_block_has_review":false},"product_cat":[13515],"product_tag":[],"class_list":{"0":"post-2324103","1":"product","2":"type-product","3":"status-publish","4":"has-post-thumbnail","6":"product_cat-mitmeaastased","8":"first","9":"instock","10":"shipping-taxable","11":"purchasable","12":"product-type-simple"},"yoast_head":"<!-- This site is optimized with the Yoast SEO plugin v24.0 - https:\/\/yoast.com\/wordpress\/plugins\/seo\/ -->\n<title>Hiina siidp\u00f6\u00f6ris Chinese Silver Grass Early Hybrids - Miscanthus sinensis - Horticom<\/title>\n<meta name=\"robots\" content=\"index, follow, max-snippet:-1, max-image-preview:large, max-video-preview:-1\" \/>\n<link rel=\"canonical\" href=\"https:\/\/horticom.ee\/e-pood\/toode\/hiina-siidpooris-chinese-silver-grass-early-hybrids-miscanthus-sinensis\/\" \/>\n<meta property=\"og:locale\" content=\"et_EE\" \/>\n<meta property=\"og:type\" content=\"article\" \/>\n<meta property=\"og:title\" content=\"Hiina siidp\u00f6\u00f6ris Chinese Silver Grass Early Hybrids - Miscanthus sinensis - Horticom\" \/>\n<meta property=\"og:description\" content=\"Mitmeaastane taim, mida hinnatakse kaunite lehtede t\u00f5ttu. Need dekoratiivse v\u00e4limusega aiataimed r\u00f5\u00f5mustavad teid suvel ja s\u00fcgisel, talvel aga j\u00e4\u00e4vad lumekatta all aeda kaunistama. Eelistab p\u00e4ikesepaistelist kasvukohta. Vajalik regulaarne niisustamine. K\u00fclvieelset t\u00f6\u00f6tlemist ei vaja. Kasvatatakse ette pottides, v\u00e4ltimaks juures\u00fcsteemi traumeerimist. \u00dcksikult ja r\u00fchmana istutuseks, l\u00f5ikelillena kuivkimpudes. Taim v\u00f5ib j\u00e4\u00e4da mitmeteks aastateks samale kasvukohale.\" \/>\n<meta property=\"og:url\" content=\"https:\/\/horticom.ee\/e-pood\/toode\/hiina-siidpooris-chinese-silver-grass-early-hybrids-miscanthus-sinensis\/\" \/>\n<meta property=\"og:site_name\" content=\"Horticom.ee\" \/>\n<meta property=\"article:publisher\" content=\"https:\/\/www.facebook.com\/horticom.ee\/e-pood\" \/>\n<meta property=\"article:modified_time\" content=\"2026-04-24T00:13:45+00:00\" \/>\n<meta property=\"og:image\" content=\"https:\/\/horticom.ee\/e-pood\/wp-content\/uploads\/2024\/12\/4770168914155.jpg\" \/>\n\t<meta property=\"og:image:width\" content=\"398\" \/>\n\t<meta property=\"og:image:height\" content=\"425\" \/>\n\t<meta property=\"og:image:type\" content=\"image\/jpeg\" \/>\n<meta name=\"twitter:card\" content=\"summary_large_image\" \/>\n<meta name=\"twitter:label1\" content=\"Est. reading time\" \/>\n\t<meta name=\"twitter:data1\" content=\"1 minut\" \/>\n<script type=\"application\/ld+json\" class=\"yoast-schema-graph\">{\"@context\":\"https:\/\/schema.org\",\"@graph\":[{\"@type\":\"WebPage\",\"@id\":\"https:\/\/horticom.ee\/e-pood\/toode\/hiina-siidpooris-chinese-silver-grass-early-hybrids-miscanthus-sinensis\/\",\"url\":\"https:\/\/horticom.ee\/e-pood\/toode\/hiina-siidpooris-chinese-silver-grass-early-hybrids-miscanthus-sinensis\/\",\"name\":\"Hiina siidp\u00f6\u00f6ris Chinese Silver Grass Early Hybrids - Miscanthus sinensis - Horticom\",\"isPartOf\":{\"@id\":\"https:\/\/horticom.ee\/e-pood\/#website\"},\"primaryImageOfPage\":{\"@id\":\"https:\/\/horticom.ee\/e-pood\/toode\/hiina-siidpooris-chinese-silver-grass-early-hybrids-miscanthus-sinensis\/#primaryimage\"},\"image\":{\"@id\":\"https:\/\/horticom.ee\/e-pood\/toode\/hiina-siidpooris-chinese-silver-grass-early-hybrids-miscanthus-sinensis\/#primaryimage\"},\"thumbnailUrl\":\"https:\/\/horticom.ee\/e-pood\/wp-content\/uploads\/2024\/12\/4770168914155.jpg\",\"datePublished\":\"2024-12-17T10:01:12+00:00\",\"dateModified\":\"2026-04-24T00:13:45+00:00\",\"breadcrumb\":{\"@id\":\"https:\/\/horticom.ee\/e-pood\/toode\/hiina-siidpooris-chinese-silver-grass-early-hybrids-miscanthus-sinensis\/#breadcrumb\"},\"inLanguage\":\"et\",\"potentialAction\":[{\"@type\":\"ReadAction\",\"target\":[\"https:\/\/horticom.ee\/e-pood\/toode\/hiina-siidpooris-chinese-silver-grass-early-hybrids-miscanthus-sinensis\/\"]}]},{\"@type\":\"ImageObject\",\"inLanguage\":\"et\",\"@id\":\"https:\/\/horticom.ee\/e-pood\/toode\/hiina-siidpooris-chinese-silver-grass-early-hybrids-miscanthus-sinensis\/#primaryimage\",\"url\":\"https:\/\/horticom.ee\/e-pood\/wp-content\/uploads\/2024\/12\/4770168914155.jpg\",\"contentUrl\":\"https:\/\/horticom.ee\/e-pood\/wp-content\/uploads\/2024\/12\/4770168914155.jpg\",\"width\":398,\"height\":425},{\"@type\":\"BreadcrumbList\",\"@id\":\"https:\/\/horticom.ee\/e-pood\/toode\/hiina-siidpooris-chinese-silver-grass-early-hybrids-miscanthus-sinensis\/#breadcrumb\",\"itemListElement\":[{\"@type\":\"ListItem\",\"position\":1,\"name\":\"Home\",\"item\":\"https:\/\/horticom.ee\/e-pood\/\"},{\"@type\":\"ListItem\",\"position\":2,\"name\":\"Pood\",\"item\":\"https:\/\/horticom.ee\/e-pood\/pood\/\"},{\"@type\":\"ListItem\",\"position\":3,\"name\":\"Hiina siidp\u00f6\u00f6ris Chinese Silver Grass Early Hybrids &#8211; Miscanthus sinensis\"}]},{\"@type\":\"WebSite\",\"@id\":\"https:\/\/horticom.ee\/e-pood\/#website\",\"url\":\"https:\/\/horticom.ee\/e-pood\/\",\"name\":\"Horticom.ee\",\"description\":\"Aianduskaubad ja kodukaubad nii harrastajatele kui professionaalidele\",\"potentialAction\":[{\"@type\":\"SearchAction\",\"target\":{\"@type\":\"EntryPoint\",\"urlTemplate\":\"https:\/\/horticom.ee\/e-pood\/?s={search_term_string}\"},\"query-input\":{\"@type\":\"PropertyValueSpecification\",\"valueRequired\":true,\"valueName\":\"search_term_string\"}}],\"inLanguage\":\"et\"}]}<\/script>\n<!-- \/ Yoast SEO plugin. -->","yoast_head_json":{"title":"Hiina siidp\u00f6\u00f6ris Chinese Silver Grass Early Hybrids - Miscanthus sinensis - Horticom","robots":{"index":"index","follow":"follow","max-snippet":"max-snippet:-1","max-image-preview":"max-image-preview:large","max-video-preview":"max-video-preview:-1"},"canonical":"https:\/\/horticom.ee\/e-pood\/toode\/hiina-siidpooris-chinese-silver-grass-early-hybrids-miscanthus-sinensis\/","og_locale":"et_EE","og_type":"article","og_title":"Hiina siidp\u00f6\u00f6ris Chinese Silver Grass Early Hybrids - Miscanthus sinensis - Horticom","og_description":"Mitmeaastane taim, mida hinnatakse kaunite lehtede t\u00f5ttu. Need dekoratiivse v\u00e4limusega aiataimed r\u00f5\u00f5mustavad teid suvel ja s\u00fcgisel, talvel aga j\u00e4\u00e4vad lumekatta all aeda kaunistama. Eelistab p\u00e4ikesepaistelist kasvukohta. Vajalik regulaarne niisustamine. K\u00fclvieelset t\u00f6\u00f6tlemist ei vaja. Kasvatatakse ette pottides, v\u00e4ltimaks juures\u00fcsteemi traumeerimist. \u00dcksikult ja r\u00fchmana istutuseks, l\u00f5ikelillena kuivkimpudes. Taim v\u00f5ib j\u00e4\u00e4da mitmeteks aastateks samale kasvukohale.","og_url":"https:\/\/horticom.ee\/e-pood\/toode\/hiina-siidpooris-chinese-silver-grass-early-hybrids-miscanthus-sinensis\/","og_site_name":"Horticom.ee","article_publisher":"https:\/\/www.facebook.com\/horticom.ee\/e-pood","article_modified_time":"2026-04-24T00:13:45+00:00","og_image":[{"width":398,"height":425,"url":"https:\/\/horticom.ee\/e-pood\/wp-content\/uploads\/2024\/12\/4770168914155.jpg","type":"image\/jpeg"}],"twitter_card":"summary_large_image","twitter_misc":{"Est. reading time":"1 minut"},"schema":{"@context":"https:\/\/schema.org","@graph":[{"@type":"WebPage","@id":"https:\/\/horticom.ee\/e-pood\/toode\/hiina-siidpooris-chinese-silver-grass-early-hybrids-miscanthus-sinensis\/","url":"https:\/\/horticom.ee\/e-pood\/toode\/hiina-siidpooris-chinese-silver-grass-early-hybrids-miscanthus-sinensis\/","name":"Hiina siidp\u00f6\u00f6ris Chinese Silver Grass Early Hybrids - Miscanthus sinensis - Horticom","isPartOf":{"@id":"https:\/\/horticom.ee\/e-pood\/#website"},"primaryImageOfPage":{"@id":"https:\/\/horticom.ee\/e-pood\/toode\/hiina-siidpooris-chinese-silver-grass-early-hybrids-miscanthus-sinensis\/#primaryimage"},"image":{"@id":"https:\/\/horticom.ee\/e-pood\/toode\/hiina-siidpooris-chinese-silver-grass-early-hybrids-miscanthus-sinensis\/#primaryimage"},"thumbnailUrl":"https:\/\/horticom.ee\/e-pood\/wp-content\/uploads\/2024\/12\/4770168914155.jpg","datePublished":"2024-12-17T10:01:12+00:00","dateModified":"2026-04-24T00:13:45+00:00","breadcrumb":{"@id":"https:\/\/horticom.ee\/e-pood\/toode\/hiina-siidpooris-chinese-silver-grass-early-hybrids-miscanthus-sinensis\/#breadcrumb"},"inLanguage":"et","potentialAction":[{"@type":"ReadAction","target":["https:\/\/horticom.ee\/e-pood\/toode\/hiina-siidpooris-chinese-silver-grass-early-hybrids-miscanthus-sinensis\/"]}]},{"@type":"ImageObject","inLanguage":"et","@id":"https:\/\/horticom.ee\/e-pood\/toode\/hiina-siidpooris-chinese-silver-grass-early-hybrids-miscanthus-sinensis\/#primaryimage","url":"https:\/\/horticom.ee\/e-pood\/wp-content\/uploads\/2024\/12\/4770168914155.jpg","contentUrl":"https:\/\/horticom.ee\/e-pood\/wp-content\/uploads\/2024\/12\/4770168914155.jpg","width":398,"height":425},{"@type":"BreadcrumbList","@id":"https:\/\/horticom.ee\/e-pood\/toode\/hiina-siidpooris-chinese-silver-grass-early-hybrids-miscanthus-sinensis\/#breadcrumb","itemListElement":[{"@type":"ListItem","position":1,"name":"Home","item":"https:\/\/horticom.ee\/e-pood\/"},{"@type":"ListItem","position":2,"name":"Pood","item":"https:\/\/horticom.ee\/e-pood\/pood\/"},{"@type":"ListItem","position":3,"name":"Hiina siidp\u00f6\u00f6ris Chinese Silver Grass Early Hybrids &#8211; Miscanthus sinensis"}]},{"@type":"WebSite","@id":"https:\/\/horticom.ee\/e-pood\/#website","url":"https:\/\/horticom.ee\/e-pood\/","name":"Horticom.ee","description":"Aianduskaubad ja kodukaubad nii harrastajatele kui professionaalidele","potentialAction":[{"@type":"SearchAction","target":{"@type":"EntryPoint","urlTemplate":"https:\/\/horticom.ee\/e-pood\/?s={search_term_string}"},"query-input":{"@type":"PropertyValueSpecification","valueRequired":true,"valueName":"search_term_string"}}],"inLanguage":"et"}]}},"_links":{"self":[{"href":"https:\/\/horticom.ee\/e-pood\/wp-json\/wp\/v2\/product\/2324103","targetHints":{"allow":["GET"]}}],"collection":[{"href":"https:\/\/horticom.ee\/e-pood\/wp-json\/wp\/v2\/product"}],"about":[{"href":"https:\/\/horticom.ee\/e-pood\/wp-json\/wp\/v2\/types\/product"}],"replies":[{"embeddable":true,"href":"https:\/\/horticom.ee\/e-pood\/wp-json\/wp\/v2\/comments?post=2324103"}],"wp:featuredmedia":[{"embeddable":true,"href":"https:\/\/horticom.ee\/e-pood\/wp-json\/wp\/v2\/media\/2398880"}],"wp:attachment":[{"href":"https:\/\/horticom.ee\/e-pood\/wp-json\/wp\/v2\/media?parent=2324103"}],"wp:term":[{"taxonomy":"product_cat","embeddable":true,"href":"https:\/\/horticom.ee\/e-pood\/wp-json\/wp\/v2\/product_cat?post=2324103"},{"taxonomy":"product_tag","embeddable":true,"href":"https:\/\/horticom.ee\/e-pood\/wp-json\/wp\/v2\/product_tag?post=2324103"}],"curies":[{"name":"wp","href":"https:\/\/api.w.org\/{rel}","templated":true}]}}