{"id":2533181,"date":"2026-01-13T17:00:33","date_gmt":"2026-01-13T15:00:33","guid":{"rendered":"https:\/\/horticom.ee\/e-pood\/toode\/varre-kinnitusklambrid-23mm-ca-50tk\/"},"modified":"2026-04-21T21:00:53","modified_gmt":"2026-04-21T18:00:53","slug":"varre-kinnitusklambrid-23mm-ca-50tk","status":"publish","type":"product","link":"https:\/\/horticom.ee\/e-pood\/toode\/varre-kinnitusklambrid-23mm-ca-50tk\/","title":{"rendered":"Varre kinnitusklambrid 23mm ca 50tk"},"content":{"rendered":"<p>Kvaliteetsest plastikust valmistatud varre kinnitusklambrid sobivad erinevate taimede, kuid eriti tomati, paprika ja kurgitaimedele pakkudes neile kindlat toestust neid kahjustamata. Lihtsalt avatav disain v\u00f5imaldab klambrite h\u00f5lpsat \u00fcmberpaigutamist ja taaskasutamist. Toestuse l\u00e4bim\u00f5\u00f5t on 2,3cm. Pakendis on ca 50tk.<\/p>\n","protected":false},"excerpt":{"rendered":"<p>Kvaliteetsest plastikust valmistatud varre kinnitusklambrid sobivad erinevate taimede, kuid eriti tomati, paprika ja kurgitaimedele pakkudes neile kindlat toestust neid kahjustamata. Lihtsalt avatav disain v\u00f5imaldab klambrite h\u00f5lpsat \u00fcmberpaigutamist ja taaskasutamist. Toestuse l\u00e4bim\u00f5\u00f5t on 2,3cm. Pakendis on ca 50tk.<\/p>\n","protected":false},"featured_media":2533190,"comment_status":"closed","ping_status":"closed","template":"","meta":{"_themeisle_gutenberg_block_has_review":false},"product_cat":[16392,13614],"product_tag":[],"class_list":{"0":"post-2533181","1":"product","2":"type-product","3":"status-publish","4":"has-post-thumbnail","6":"product_cat-plastikust-taimetoed","7":"product_cat-taimetoestus-ja-sidumistarvikud","9":"first","10":"instock","11":"shipping-taxable","12":"purchasable","13":"product-type-simple"},"yoast_head":"<!-- This site is optimized with the Yoast SEO plugin v24.0 - https:\/\/yoast.com\/wordpress\/plugins\/seo\/ -->\n<title>Varre kinnitusklambrid 23mm ca 50tk - Horticom<\/title>\n<meta name=\"robots\" content=\"index, follow, max-snippet:-1, max-image-preview:large, max-video-preview:-1\" \/>\n<link rel=\"canonical\" href=\"https:\/\/horticom.ee\/e-pood\/toode\/varre-kinnitusklambrid-23mm-ca-50tk\/\" \/>\n<meta property=\"og:locale\" content=\"et_EE\" \/>\n<meta property=\"og:type\" content=\"article\" \/>\n<meta property=\"og:title\" content=\"Varre kinnitusklambrid 23mm ca 50tk - Horticom\" \/>\n<meta property=\"og:description\" content=\"Kvaliteetsest plastikust valmistatud varre kinnitusklambrid sobivad erinevate taimede, kuid eriti tomati, paprika ja kurgitaimedele pakkudes neile kindlat toestust neid kahjustamata. Lihtsalt avatav disain v\u00f5imaldab klambrite h\u00f5lpsat \u00fcmberpaigutamist ja taaskasutamist. Toestuse l\u00e4bim\u00f5\u00f5t on 2,3cm. Pakendis on ca 50tk.\" \/>\n<meta property=\"og:url\" content=\"https:\/\/horticom.ee\/e-pood\/toode\/varre-kinnitusklambrid-23mm-ca-50tk\/\" \/>\n<meta property=\"og:site_name\" content=\"Horticom.ee\" \/>\n<meta property=\"article:publisher\" content=\"https:\/\/www.facebook.com\/horticom.ee\/e-pood\" \/>\n<meta property=\"article:modified_time\" content=\"2026-04-21T18:00:53+00:00\" \/>\n<meta property=\"og:image\" content=\"https:\/\/horticom.ee\/e-pood\/wp-content\/uploads\/importedmedia\/product_2533181_0_83KL2.jpg\" \/>\n\t<meta property=\"og:image:width\" content=\"1000\" \/>\n\t<meta property=\"og:image:height\" content=\"1297\" \/>\n\t<meta property=\"og:image:type\" content=\"image\/jpeg\" \/>\n<meta name=\"twitter:card\" content=\"summary_large_image\" \/>\n<script type=\"application\/ld+json\" class=\"yoast-schema-graph\">{\"@context\":\"https:\/\/schema.org\",\"@graph\":[{\"@type\":\"WebPage\",\"@id\":\"https:\/\/horticom.ee\/e-pood\/toode\/varre-kinnitusklambrid-23mm-ca-50tk\/\",\"url\":\"https:\/\/horticom.ee\/e-pood\/toode\/varre-kinnitusklambrid-23mm-ca-50tk\/\",\"name\":\"Varre kinnitusklambrid 23mm ca 50tk - Horticom\",\"isPartOf\":{\"@id\":\"https:\/\/horticom.ee\/e-pood\/#website\"},\"primaryImageOfPage\":{\"@id\":\"https:\/\/horticom.ee\/e-pood\/toode\/varre-kinnitusklambrid-23mm-ca-50tk\/#primaryimage\"},\"image\":{\"@id\":\"https:\/\/horticom.ee\/e-pood\/toode\/varre-kinnitusklambrid-23mm-ca-50tk\/#primaryimage\"},\"thumbnailUrl\":\"https:\/\/horticom.ee\/e-pood\/wp-content\/uploads\/importedmedia\/product_2533181_0_83KL2.jpg\",\"datePublished\":\"2026-01-13T15:00:33+00:00\",\"dateModified\":\"2026-04-21T18:00:53+00:00\",\"breadcrumb\":{\"@id\":\"https:\/\/horticom.ee\/e-pood\/toode\/varre-kinnitusklambrid-23mm-ca-50tk\/#breadcrumb\"},\"inLanguage\":\"et\",\"potentialAction\":[{\"@type\":\"ReadAction\",\"target\":[\"https:\/\/horticom.ee\/e-pood\/toode\/varre-kinnitusklambrid-23mm-ca-50tk\/\"]}]},{\"@type\":\"ImageObject\",\"inLanguage\":\"et\",\"@id\":\"https:\/\/horticom.ee\/e-pood\/toode\/varre-kinnitusklambrid-23mm-ca-50tk\/#primaryimage\",\"url\":\"https:\/\/horticom.ee\/e-pood\/wp-content\/uploads\/importedmedia\/product_2533181_0_83KL2.jpg\",\"contentUrl\":\"https:\/\/horticom.ee\/e-pood\/wp-content\/uploads\/importedmedia\/product_2533181_0_83KL2.jpg\",\"width\":1000,\"height\":1297},{\"@type\":\"BreadcrumbList\",\"@id\":\"https:\/\/horticom.ee\/e-pood\/toode\/varre-kinnitusklambrid-23mm-ca-50tk\/#breadcrumb\",\"itemListElement\":[{\"@type\":\"ListItem\",\"position\":1,\"name\":\"Home\",\"item\":\"https:\/\/horticom.ee\/e-pood\/\"},{\"@type\":\"ListItem\",\"position\":2,\"name\":\"Pood\",\"item\":\"https:\/\/horticom.ee\/e-pood\/pood\/\"},{\"@type\":\"ListItem\",\"position\":3,\"name\":\"Varre kinnitusklambrid 23mm ca 50tk\"}]},{\"@type\":\"WebSite\",\"@id\":\"https:\/\/horticom.ee\/e-pood\/#website\",\"url\":\"https:\/\/horticom.ee\/e-pood\/\",\"name\":\"Horticom.ee\",\"description\":\"Aianduskaubad ja kodukaubad nii harrastajatele kui professionaalidele\",\"potentialAction\":[{\"@type\":\"SearchAction\",\"target\":{\"@type\":\"EntryPoint\",\"urlTemplate\":\"https:\/\/horticom.ee\/e-pood\/?s={search_term_string}\"},\"query-input\":{\"@type\":\"PropertyValueSpecification\",\"valueRequired\":true,\"valueName\":\"search_term_string\"}}],\"inLanguage\":\"et\"}]}<\/script>\n<!-- \/ Yoast SEO plugin. -->","yoast_head_json":{"title":"Varre kinnitusklambrid 23mm ca 50tk - Horticom","robots":{"index":"index","follow":"follow","max-snippet":"max-snippet:-1","max-image-preview":"max-image-preview:large","max-video-preview":"max-video-preview:-1"},"canonical":"https:\/\/horticom.ee\/e-pood\/toode\/varre-kinnitusklambrid-23mm-ca-50tk\/","og_locale":"et_EE","og_type":"article","og_title":"Varre kinnitusklambrid 23mm ca 50tk - Horticom","og_description":"Kvaliteetsest plastikust valmistatud varre kinnitusklambrid sobivad erinevate taimede, kuid eriti tomati, paprika ja kurgitaimedele pakkudes neile kindlat toestust neid kahjustamata. Lihtsalt avatav disain v\u00f5imaldab klambrite h\u00f5lpsat \u00fcmberpaigutamist ja taaskasutamist. Toestuse l\u00e4bim\u00f5\u00f5t on 2,3cm. Pakendis on ca 50tk.","og_url":"https:\/\/horticom.ee\/e-pood\/toode\/varre-kinnitusklambrid-23mm-ca-50tk\/","og_site_name":"Horticom.ee","article_publisher":"https:\/\/www.facebook.com\/horticom.ee\/e-pood","article_modified_time":"2026-04-21T18:00:53+00:00","og_image":[{"width":1000,"height":1297,"url":"https:\/\/horticom.ee\/e-pood\/wp-content\/uploads\/importedmedia\/product_2533181_0_83KL2.jpg","type":"image\/jpeg"}],"twitter_card":"summary_large_image","schema":{"@context":"https:\/\/schema.org","@graph":[{"@type":"WebPage","@id":"https:\/\/horticom.ee\/e-pood\/toode\/varre-kinnitusklambrid-23mm-ca-50tk\/","url":"https:\/\/horticom.ee\/e-pood\/toode\/varre-kinnitusklambrid-23mm-ca-50tk\/","name":"Varre kinnitusklambrid 23mm ca 50tk - Horticom","isPartOf":{"@id":"https:\/\/horticom.ee\/e-pood\/#website"},"primaryImageOfPage":{"@id":"https:\/\/horticom.ee\/e-pood\/toode\/varre-kinnitusklambrid-23mm-ca-50tk\/#primaryimage"},"image":{"@id":"https:\/\/horticom.ee\/e-pood\/toode\/varre-kinnitusklambrid-23mm-ca-50tk\/#primaryimage"},"thumbnailUrl":"https:\/\/horticom.ee\/e-pood\/wp-content\/uploads\/importedmedia\/product_2533181_0_83KL2.jpg","datePublished":"2026-01-13T15:00:33+00:00","dateModified":"2026-04-21T18:00:53+00:00","breadcrumb":{"@id":"https:\/\/horticom.ee\/e-pood\/toode\/varre-kinnitusklambrid-23mm-ca-50tk\/#breadcrumb"},"inLanguage":"et","potentialAction":[{"@type":"ReadAction","target":["https:\/\/horticom.ee\/e-pood\/toode\/varre-kinnitusklambrid-23mm-ca-50tk\/"]}]},{"@type":"ImageObject","inLanguage":"et","@id":"https:\/\/horticom.ee\/e-pood\/toode\/varre-kinnitusklambrid-23mm-ca-50tk\/#primaryimage","url":"https:\/\/horticom.ee\/e-pood\/wp-content\/uploads\/importedmedia\/product_2533181_0_83KL2.jpg","contentUrl":"https:\/\/horticom.ee\/e-pood\/wp-content\/uploads\/importedmedia\/product_2533181_0_83KL2.jpg","width":1000,"height":1297},{"@type":"BreadcrumbList","@id":"https:\/\/horticom.ee\/e-pood\/toode\/varre-kinnitusklambrid-23mm-ca-50tk\/#breadcrumb","itemListElement":[{"@type":"ListItem","position":1,"name":"Home","item":"https:\/\/horticom.ee\/e-pood\/"},{"@type":"ListItem","position":2,"name":"Pood","item":"https:\/\/horticom.ee\/e-pood\/pood\/"},{"@type":"ListItem","position":3,"name":"Varre kinnitusklambrid 23mm ca 50tk"}]},{"@type":"WebSite","@id":"https:\/\/horticom.ee\/e-pood\/#website","url":"https:\/\/horticom.ee\/e-pood\/","name":"Horticom.ee","description":"Aianduskaubad ja kodukaubad nii harrastajatele kui professionaalidele","potentialAction":[{"@type":"SearchAction","target":{"@type":"EntryPoint","urlTemplate":"https:\/\/horticom.ee\/e-pood\/?s={search_term_string}"},"query-input":{"@type":"PropertyValueSpecification","valueRequired":true,"valueName":"search_term_string"}}],"inLanguage":"et"}]}},"_links":{"self":[{"href":"https:\/\/horticom.ee\/e-pood\/wp-json\/wp\/v2\/product\/2533181","targetHints":{"allow":["GET"]}}],"collection":[{"href":"https:\/\/horticom.ee\/e-pood\/wp-json\/wp\/v2\/product"}],"about":[{"href":"https:\/\/horticom.ee\/e-pood\/wp-json\/wp\/v2\/types\/product"}],"replies":[{"embeddable":true,"href":"https:\/\/horticom.ee\/e-pood\/wp-json\/wp\/v2\/comments?post=2533181"}],"wp:featuredmedia":[{"embeddable":true,"href":"https:\/\/horticom.ee\/e-pood\/wp-json\/wp\/v2\/media\/2533190"}],"wp:attachment":[{"href":"https:\/\/horticom.ee\/e-pood\/wp-json\/wp\/v2\/media?parent=2533181"}],"wp:term":[{"taxonomy":"product_cat","embeddable":true,"href":"https:\/\/horticom.ee\/e-pood\/wp-json\/wp\/v2\/product_cat?post=2533181"},{"taxonomy":"product_tag","embeddable":true,"href":"https:\/\/horticom.ee\/e-pood\/wp-json\/wp\/v2\/product_tag?post=2533181"}],"curies":[{"name":"wp","href":"https:\/\/api.w.org\/{rel}","templated":true}]}}