{"id":2565379,"date":"2026-03-02T17:00:43","date_gmt":"2026-03-02T15:00:43","guid":{"rendered":"https:\/\/horticom.ee\/e-pood\/toode\/kaeralill-crocosmia-mix-20tk-b\/"},"modified":"2026-04-30T03:11:54","modified_gmt":"2026-04-30T00:11:54","slug":"kaeralill-crocosmia-mix-20tk-b","status":"publish","type":"product","link":"https:\/\/horticom.ee\/e-pood\/toode\/kaeralill-crocosmia-mix-20tk-b\/","title":{"rendered":"Kaeralill Crocosmia Mix 20tk B"},"content":{"rendered":"<p>Kaeralill Crocosmia Mix \u00f5ied on kaunites oran\u017eikates punastes v\u00e4rvides. Eelistab liivast, liivsavi v\u00f5i kerget savist pinnast. Haigused on sarnased gladioolile, ixiale ja freesiale, seet\u00f5ttu ei tohiks neid istutada peale nimetatud taimi. Istutatakse kevadel, kohe peale \u00f6\u00f6k\u00fclmade m\u00f6\u00f6dumist. Istutuss\u00fcgavus on 8cm, vahekaugus 10cm. \u00d5itseb juulist septembrini. Sibulaid v\u00f5ib j\u00e4tta kaheksaastaks \u00fchele kasvukohale. Kuna kaeralilled on k\u00fcllaltki k\u00fclmakartlikud, tuleks neile valida soe kasvukoht ja talvel kindlasti katta. Kui sibulad s\u00fcgisel \u00fclesse v\u00f5etakse, s\u00e4ilitatakse neid  2-8C juures kuivas ruumis. Sobib ka l\u00f5ikelilleks.  Lille k\u00f5rgus on 60cm<\/p>\n","protected":false},"excerpt":{"rendered":"<p>Kaeralill Crocosmia Mix \u00f5ied on kaunites oran\u017eikates punastes v\u00e4rvides. Eelistab liivast, liivsavi v\u00f5i kerget savist pinnast. Haigused on sarnased gladioolile, ixiale ja freesiale, seet\u00f5ttu ei tohiks neid istutada peale nimetatud taimi. Istutatakse kevadel, kohe peale \u00f6\u00f6k\u00fclmade m\u00f6\u00f6dumist. Istutuss\u00fcgavus on 8cm, vahekaugus 10cm. \u00d5itseb juulist septembrini. Sibulaid v\u00f5ib j\u00e4tta kaheksaastaks \u00fchele kasvukohale. Kuna kaeralilled on k\u00fcllaltki [&hellip;]<\/p>\n","protected":false},"featured_media":2570852,"comment_status":"closed","ping_status":"closed","template":"","meta":{"_themeisle_gutenberg_block_has_review":false},"product_cat":[18571,13548],"product_tag":[],"class_list":{"0":"post-2565379","1":"product","2":"type-product","3":"status-publish","4":"has-post-thumbnail","6":"product_cat-kaeralill","7":"product_cat-sibullilled-koduaeda","9":"first","10":"outofstock","11":"sale","12":"shipping-taxable","13":"purchasable","14":"product-type-simple"},"yoast_head":"<!-- This site is optimized with the Yoast SEO plugin v24.0 - https:\/\/yoast.com\/wordpress\/plugins\/seo\/ -->\n<title>Kaeralill Crocosmia Mix 20tk B - Horticom<\/title>\n<meta name=\"robots\" content=\"index, follow, max-snippet:-1, max-image-preview:large, max-video-preview:-1\" \/>\n<link rel=\"canonical\" href=\"https:\/\/horticom.ee\/e-pood\/toode\/kaeralill-crocosmia-mix-20tk-b\/\" \/>\n<meta property=\"og:locale\" content=\"et_EE\" \/>\n<meta property=\"og:type\" content=\"article\" \/>\n<meta property=\"og:title\" content=\"Kaeralill Crocosmia Mix 20tk B - Horticom\" \/>\n<meta property=\"og:description\" content=\"Kaeralill Crocosmia Mix \u00f5ied on kaunites oran\u017eikates punastes v\u00e4rvides. Eelistab liivast, liivsavi v\u00f5i kerget savist pinnast. Haigused on sarnased gladioolile, ixiale ja freesiale, seet\u00f5ttu ei tohiks neid istutada peale nimetatud taimi. Istutatakse kevadel, kohe peale \u00f6\u00f6k\u00fclmade m\u00f6\u00f6dumist. Istutuss\u00fcgavus on 8cm, vahekaugus 10cm. \u00d5itseb juulist septembrini. Sibulaid v\u00f5ib j\u00e4tta kaheksaastaks \u00fchele kasvukohale. Kuna kaeralilled on k\u00fcllaltki [&hellip;]\" \/>\n<meta property=\"og:url\" content=\"https:\/\/horticom.ee\/e-pood\/toode\/kaeralill-crocosmia-mix-20tk-b\/\" \/>\n<meta property=\"og:site_name\" content=\"Horticom.ee\" \/>\n<meta property=\"article:publisher\" content=\"https:\/\/www.facebook.com\/horticom.ee\/e-pood\" \/>\n<meta property=\"article:modified_time\" content=\"2026-04-30T00:11:54+00:00\" \/>\n<meta property=\"og:image\" content=\"https:\/\/horticom.ee\/e-pood\/wp-content\/uploads\/2026\/03\/8712438996429.jpg\" \/>\n\t<meta property=\"og:image:width\" content=\"323\" \/>\n\t<meta property=\"og:image:height\" content=\"500\" \/>\n\t<meta property=\"og:image:type\" content=\"image\/jpeg\" \/>\n<meta name=\"twitter:card\" content=\"summary_large_image\" \/>\n<meta name=\"twitter:label1\" content=\"Est. reading time\" \/>\n\t<meta name=\"twitter:data1\" content=\"1 minut\" \/>\n<script type=\"application\/ld+json\" class=\"yoast-schema-graph\">{\"@context\":\"https:\/\/schema.org\",\"@graph\":[{\"@type\":\"WebPage\",\"@id\":\"https:\/\/horticom.ee\/e-pood\/toode\/kaeralill-crocosmia-mix-20tk-b\/\",\"url\":\"https:\/\/horticom.ee\/e-pood\/toode\/kaeralill-crocosmia-mix-20tk-b\/\",\"name\":\"Kaeralill Crocosmia Mix 20tk B - Horticom\",\"isPartOf\":{\"@id\":\"https:\/\/horticom.ee\/e-pood\/#website\"},\"primaryImageOfPage\":{\"@id\":\"https:\/\/horticom.ee\/e-pood\/toode\/kaeralill-crocosmia-mix-20tk-b\/#primaryimage\"},\"image\":{\"@id\":\"https:\/\/horticom.ee\/e-pood\/toode\/kaeralill-crocosmia-mix-20tk-b\/#primaryimage\"},\"thumbnailUrl\":\"https:\/\/horticom.ee\/e-pood\/wp-content\/uploads\/2026\/03\/8712438996429.jpg\",\"datePublished\":\"2026-03-02T15:00:43+00:00\",\"dateModified\":\"2026-04-30T00:11:54+00:00\",\"breadcrumb\":{\"@id\":\"https:\/\/horticom.ee\/e-pood\/toode\/kaeralill-crocosmia-mix-20tk-b\/#breadcrumb\"},\"inLanguage\":\"et\",\"potentialAction\":[{\"@type\":\"ReadAction\",\"target\":[\"https:\/\/horticom.ee\/e-pood\/toode\/kaeralill-crocosmia-mix-20tk-b\/\"]}]},{\"@type\":\"ImageObject\",\"inLanguage\":\"et\",\"@id\":\"https:\/\/horticom.ee\/e-pood\/toode\/kaeralill-crocosmia-mix-20tk-b\/#primaryimage\",\"url\":\"https:\/\/horticom.ee\/e-pood\/wp-content\/uploads\/2026\/03\/8712438996429.jpg\",\"contentUrl\":\"https:\/\/horticom.ee\/e-pood\/wp-content\/uploads\/2026\/03\/8712438996429.jpg\",\"width\":323,\"height\":500},{\"@type\":\"BreadcrumbList\",\"@id\":\"https:\/\/horticom.ee\/e-pood\/toode\/kaeralill-crocosmia-mix-20tk-b\/#breadcrumb\",\"itemListElement\":[{\"@type\":\"ListItem\",\"position\":1,\"name\":\"Home\",\"item\":\"https:\/\/horticom.ee\/e-pood\/\"},{\"@type\":\"ListItem\",\"position\":2,\"name\":\"Pood\",\"item\":\"https:\/\/horticom.ee\/e-pood\/pood\/\"},{\"@type\":\"ListItem\",\"position\":3,\"name\":\"Kaeralill Crocosmia Mix 20tk B\"}]},{\"@type\":\"WebSite\",\"@id\":\"https:\/\/horticom.ee\/e-pood\/#website\",\"url\":\"https:\/\/horticom.ee\/e-pood\/\",\"name\":\"Horticom.ee\",\"description\":\"Aianduskaubad ja kodukaubad nii harrastajatele kui professionaalidele\",\"potentialAction\":[{\"@type\":\"SearchAction\",\"target\":{\"@type\":\"EntryPoint\",\"urlTemplate\":\"https:\/\/horticom.ee\/e-pood\/?s={search_term_string}\"},\"query-input\":{\"@type\":\"PropertyValueSpecification\",\"valueRequired\":true,\"valueName\":\"search_term_string\"}}],\"inLanguage\":\"et\"}]}<\/script>\n<!-- \/ Yoast SEO plugin. -->","yoast_head_json":{"title":"Kaeralill Crocosmia Mix 20tk B - Horticom","robots":{"index":"index","follow":"follow","max-snippet":"max-snippet:-1","max-image-preview":"max-image-preview:large","max-video-preview":"max-video-preview:-1"},"canonical":"https:\/\/horticom.ee\/e-pood\/toode\/kaeralill-crocosmia-mix-20tk-b\/","og_locale":"et_EE","og_type":"article","og_title":"Kaeralill Crocosmia Mix 20tk B - Horticom","og_description":"Kaeralill Crocosmia Mix \u00f5ied on kaunites oran\u017eikates punastes v\u00e4rvides. Eelistab liivast, liivsavi v\u00f5i kerget savist pinnast. Haigused on sarnased gladioolile, ixiale ja freesiale, seet\u00f5ttu ei tohiks neid istutada peale nimetatud taimi. Istutatakse kevadel, kohe peale \u00f6\u00f6k\u00fclmade m\u00f6\u00f6dumist. Istutuss\u00fcgavus on 8cm, vahekaugus 10cm. \u00d5itseb juulist septembrini. Sibulaid v\u00f5ib j\u00e4tta kaheksaastaks \u00fchele kasvukohale. Kuna kaeralilled on k\u00fcllaltki [&hellip;]","og_url":"https:\/\/horticom.ee\/e-pood\/toode\/kaeralill-crocosmia-mix-20tk-b\/","og_site_name":"Horticom.ee","article_publisher":"https:\/\/www.facebook.com\/horticom.ee\/e-pood","article_modified_time":"2026-04-30T00:11:54+00:00","og_image":[{"width":323,"height":500,"url":"https:\/\/horticom.ee\/e-pood\/wp-content\/uploads\/2026\/03\/8712438996429.jpg","type":"image\/jpeg"}],"twitter_card":"summary_large_image","twitter_misc":{"Est. reading time":"1 minut"},"schema":{"@context":"https:\/\/schema.org","@graph":[{"@type":"WebPage","@id":"https:\/\/horticom.ee\/e-pood\/toode\/kaeralill-crocosmia-mix-20tk-b\/","url":"https:\/\/horticom.ee\/e-pood\/toode\/kaeralill-crocosmia-mix-20tk-b\/","name":"Kaeralill Crocosmia Mix 20tk B - Horticom","isPartOf":{"@id":"https:\/\/horticom.ee\/e-pood\/#website"},"primaryImageOfPage":{"@id":"https:\/\/horticom.ee\/e-pood\/toode\/kaeralill-crocosmia-mix-20tk-b\/#primaryimage"},"image":{"@id":"https:\/\/horticom.ee\/e-pood\/toode\/kaeralill-crocosmia-mix-20tk-b\/#primaryimage"},"thumbnailUrl":"https:\/\/horticom.ee\/e-pood\/wp-content\/uploads\/2026\/03\/8712438996429.jpg","datePublished":"2026-03-02T15:00:43+00:00","dateModified":"2026-04-30T00:11:54+00:00","breadcrumb":{"@id":"https:\/\/horticom.ee\/e-pood\/toode\/kaeralill-crocosmia-mix-20tk-b\/#breadcrumb"},"inLanguage":"et","potentialAction":[{"@type":"ReadAction","target":["https:\/\/horticom.ee\/e-pood\/toode\/kaeralill-crocosmia-mix-20tk-b\/"]}]},{"@type":"ImageObject","inLanguage":"et","@id":"https:\/\/horticom.ee\/e-pood\/toode\/kaeralill-crocosmia-mix-20tk-b\/#primaryimage","url":"https:\/\/horticom.ee\/e-pood\/wp-content\/uploads\/2026\/03\/8712438996429.jpg","contentUrl":"https:\/\/horticom.ee\/e-pood\/wp-content\/uploads\/2026\/03\/8712438996429.jpg","width":323,"height":500},{"@type":"BreadcrumbList","@id":"https:\/\/horticom.ee\/e-pood\/toode\/kaeralill-crocosmia-mix-20tk-b\/#breadcrumb","itemListElement":[{"@type":"ListItem","position":1,"name":"Home","item":"https:\/\/horticom.ee\/e-pood\/"},{"@type":"ListItem","position":2,"name":"Pood","item":"https:\/\/horticom.ee\/e-pood\/pood\/"},{"@type":"ListItem","position":3,"name":"Kaeralill Crocosmia Mix 20tk B"}]},{"@type":"WebSite","@id":"https:\/\/horticom.ee\/e-pood\/#website","url":"https:\/\/horticom.ee\/e-pood\/","name":"Horticom.ee","description":"Aianduskaubad ja kodukaubad nii harrastajatele kui professionaalidele","potentialAction":[{"@type":"SearchAction","target":{"@type":"EntryPoint","urlTemplate":"https:\/\/horticom.ee\/e-pood\/?s={search_term_string}"},"query-input":{"@type":"PropertyValueSpecification","valueRequired":true,"valueName":"search_term_string"}}],"inLanguage":"et"}]}},"_links":{"self":[{"href":"https:\/\/horticom.ee\/e-pood\/wp-json\/wp\/v2\/product\/2565379","targetHints":{"allow":["GET"]}}],"collection":[{"href":"https:\/\/horticom.ee\/e-pood\/wp-json\/wp\/v2\/product"}],"about":[{"href":"https:\/\/horticom.ee\/e-pood\/wp-json\/wp\/v2\/types\/product"}],"replies":[{"embeddable":true,"href":"https:\/\/horticom.ee\/e-pood\/wp-json\/wp\/v2\/comments?post=2565379"}],"wp:featuredmedia":[{"embeddable":true,"href":"https:\/\/horticom.ee\/e-pood\/wp-json\/wp\/v2\/media\/2570852"}],"wp:attachment":[{"href":"https:\/\/horticom.ee\/e-pood\/wp-json\/wp\/v2\/media?parent=2565379"}],"wp:term":[{"taxonomy":"product_cat","embeddable":true,"href":"https:\/\/horticom.ee\/e-pood\/wp-json\/wp\/v2\/product_cat?post=2565379"},{"taxonomy":"product_tag","embeddable":true,"href":"https:\/\/horticom.ee\/e-pood\/wp-json\/wp\/v2\/product_tag?post=2565379"}],"curies":[{"name":"wp","href":"https:\/\/api.w.org\/{rel}","templated":true}]}}