{"id":2567417,"date":"2026-03-05T17:00:51","date_gmt":"2026-03-05T15:00:51","guid":{"rendered":"https:\/\/horticom.ee\/e-pood\/toode\/kartuliistutuspott-elho-d-323-x-257cm-13l-must\/"},"modified":"2026-05-03T03:11:14","modified_gmt":"2026-05-03T00:11:14","slug":"kartuliistutuspott-elho-d-323-x-257cm-13l-must","status":"publish","type":"product","link":"https:\/\/horticom.ee\/e-pood\/toode\/kartuliistutuspott-elho-d-323-x-257cm-13l-must\/","title":{"rendered":"Kartuliistutuspott Elho d 32,3 x 25,7cm 13L must"},"content":{"rendered":"<p>Kartuliistutuspott koosneb nii \u00f6elda kaks-\u00fches s\u00fcsteemist: v\u00e4limisest kinnisest potist ja avatud k\u00fclgedega sisepotist. Sisemist potti saab vahepeal v\u00e4lja t\u00f5sta ja j\u00e4lgida kartulite kasvamist. Pott on toodetud 100% \u00fcmbert\u00f6\u00f6deldud plastikust ja pott on v\u00e4ga kerge. Sobib kasutamiseks nii terrassil, r\u00f5dul kui ka peenarde vahel. Maht on 13L.<\/p>\n","protected":false},"excerpt":{"rendered":"<p>Kartuliistutuspott koosneb nii \u00f6elda kaks-\u00fches s\u00fcsteemist: v\u00e4limisest kinnisest potist ja avatud k\u00fclgedega sisepotist. Sisemist potti saab vahepeal v\u00e4lja t\u00f5sta ja j\u00e4lgida kartulite kasvamist. Pott on toodetud 100% \u00fcmbert\u00f6\u00f6deldud plastikust ja pott on v\u00e4ga kerge. Sobib kasutamiseks nii terrassil, r\u00f5dul kui ka peenarde vahel. Maht on 13L.<\/p>\n","protected":false},"featured_media":2567512,"comment_status":"closed","ping_status":"closed","template":"","meta":{"_themeisle_gutenberg_block_has_review":false},"product_cat":[13475],"product_tag":[],"class_list":{"0":"post-2567417","1":"product","2":"type-product","3":"status-publish","4":"has-post-thumbnail","6":"product_cat-istutuspotid","8":"first","9":"instock","10":"shipping-taxable","11":"purchasable","12":"product-type-simple"},"yoast_head":"<!-- This site is optimized with the Yoast SEO plugin v24.0 - https:\/\/yoast.com\/wordpress\/plugins\/seo\/ -->\n<title>Kartuliistutuspott Elho d 32,3 x 25,7cm 13L must - Horticom<\/title>\n<meta name=\"robots\" content=\"index, follow, max-snippet:-1, max-image-preview:large, max-video-preview:-1\" \/>\n<link rel=\"canonical\" href=\"https:\/\/horticom.ee\/e-pood\/toode\/kartuliistutuspott-elho-d-323-x-257cm-13l-must\/\" \/>\n<meta property=\"og:locale\" content=\"et_EE\" \/>\n<meta property=\"og:type\" content=\"article\" \/>\n<meta property=\"og:title\" content=\"Kartuliistutuspott Elho d 32,3 x 25,7cm 13L must - Horticom\" \/>\n<meta property=\"og:description\" content=\"Kartuliistutuspott koosneb nii \u00f6elda kaks-\u00fches s\u00fcsteemist: v\u00e4limisest kinnisest potist ja avatud k\u00fclgedega sisepotist. Sisemist potti saab vahepeal v\u00e4lja t\u00f5sta ja j\u00e4lgida kartulite kasvamist. Pott on toodetud 100% \u00fcmbert\u00f6\u00f6deldud plastikust ja pott on v\u00e4ga kerge. Sobib kasutamiseks nii terrassil, r\u00f5dul kui ka peenarde vahel. Maht on 13L.\" \/>\n<meta property=\"og:url\" content=\"https:\/\/horticom.ee\/e-pood\/toode\/kartuliistutuspott-elho-d-323-x-257cm-13l-must\/\" \/>\n<meta property=\"og:site_name\" content=\"Horticom.ee\" \/>\n<meta property=\"article:publisher\" content=\"https:\/\/www.facebook.com\/horticom.ee\/e-pood\" \/>\n<meta property=\"article:modified_time\" content=\"2026-05-03T00:11:14+00:00\" \/>\n<meta property=\"og:image\" content=\"https:\/\/horticom.ee\/e-pood\/wp-content\/uploads\/importedmedia\/product_2567417_0_64026032_433.jpg\" \/>\n\t<meta property=\"og:image:width\" content=\"1000\" \/>\n\t<meta property=\"og:image:height\" content=\"1001\" \/>\n\t<meta property=\"og:image:type\" content=\"image\/jpeg\" \/>\n<meta name=\"twitter:card\" content=\"summary_large_image\" \/>\n<script type=\"application\/ld+json\" class=\"yoast-schema-graph\">{\"@context\":\"https:\/\/schema.org\",\"@graph\":[{\"@type\":\"WebPage\",\"@id\":\"https:\/\/horticom.ee\/e-pood\/toode\/kartuliistutuspott-elho-d-323-x-257cm-13l-must\/\",\"url\":\"https:\/\/horticom.ee\/e-pood\/toode\/kartuliistutuspott-elho-d-323-x-257cm-13l-must\/\",\"name\":\"Kartuliistutuspott Elho d 32,3 x 25,7cm 13L must - Horticom\",\"isPartOf\":{\"@id\":\"https:\/\/horticom.ee\/e-pood\/#website\"},\"primaryImageOfPage\":{\"@id\":\"https:\/\/horticom.ee\/e-pood\/toode\/kartuliistutuspott-elho-d-323-x-257cm-13l-must\/#primaryimage\"},\"image\":{\"@id\":\"https:\/\/horticom.ee\/e-pood\/toode\/kartuliistutuspott-elho-d-323-x-257cm-13l-must\/#primaryimage\"},\"thumbnailUrl\":\"https:\/\/horticom.ee\/e-pood\/wp-content\/uploads\/importedmedia\/product_2567417_0_64026032_433.jpg\",\"datePublished\":\"2026-03-05T15:00:51+00:00\",\"dateModified\":\"2026-05-03T00:11:14+00:00\",\"breadcrumb\":{\"@id\":\"https:\/\/horticom.ee\/e-pood\/toode\/kartuliistutuspott-elho-d-323-x-257cm-13l-must\/#breadcrumb\"},\"inLanguage\":\"et\",\"potentialAction\":[{\"@type\":\"ReadAction\",\"target\":[\"https:\/\/horticom.ee\/e-pood\/toode\/kartuliistutuspott-elho-d-323-x-257cm-13l-must\/\"]}]},{\"@type\":\"ImageObject\",\"inLanguage\":\"et\",\"@id\":\"https:\/\/horticom.ee\/e-pood\/toode\/kartuliistutuspott-elho-d-323-x-257cm-13l-must\/#primaryimage\",\"url\":\"https:\/\/horticom.ee\/e-pood\/wp-content\/uploads\/importedmedia\/product_2567417_0_64026032_433.jpg\",\"contentUrl\":\"https:\/\/horticom.ee\/e-pood\/wp-content\/uploads\/importedmedia\/product_2567417_0_64026032_433.jpg\",\"width\":1000,\"height\":1001},{\"@type\":\"BreadcrumbList\",\"@id\":\"https:\/\/horticom.ee\/e-pood\/toode\/kartuliistutuspott-elho-d-323-x-257cm-13l-must\/#breadcrumb\",\"itemListElement\":[{\"@type\":\"ListItem\",\"position\":1,\"name\":\"Home\",\"item\":\"https:\/\/horticom.ee\/e-pood\/\"},{\"@type\":\"ListItem\",\"position\":2,\"name\":\"Pood\",\"item\":\"https:\/\/horticom.ee\/e-pood\/pood\/\"},{\"@type\":\"ListItem\",\"position\":3,\"name\":\"Kartuliistutuspott Elho d 32,3 x 25,7cm 13L must\"}]},{\"@type\":\"WebSite\",\"@id\":\"https:\/\/horticom.ee\/e-pood\/#website\",\"url\":\"https:\/\/horticom.ee\/e-pood\/\",\"name\":\"Horticom.ee\",\"description\":\"Aianduskaubad ja kodukaubad nii harrastajatele kui professionaalidele\",\"potentialAction\":[{\"@type\":\"SearchAction\",\"target\":{\"@type\":\"EntryPoint\",\"urlTemplate\":\"https:\/\/horticom.ee\/e-pood\/?s={search_term_string}\"},\"query-input\":{\"@type\":\"PropertyValueSpecification\",\"valueRequired\":true,\"valueName\":\"search_term_string\"}}],\"inLanguage\":\"et\"}]}<\/script>\n<!-- \/ Yoast SEO plugin. -->","yoast_head_json":{"title":"Kartuliistutuspott Elho d 32,3 x 25,7cm 13L must - Horticom","robots":{"index":"index","follow":"follow","max-snippet":"max-snippet:-1","max-image-preview":"max-image-preview:large","max-video-preview":"max-video-preview:-1"},"canonical":"https:\/\/horticom.ee\/e-pood\/toode\/kartuliistutuspott-elho-d-323-x-257cm-13l-must\/","og_locale":"et_EE","og_type":"article","og_title":"Kartuliistutuspott Elho d 32,3 x 25,7cm 13L must - Horticom","og_description":"Kartuliistutuspott koosneb nii \u00f6elda kaks-\u00fches s\u00fcsteemist: v\u00e4limisest kinnisest potist ja avatud k\u00fclgedega sisepotist. Sisemist potti saab vahepeal v\u00e4lja t\u00f5sta ja j\u00e4lgida kartulite kasvamist. Pott on toodetud 100% \u00fcmbert\u00f6\u00f6deldud plastikust ja pott on v\u00e4ga kerge. Sobib kasutamiseks nii terrassil, r\u00f5dul kui ka peenarde vahel. Maht on 13L.","og_url":"https:\/\/horticom.ee\/e-pood\/toode\/kartuliistutuspott-elho-d-323-x-257cm-13l-must\/","og_site_name":"Horticom.ee","article_publisher":"https:\/\/www.facebook.com\/horticom.ee\/e-pood","article_modified_time":"2026-05-03T00:11:14+00:00","og_image":[{"width":1000,"height":1001,"url":"https:\/\/horticom.ee\/e-pood\/wp-content\/uploads\/importedmedia\/product_2567417_0_64026032_433.jpg","type":"image\/jpeg"}],"twitter_card":"summary_large_image","schema":{"@context":"https:\/\/schema.org","@graph":[{"@type":"WebPage","@id":"https:\/\/horticom.ee\/e-pood\/toode\/kartuliistutuspott-elho-d-323-x-257cm-13l-must\/","url":"https:\/\/horticom.ee\/e-pood\/toode\/kartuliistutuspott-elho-d-323-x-257cm-13l-must\/","name":"Kartuliistutuspott Elho d 32,3 x 25,7cm 13L must - Horticom","isPartOf":{"@id":"https:\/\/horticom.ee\/e-pood\/#website"},"primaryImageOfPage":{"@id":"https:\/\/horticom.ee\/e-pood\/toode\/kartuliistutuspott-elho-d-323-x-257cm-13l-must\/#primaryimage"},"image":{"@id":"https:\/\/horticom.ee\/e-pood\/toode\/kartuliistutuspott-elho-d-323-x-257cm-13l-must\/#primaryimage"},"thumbnailUrl":"https:\/\/horticom.ee\/e-pood\/wp-content\/uploads\/importedmedia\/product_2567417_0_64026032_433.jpg","datePublished":"2026-03-05T15:00:51+00:00","dateModified":"2026-05-03T00:11:14+00:00","breadcrumb":{"@id":"https:\/\/horticom.ee\/e-pood\/toode\/kartuliistutuspott-elho-d-323-x-257cm-13l-must\/#breadcrumb"},"inLanguage":"et","potentialAction":[{"@type":"ReadAction","target":["https:\/\/horticom.ee\/e-pood\/toode\/kartuliistutuspott-elho-d-323-x-257cm-13l-must\/"]}]},{"@type":"ImageObject","inLanguage":"et","@id":"https:\/\/horticom.ee\/e-pood\/toode\/kartuliistutuspott-elho-d-323-x-257cm-13l-must\/#primaryimage","url":"https:\/\/horticom.ee\/e-pood\/wp-content\/uploads\/importedmedia\/product_2567417_0_64026032_433.jpg","contentUrl":"https:\/\/horticom.ee\/e-pood\/wp-content\/uploads\/importedmedia\/product_2567417_0_64026032_433.jpg","width":1000,"height":1001},{"@type":"BreadcrumbList","@id":"https:\/\/horticom.ee\/e-pood\/toode\/kartuliistutuspott-elho-d-323-x-257cm-13l-must\/#breadcrumb","itemListElement":[{"@type":"ListItem","position":1,"name":"Home","item":"https:\/\/horticom.ee\/e-pood\/"},{"@type":"ListItem","position":2,"name":"Pood","item":"https:\/\/horticom.ee\/e-pood\/pood\/"},{"@type":"ListItem","position":3,"name":"Kartuliistutuspott Elho d 32,3 x 25,7cm 13L must"}]},{"@type":"WebSite","@id":"https:\/\/horticom.ee\/e-pood\/#website","url":"https:\/\/horticom.ee\/e-pood\/","name":"Horticom.ee","description":"Aianduskaubad ja kodukaubad nii harrastajatele kui professionaalidele","potentialAction":[{"@type":"SearchAction","target":{"@type":"EntryPoint","urlTemplate":"https:\/\/horticom.ee\/e-pood\/?s={search_term_string}"},"query-input":{"@type":"PropertyValueSpecification","valueRequired":true,"valueName":"search_term_string"}}],"inLanguage":"et"}]}},"_links":{"self":[{"href":"https:\/\/horticom.ee\/e-pood\/wp-json\/wp\/v2\/product\/2567417","targetHints":{"allow":["GET"]}}],"collection":[{"href":"https:\/\/horticom.ee\/e-pood\/wp-json\/wp\/v2\/product"}],"about":[{"href":"https:\/\/horticom.ee\/e-pood\/wp-json\/wp\/v2\/types\/product"}],"replies":[{"embeddable":true,"href":"https:\/\/horticom.ee\/e-pood\/wp-json\/wp\/v2\/comments?post=2567417"}],"wp:featuredmedia":[{"embeddable":true,"href":"https:\/\/horticom.ee\/e-pood\/wp-json\/wp\/v2\/media\/2567512"}],"wp:attachment":[{"href":"https:\/\/horticom.ee\/e-pood\/wp-json\/wp\/v2\/media?parent=2567417"}],"wp:term":[{"taxonomy":"product_cat","embeddable":true,"href":"https:\/\/horticom.ee\/e-pood\/wp-json\/wp\/v2\/product_cat?post=2567417"},{"taxonomy":"product_tag","embeddable":true,"href":"https:\/\/horticom.ee\/e-pood\/wp-json\/wp\/v2\/product_tag?post=2567417"}],"curies":[{"name":"wp","href":"https:\/\/api.w.org\/{rel}","templated":true}]}}