{"id":2587951,"date":"2026-03-27T17:01:14","date_gmt":"2026-03-27T15:01:14","guid":{"rendered":"https:\/\/horticom.ee\/e-pood\/toode\/aiakaarid-felco-13-jamedamatele-okstele-loike-d30mm-27cm-kaal-310g\/"},"modified":"2026-04-09T03:11:41","modified_gmt":"2026-04-09T00:11:41","slug":"aiakaarid-felco-13-jamedamatele-okstele-loike-d30mm-27cm-kaal-310g","status":"publish","type":"product","link":"https:\/\/horticom.ee\/e-pood\/toode\/aiakaarid-felco-13-jamedamatele-okstele-loike-d30mm-27cm-kaal-310g\/","title":{"rendered":"Aiak\u00e4\u00e4rid Felco 13 j\u00e4medamatele okstele l\u00f5ike d30mm 27cm kaal 310g"},"content":{"rendered":"<p>Mitmeotstarbelised pikema varrega oksak\u00e4\u00e4rid suurema l\u00f5ikel\u00e4bim\u00f5\u00f5duga okste l\u00f5ikamiseks (v\u00e4hendab 25% t\u00f6\u00f6j\u00f5uvajadust). Sobivad nii \u00fche kui ka kahe k\u00e4ega l\u00f5ikamiseks.<\/p>\n","protected":false},"excerpt":{"rendered":"<p>Mitmeotstarbelised pikema varrega oksak\u00e4\u00e4rid suurema l\u00f5ikel\u00e4bim\u00f5\u00f5duga okste l\u00f5ikamiseks (v\u00e4hendab 25% t\u00f6\u00f6j\u00f5uvajadust). Sobivad nii \u00fche kui ka kahe k\u00e4ega l\u00f5ikamiseks.<\/p>\n","protected":false},"featured_media":2588084,"comment_status":"closed","ping_status":"closed","template":"","meta":{"_themeisle_gutenberg_block_has_review":false},"product_cat":[13349,13622],"product_tag":[],"class_list":{"0":"post-2587951","1":"product","2":"type-product","3":"status-publish","4":"has-post-thumbnail","6":"product_cat-kaarid","7":"product_cat-aiatooriistad-tootjale","9":"first","10":"instock","11":"shipping-taxable","12":"purchasable","13":"product-type-simple"},"yoast_head":"<!-- This site is optimized with the Yoast SEO plugin v24.0 - https:\/\/yoast.com\/wordpress\/plugins\/seo\/ -->\n<title>Aiak\u00e4\u00e4rid Felco 13 j\u00e4medamatele okstele l\u00f5ike d30mm 27cm kaal 310g - Horticom<\/title>\n<meta name=\"robots\" content=\"index, follow, max-snippet:-1, max-image-preview:large, max-video-preview:-1\" \/>\n<link rel=\"canonical\" href=\"https:\/\/horticom.ee\/e-pood\/toode\/aiakaarid-felco-13-jamedamatele-okstele-loike-d30mm-27cm-kaal-310g\/\" \/>\n<meta property=\"og:locale\" content=\"et_EE\" \/>\n<meta property=\"og:type\" content=\"article\" \/>\n<meta property=\"og:title\" content=\"Aiak\u00e4\u00e4rid Felco 13 j\u00e4medamatele okstele l\u00f5ike d30mm 27cm kaal 310g - Horticom\" \/>\n<meta property=\"og:description\" content=\"Mitmeotstarbelised pikema varrega oksak\u00e4\u00e4rid suurema l\u00f5ikel\u00e4bim\u00f5\u00f5duga okste l\u00f5ikamiseks (v\u00e4hendab 25% t\u00f6\u00f6j\u00f5uvajadust). Sobivad nii \u00fche kui ka kahe k\u00e4ega l\u00f5ikamiseks.\" \/>\n<meta property=\"og:url\" content=\"https:\/\/horticom.ee\/e-pood\/toode\/aiakaarid-felco-13-jamedamatele-okstele-loike-d30mm-27cm-kaal-310g\/\" \/>\n<meta property=\"og:site_name\" content=\"Horticom.ee\" \/>\n<meta property=\"article:publisher\" content=\"https:\/\/www.facebook.com\/horticom.ee\/e-pood\" \/>\n<meta property=\"article:modified_time\" content=\"2026-04-09T00:11:41+00:00\" \/>\n<meta property=\"og:image\" content=\"https:\/\/horticom.ee\/e-pood\/wp-content\/uploads\/importedmedia\/product_2587951_0_360044.jpg\" \/>\n\t<meta property=\"og:image:width\" content=\"998\" \/>\n\t<meta property=\"og:image:height\" content=\"236\" \/>\n\t<meta property=\"og:image:type\" content=\"image\/jpeg\" \/>\n<meta name=\"twitter:card\" content=\"summary_large_image\" \/>\n<script type=\"application\/ld+json\" class=\"yoast-schema-graph\">{\"@context\":\"https:\/\/schema.org\",\"@graph\":[{\"@type\":\"WebPage\",\"@id\":\"https:\/\/horticom.ee\/e-pood\/toode\/aiakaarid-felco-13-jamedamatele-okstele-loike-d30mm-27cm-kaal-310g\/\",\"url\":\"https:\/\/horticom.ee\/e-pood\/toode\/aiakaarid-felco-13-jamedamatele-okstele-loike-d30mm-27cm-kaal-310g\/\",\"name\":\"Aiak\u00e4\u00e4rid Felco 13 j\u00e4medamatele okstele l\u00f5ike d30mm 27cm kaal 310g - Horticom\",\"isPartOf\":{\"@id\":\"https:\/\/horticom.ee\/e-pood\/#website\"},\"primaryImageOfPage\":{\"@id\":\"https:\/\/horticom.ee\/e-pood\/toode\/aiakaarid-felco-13-jamedamatele-okstele-loike-d30mm-27cm-kaal-310g\/#primaryimage\"},\"image\":{\"@id\":\"https:\/\/horticom.ee\/e-pood\/toode\/aiakaarid-felco-13-jamedamatele-okstele-loike-d30mm-27cm-kaal-310g\/#primaryimage\"},\"thumbnailUrl\":\"https:\/\/horticom.ee\/e-pood\/wp-content\/uploads\/importedmedia\/product_2587951_0_360044.jpg\",\"datePublished\":\"2026-03-27T15:01:14+00:00\",\"dateModified\":\"2026-04-09T00:11:41+00:00\",\"breadcrumb\":{\"@id\":\"https:\/\/horticom.ee\/e-pood\/toode\/aiakaarid-felco-13-jamedamatele-okstele-loike-d30mm-27cm-kaal-310g\/#breadcrumb\"},\"inLanguage\":\"et\",\"potentialAction\":[{\"@type\":\"ReadAction\",\"target\":[\"https:\/\/horticom.ee\/e-pood\/toode\/aiakaarid-felco-13-jamedamatele-okstele-loike-d30mm-27cm-kaal-310g\/\"]}]},{\"@type\":\"ImageObject\",\"inLanguage\":\"et\",\"@id\":\"https:\/\/horticom.ee\/e-pood\/toode\/aiakaarid-felco-13-jamedamatele-okstele-loike-d30mm-27cm-kaal-310g\/#primaryimage\",\"url\":\"https:\/\/horticom.ee\/e-pood\/wp-content\/uploads\/importedmedia\/product_2587951_0_360044.jpg\",\"contentUrl\":\"https:\/\/horticom.ee\/e-pood\/wp-content\/uploads\/importedmedia\/product_2587951_0_360044.jpg\",\"width\":998,\"height\":236},{\"@type\":\"BreadcrumbList\",\"@id\":\"https:\/\/horticom.ee\/e-pood\/toode\/aiakaarid-felco-13-jamedamatele-okstele-loike-d30mm-27cm-kaal-310g\/#breadcrumb\",\"itemListElement\":[{\"@type\":\"ListItem\",\"position\":1,\"name\":\"Home\",\"item\":\"https:\/\/horticom.ee\/e-pood\/\"},{\"@type\":\"ListItem\",\"position\":2,\"name\":\"Pood\",\"item\":\"https:\/\/horticom.ee\/e-pood\/pood\/\"},{\"@type\":\"ListItem\",\"position\":3,\"name\":\"Aiak\u00e4\u00e4rid Felco 13 j\u00e4medamatele okstele l\u00f5ike d30mm 27cm kaal 310g\"}]},{\"@type\":\"WebSite\",\"@id\":\"https:\/\/horticom.ee\/e-pood\/#website\",\"url\":\"https:\/\/horticom.ee\/e-pood\/\",\"name\":\"Horticom.ee\",\"description\":\"Aianduskaubad ja kodukaubad nii harrastajatele kui professionaalidele\",\"potentialAction\":[{\"@type\":\"SearchAction\",\"target\":{\"@type\":\"EntryPoint\",\"urlTemplate\":\"https:\/\/horticom.ee\/e-pood\/?s={search_term_string}\"},\"query-input\":{\"@type\":\"PropertyValueSpecification\",\"valueRequired\":true,\"valueName\":\"search_term_string\"}}],\"inLanguage\":\"et\"}]}<\/script>\n<!-- \/ Yoast SEO plugin. -->","yoast_head_json":{"title":"Aiak\u00e4\u00e4rid Felco 13 j\u00e4medamatele okstele l\u00f5ike d30mm 27cm kaal 310g - Horticom","robots":{"index":"index","follow":"follow","max-snippet":"max-snippet:-1","max-image-preview":"max-image-preview:large","max-video-preview":"max-video-preview:-1"},"canonical":"https:\/\/horticom.ee\/e-pood\/toode\/aiakaarid-felco-13-jamedamatele-okstele-loike-d30mm-27cm-kaal-310g\/","og_locale":"et_EE","og_type":"article","og_title":"Aiak\u00e4\u00e4rid Felco 13 j\u00e4medamatele okstele l\u00f5ike d30mm 27cm kaal 310g - Horticom","og_description":"Mitmeotstarbelised pikema varrega oksak\u00e4\u00e4rid suurema l\u00f5ikel\u00e4bim\u00f5\u00f5duga okste l\u00f5ikamiseks (v\u00e4hendab 25% t\u00f6\u00f6j\u00f5uvajadust). Sobivad nii \u00fche kui ka kahe k\u00e4ega l\u00f5ikamiseks.","og_url":"https:\/\/horticom.ee\/e-pood\/toode\/aiakaarid-felco-13-jamedamatele-okstele-loike-d30mm-27cm-kaal-310g\/","og_site_name":"Horticom.ee","article_publisher":"https:\/\/www.facebook.com\/horticom.ee\/e-pood","article_modified_time":"2026-04-09T00:11:41+00:00","og_image":[{"width":998,"height":236,"url":"https:\/\/horticom.ee\/e-pood\/wp-content\/uploads\/importedmedia\/product_2587951_0_360044.jpg","type":"image\/jpeg"}],"twitter_card":"summary_large_image","schema":{"@context":"https:\/\/schema.org","@graph":[{"@type":"WebPage","@id":"https:\/\/horticom.ee\/e-pood\/toode\/aiakaarid-felco-13-jamedamatele-okstele-loike-d30mm-27cm-kaal-310g\/","url":"https:\/\/horticom.ee\/e-pood\/toode\/aiakaarid-felco-13-jamedamatele-okstele-loike-d30mm-27cm-kaal-310g\/","name":"Aiak\u00e4\u00e4rid Felco 13 j\u00e4medamatele okstele l\u00f5ike d30mm 27cm kaal 310g - Horticom","isPartOf":{"@id":"https:\/\/horticom.ee\/e-pood\/#website"},"primaryImageOfPage":{"@id":"https:\/\/horticom.ee\/e-pood\/toode\/aiakaarid-felco-13-jamedamatele-okstele-loike-d30mm-27cm-kaal-310g\/#primaryimage"},"image":{"@id":"https:\/\/horticom.ee\/e-pood\/toode\/aiakaarid-felco-13-jamedamatele-okstele-loike-d30mm-27cm-kaal-310g\/#primaryimage"},"thumbnailUrl":"https:\/\/horticom.ee\/e-pood\/wp-content\/uploads\/importedmedia\/product_2587951_0_360044.jpg","datePublished":"2026-03-27T15:01:14+00:00","dateModified":"2026-04-09T00:11:41+00:00","breadcrumb":{"@id":"https:\/\/horticom.ee\/e-pood\/toode\/aiakaarid-felco-13-jamedamatele-okstele-loike-d30mm-27cm-kaal-310g\/#breadcrumb"},"inLanguage":"et","potentialAction":[{"@type":"ReadAction","target":["https:\/\/horticom.ee\/e-pood\/toode\/aiakaarid-felco-13-jamedamatele-okstele-loike-d30mm-27cm-kaal-310g\/"]}]},{"@type":"ImageObject","inLanguage":"et","@id":"https:\/\/horticom.ee\/e-pood\/toode\/aiakaarid-felco-13-jamedamatele-okstele-loike-d30mm-27cm-kaal-310g\/#primaryimage","url":"https:\/\/horticom.ee\/e-pood\/wp-content\/uploads\/importedmedia\/product_2587951_0_360044.jpg","contentUrl":"https:\/\/horticom.ee\/e-pood\/wp-content\/uploads\/importedmedia\/product_2587951_0_360044.jpg","width":998,"height":236},{"@type":"BreadcrumbList","@id":"https:\/\/horticom.ee\/e-pood\/toode\/aiakaarid-felco-13-jamedamatele-okstele-loike-d30mm-27cm-kaal-310g\/#breadcrumb","itemListElement":[{"@type":"ListItem","position":1,"name":"Home","item":"https:\/\/horticom.ee\/e-pood\/"},{"@type":"ListItem","position":2,"name":"Pood","item":"https:\/\/horticom.ee\/e-pood\/pood\/"},{"@type":"ListItem","position":3,"name":"Aiak\u00e4\u00e4rid Felco 13 j\u00e4medamatele okstele l\u00f5ike d30mm 27cm kaal 310g"}]},{"@type":"WebSite","@id":"https:\/\/horticom.ee\/e-pood\/#website","url":"https:\/\/horticom.ee\/e-pood\/","name":"Horticom.ee","description":"Aianduskaubad ja kodukaubad nii harrastajatele kui professionaalidele","potentialAction":[{"@type":"SearchAction","target":{"@type":"EntryPoint","urlTemplate":"https:\/\/horticom.ee\/e-pood\/?s={search_term_string}"},"query-input":{"@type":"PropertyValueSpecification","valueRequired":true,"valueName":"search_term_string"}}],"inLanguage":"et"}]}},"_links":{"self":[{"href":"https:\/\/horticom.ee\/e-pood\/wp-json\/wp\/v2\/product\/2587951","targetHints":{"allow":["GET"]}}],"collection":[{"href":"https:\/\/horticom.ee\/e-pood\/wp-json\/wp\/v2\/product"}],"about":[{"href":"https:\/\/horticom.ee\/e-pood\/wp-json\/wp\/v2\/types\/product"}],"replies":[{"embeddable":true,"href":"https:\/\/horticom.ee\/e-pood\/wp-json\/wp\/v2\/comments?post=2587951"}],"wp:featuredmedia":[{"embeddable":true,"href":"https:\/\/horticom.ee\/e-pood\/wp-json\/wp\/v2\/media\/2588084"}],"wp:attachment":[{"href":"https:\/\/horticom.ee\/e-pood\/wp-json\/wp\/v2\/media?parent=2587951"}],"wp:term":[{"taxonomy":"product_cat","embeddable":true,"href":"https:\/\/horticom.ee\/e-pood\/wp-json\/wp\/v2\/product_cat?post=2587951"},{"taxonomy":"product_tag","embeddable":true,"href":"https:\/\/horticom.ee\/e-pood\/wp-json\/wp\/v2\/product_tag?post=2587951"}],"curies":[{"name":"wp","href":"https:\/\/api.w.org\/{rel}","templated":true}]}}