{"id":2598562,"date":"2026-04-08T17:01:30","date_gmt":"2026-04-08T14:01:30","guid":{"rendered":"https:\/\/horticom.ee\/e-pood\/toode\/ampel-nora-32cm-10l2l-veereservuaari-eraldajaga-antratsiit-desch-tk\/"},"modified":"2026-04-23T03:19:46","modified_gmt":"2026-04-23T00:19:46","slug":"ampel-nora-32cm-10l2l-veereservuaari-eraldajaga-antratsiit-desch-tk","status":"publish","type":"product","link":"https:\/\/horticom.ee\/e-pood\/toode\/ampel-nora-32cm-10l2l-veereservuaari-eraldajaga-antratsiit-desch-tk\/","title":{"rendered":"Ampel Nora 32cm 10L+2L veereservuaari eraldajaga antratsiit Desch TK"},"content":{"rendered":"<p>Ampel Nora on nutikas lahendus neile, kes soovivad lopsakaid ja eluj\u00f5ulisi taimi, kuid ilma igap\u00e4evase kastmisvaevata. Selle 32 cm l\u00e4bim\u00f5\u00f5duga rippampeli suurim eelis on integreeritud 2-liitrine veereservuaar, mis tagab taimedele \u00fchtlase ja pikaajalise niiskuse. T\u00e4nu sellele p\u00fcsib muld niiske ka kuumadel suvep\u00e4evadel ning kastmissagedus v\u00e4heneb m\u00e4rgatavalt. Eemaldatav veereservuaari eraldaja v\u00f5imaldab juurtel saada vett vastavalt vajadusele, aidates ennetada nii \u00fclekastmist kui l\u00e4bikuivamist. See teeb taimede kasvatamise rippampelis eriti mugavaks ka algajale aednikule v\u00f5i kiire elutempoga linnainimesele.<br \/>\nUV-kindlast plastikust valmistatud antratsiitv\u00e4rvi ampel on ilmastikukindel ja sobib suurep\u00e4raselt r\u00f5dule, terrassile v\u00f5i kasvuhoonesse. Elegantne ja neutraalne toon sobitub h\u00f5lpsasti erinevate haljastusstiilidega.<\/p>\n","protected":false},"excerpt":{"rendered":"<p>Ampel Nora on nutikas lahendus neile, kes soovivad lopsakaid ja eluj\u00f5ulisi taimi, kuid ilma igap\u00e4evase kastmisvaevata. Selle 32 cm l\u00e4bim\u00f5\u00f5duga rippampeli suurim eelis on integreeritud 2-liitrine veereservuaar, mis tagab taimedele \u00fchtlase ja pikaajalise niiskuse. T\u00e4nu sellele p\u00fcsib muld niiske ka kuumadel suvep\u00e4evadel ning kastmissagedus v\u00e4heneb m\u00e4rgatavalt. Eemaldatav veereservuaari eraldaja v\u00f5imaldab juurtel saada vett vastavalt vajadusele, [&hellip;]<\/p>\n","protected":false},"featured_media":2610330,"comment_status":"closed","ping_status":"closed","template":"","meta":{"_themeisle_gutenberg_block_has_review":false},"product_cat":[13368,13629],"product_tag":[],"class_list":{"0":"post-2598562","1":"product","2":"type-product","3":"status-publish","4":"has-post-thumbnail","6":"product_cat-rippamplid","7":"product_cat-amplid-tootjale","9":"first","10":"instock","11":"shipping-taxable","12":"purchasable","13":"product-type-simple"},"yoast_head":"<!-- This site is optimized with the Yoast SEO plugin v24.0 - https:\/\/yoast.com\/wordpress\/plugins\/seo\/ -->\n<title>Ampel Nora 32cm 10L+2L veereservuaari eraldajaga antratsiit Desch TK - Horticom<\/title>\n<meta name=\"robots\" content=\"index, follow, max-snippet:-1, max-image-preview:large, max-video-preview:-1\" \/>\n<link rel=\"canonical\" href=\"https:\/\/horticom.ee\/e-pood\/toode\/ampel-nora-32cm-10l2l-veereservuaari-eraldajaga-antratsiit-desch-tk\/\" \/>\n<meta property=\"og:locale\" content=\"et_EE\" \/>\n<meta property=\"og:type\" content=\"article\" \/>\n<meta property=\"og:title\" content=\"Ampel Nora 32cm 10L+2L veereservuaari eraldajaga antratsiit Desch TK - Horticom\" \/>\n<meta property=\"og:description\" content=\"Ampel Nora on nutikas lahendus neile, kes soovivad lopsakaid ja eluj\u00f5ulisi taimi, kuid ilma igap\u00e4evase kastmisvaevata. Selle 32 cm l\u00e4bim\u00f5\u00f5duga rippampeli suurim eelis on integreeritud 2-liitrine veereservuaar, mis tagab taimedele \u00fchtlase ja pikaajalise niiskuse. T\u00e4nu sellele p\u00fcsib muld niiske ka kuumadel suvep\u00e4evadel ning kastmissagedus v\u00e4heneb m\u00e4rgatavalt. Eemaldatav veereservuaari eraldaja v\u00f5imaldab juurtel saada vett vastavalt vajadusele, [&hellip;]\" \/>\n<meta property=\"og:url\" content=\"https:\/\/horticom.ee\/e-pood\/toode\/ampel-nora-32cm-10l2l-veereservuaari-eraldajaga-antratsiit-desch-tk\/\" \/>\n<meta property=\"og:site_name\" content=\"Horticom.ee\" \/>\n<meta property=\"article:publisher\" content=\"https:\/\/www.facebook.com\/horticom.ee\/e-pood\" \/>\n<meta property=\"article:modified_time\" content=\"2026-04-23T00:19:46+00:00\" \/>\n<meta property=\"og:image\" content=\"https:\/\/horticom.ee\/e-pood\/wp-content\/uploads\/importedmedia\/product_2598562_0_2223462_1.jpg\" \/>\n\t<meta property=\"og:image:width\" content=\"1000\" \/>\n\t<meta property=\"og:image:height\" content=\"1040\" \/>\n\t<meta property=\"og:image:type\" content=\"image\/jpeg\" \/>\n<meta name=\"twitter:card\" content=\"summary_large_image\" \/>\n<meta name=\"twitter:label1\" content=\"Est. reading time\" \/>\n\t<meta name=\"twitter:data1\" content=\"1 minut\" \/>\n<script type=\"application\/ld+json\" class=\"yoast-schema-graph\">{\"@context\":\"https:\/\/schema.org\",\"@graph\":[{\"@type\":\"WebPage\",\"@id\":\"https:\/\/horticom.ee\/e-pood\/toode\/ampel-nora-32cm-10l2l-veereservuaari-eraldajaga-antratsiit-desch-tk\/\",\"url\":\"https:\/\/horticom.ee\/e-pood\/toode\/ampel-nora-32cm-10l2l-veereservuaari-eraldajaga-antratsiit-desch-tk\/\",\"name\":\"Ampel Nora 32cm 10L+2L veereservuaari eraldajaga antratsiit Desch TK - Horticom\",\"isPartOf\":{\"@id\":\"https:\/\/horticom.ee\/e-pood\/#website\"},\"primaryImageOfPage\":{\"@id\":\"https:\/\/horticom.ee\/e-pood\/toode\/ampel-nora-32cm-10l2l-veereservuaari-eraldajaga-antratsiit-desch-tk\/#primaryimage\"},\"image\":{\"@id\":\"https:\/\/horticom.ee\/e-pood\/toode\/ampel-nora-32cm-10l2l-veereservuaari-eraldajaga-antratsiit-desch-tk\/#primaryimage\"},\"thumbnailUrl\":\"https:\/\/horticom.ee\/e-pood\/wp-content\/uploads\/importedmedia\/product_2598562_0_2223462_1.jpg\",\"datePublished\":\"2026-04-08T14:01:30+00:00\",\"dateModified\":\"2026-04-23T00:19:46+00:00\",\"breadcrumb\":{\"@id\":\"https:\/\/horticom.ee\/e-pood\/toode\/ampel-nora-32cm-10l2l-veereservuaari-eraldajaga-antratsiit-desch-tk\/#breadcrumb\"},\"inLanguage\":\"et\",\"potentialAction\":[{\"@type\":\"ReadAction\",\"target\":[\"https:\/\/horticom.ee\/e-pood\/toode\/ampel-nora-32cm-10l2l-veereservuaari-eraldajaga-antratsiit-desch-tk\/\"]}]},{\"@type\":\"ImageObject\",\"inLanguage\":\"et\",\"@id\":\"https:\/\/horticom.ee\/e-pood\/toode\/ampel-nora-32cm-10l2l-veereservuaari-eraldajaga-antratsiit-desch-tk\/#primaryimage\",\"url\":\"https:\/\/horticom.ee\/e-pood\/wp-content\/uploads\/importedmedia\/product_2598562_0_2223462_1.jpg\",\"contentUrl\":\"https:\/\/horticom.ee\/e-pood\/wp-content\/uploads\/importedmedia\/product_2598562_0_2223462_1.jpg\",\"width\":1000,\"height\":1040},{\"@type\":\"BreadcrumbList\",\"@id\":\"https:\/\/horticom.ee\/e-pood\/toode\/ampel-nora-32cm-10l2l-veereservuaari-eraldajaga-antratsiit-desch-tk\/#breadcrumb\",\"itemListElement\":[{\"@type\":\"ListItem\",\"position\":1,\"name\":\"Home\",\"item\":\"https:\/\/horticom.ee\/e-pood\/\"},{\"@type\":\"ListItem\",\"position\":2,\"name\":\"Pood\",\"item\":\"https:\/\/horticom.ee\/e-pood\/pood\/\"},{\"@type\":\"ListItem\",\"position\":3,\"name\":\"Ampel Nora 32cm 10L+2L veereservuaari eraldajaga antratsiit Desch TK\"}]},{\"@type\":\"WebSite\",\"@id\":\"https:\/\/horticom.ee\/e-pood\/#website\",\"url\":\"https:\/\/horticom.ee\/e-pood\/\",\"name\":\"Horticom.ee\",\"description\":\"Aianduskaubad ja kodukaubad nii harrastajatele kui professionaalidele\",\"potentialAction\":[{\"@type\":\"SearchAction\",\"target\":{\"@type\":\"EntryPoint\",\"urlTemplate\":\"https:\/\/horticom.ee\/e-pood\/?s={search_term_string}\"},\"query-input\":{\"@type\":\"PropertyValueSpecification\",\"valueRequired\":true,\"valueName\":\"search_term_string\"}}],\"inLanguage\":\"et\"}]}<\/script>\n<!-- \/ Yoast SEO plugin. -->","yoast_head_json":{"title":"Ampel Nora 32cm 10L+2L veereservuaari eraldajaga antratsiit Desch TK - Horticom","robots":{"index":"index","follow":"follow","max-snippet":"max-snippet:-1","max-image-preview":"max-image-preview:large","max-video-preview":"max-video-preview:-1"},"canonical":"https:\/\/horticom.ee\/e-pood\/toode\/ampel-nora-32cm-10l2l-veereservuaari-eraldajaga-antratsiit-desch-tk\/","og_locale":"et_EE","og_type":"article","og_title":"Ampel Nora 32cm 10L+2L veereservuaari eraldajaga antratsiit Desch TK - Horticom","og_description":"Ampel Nora on nutikas lahendus neile, kes soovivad lopsakaid ja eluj\u00f5ulisi taimi, kuid ilma igap\u00e4evase kastmisvaevata. Selle 32 cm l\u00e4bim\u00f5\u00f5duga rippampeli suurim eelis on integreeritud 2-liitrine veereservuaar, mis tagab taimedele \u00fchtlase ja pikaajalise niiskuse. T\u00e4nu sellele p\u00fcsib muld niiske ka kuumadel suvep\u00e4evadel ning kastmissagedus v\u00e4heneb m\u00e4rgatavalt. Eemaldatav veereservuaari eraldaja v\u00f5imaldab juurtel saada vett vastavalt vajadusele, [&hellip;]","og_url":"https:\/\/horticom.ee\/e-pood\/toode\/ampel-nora-32cm-10l2l-veereservuaari-eraldajaga-antratsiit-desch-tk\/","og_site_name":"Horticom.ee","article_publisher":"https:\/\/www.facebook.com\/horticom.ee\/e-pood","article_modified_time":"2026-04-23T00:19:46+00:00","og_image":[{"width":1000,"height":1040,"url":"https:\/\/horticom.ee\/e-pood\/wp-content\/uploads\/importedmedia\/product_2598562_0_2223462_1.jpg","type":"image\/jpeg"}],"twitter_card":"summary_large_image","twitter_misc":{"Est. reading time":"1 minut"},"schema":{"@context":"https:\/\/schema.org","@graph":[{"@type":"WebPage","@id":"https:\/\/horticom.ee\/e-pood\/toode\/ampel-nora-32cm-10l2l-veereservuaari-eraldajaga-antratsiit-desch-tk\/","url":"https:\/\/horticom.ee\/e-pood\/toode\/ampel-nora-32cm-10l2l-veereservuaari-eraldajaga-antratsiit-desch-tk\/","name":"Ampel Nora 32cm 10L+2L veereservuaari eraldajaga antratsiit Desch TK - Horticom","isPartOf":{"@id":"https:\/\/horticom.ee\/e-pood\/#website"},"primaryImageOfPage":{"@id":"https:\/\/horticom.ee\/e-pood\/toode\/ampel-nora-32cm-10l2l-veereservuaari-eraldajaga-antratsiit-desch-tk\/#primaryimage"},"image":{"@id":"https:\/\/horticom.ee\/e-pood\/toode\/ampel-nora-32cm-10l2l-veereservuaari-eraldajaga-antratsiit-desch-tk\/#primaryimage"},"thumbnailUrl":"https:\/\/horticom.ee\/e-pood\/wp-content\/uploads\/importedmedia\/product_2598562_0_2223462_1.jpg","datePublished":"2026-04-08T14:01:30+00:00","dateModified":"2026-04-23T00:19:46+00:00","breadcrumb":{"@id":"https:\/\/horticom.ee\/e-pood\/toode\/ampel-nora-32cm-10l2l-veereservuaari-eraldajaga-antratsiit-desch-tk\/#breadcrumb"},"inLanguage":"et","potentialAction":[{"@type":"ReadAction","target":["https:\/\/horticom.ee\/e-pood\/toode\/ampel-nora-32cm-10l2l-veereservuaari-eraldajaga-antratsiit-desch-tk\/"]}]},{"@type":"ImageObject","inLanguage":"et","@id":"https:\/\/horticom.ee\/e-pood\/toode\/ampel-nora-32cm-10l2l-veereservuaari-eraldajaga-antratsiit-desch-tk\/#primaryimage","url":"https:\/\/horticom.ee\/e-pood\/wp-content\/uploads\/importedmedia\/product_2598562_0_2223462_1.jpg","contentUrl":"https:\/\/horticom.ee\/e-pood\/wp-content\/uploads\/importedmedia\/product_2598562_0_2223462_1.jpg","width":1000,"height":1040},{"@type":"BreadcrumbList","@id":"https:\/\/horticom.ee\/e-pood\/toode\/ampel-nora-32cm-10l2l-veereservuaari-eraldajaga-antratsiit-desch-tk\/#breadcrumb","itemListElement":[{"@type":"ListItem","position":1,"name":"Home","item":"https:\/\/horticom.ee\/e-pood\/"},{"@type":"ListItem","position":2,"name":"Pood","item":"https:\/\/horticom.ee\/e-pood\/pood\/"},{"@type":"ListItem","position":3,"name":"Ampel Nora 32cm 10L+2L veereservuaari eraldajaga antratsiit Desch TK"}]},{"@type":"WebSite","@id":"https:\/\/horticom.ee\/e-pood\/#website","url":"https:\/\/horticom.ee\/e-pood\/","name":"Horticom.ee","description":"Aianduskaubad ja kodukaubad nii harrastajatele kui professionaalidele","potentialAction":[{"@type":"SearchAction","target":{"@type":"EntryPoint","urlTemplate":"https:\/\/horticom.ee\/e-pood\/?s={search_term_string}"},"query-input":{"@type":"PropertyValueSpecification","valueRequired":true,"valueName":"search_term_string"}}],"inLanguage":"et"}]}},"_links":{"self":[{"href":"https:\/\/horticom.ee\/e-pood\/wp-json\/wp\/v2\/product\/2598562","targetHints":{"allow":["GET"]}}],"collection":[{"href":"https:\/\/horticom.ee\/e-pood\/wp-json\/wp\/v2\/product"}],"about":[{"href":"https:\/\/horticom.ee\/e-pood\/wp-json\/wp\/v2\/types\/product"}],"replies":[{"embeddable":true,"href":"https:\/\/horticom.ee\/e-pood\/wp-json\/wp\/v2\/comments?post=2598562"}],"wp:featuredmedia":[{"embeddable":true,"href":"https:\/\/horticom.ee\/e-pood\/wp-json\/wp\/v2\/media\/2610330"}],"wp:attachment":[{"href":"https:\/\/horticom.ee\/e-pood\/wp-json\/wp\/v2\/media?parent=2598562"}],"wp:term":[{"taxonomy":"product_cat","embeddable":true,"href":"https:\/\/horticom.ee\/e-pood\/wp-json\/wp\/v2\/product_cat?post=2598562"},{"taxonomy":"product_tag","embeddable":true,"href":"https:\/\/horticom.ee\/e-pood\/wp-json\/wp\/v2\/product_tag?post=2598562"}],"curies":[{"name":"wp","href":"https:\/\/api.w.org\/{rel}","templated":true}]}}