{"id":2599690,"date":"2026-04-09T17:01:32","date_gmt":"2026-04-09T14:01:32","guid":{"rendered":"https:\/\/horticom.ee\/e-pood\/toode\/mikrovorsed-salatkress-caligola\/"},"modified":"2026-04-16T03:16:30","modified_gmt":"2026-04-16T00:16:30","slug":"mikrovorsed-salatkress-caligola","status":"publish","type":"product","link":"https:\/\/horticom.ee\/e-pood\/toode\/mikrovorsed-salatkress-caligola\/","title":{"rendered":"Mikrov\u00f5rsed Salatkress Caligola"},"content":{"rendered":"<p>Mikrov\u00f5rseid kasutatakse toitude maitsestamiseks ja kaunistamiseks. Seemneid k\u00fclvatakse aasta ringi idandamisalustele v\u00f5i madalatesse anumatesse. Idandatakse turbatablettidel, steriilsel kiul v\u00f5i muul spetsiaalselt ette n\u00e4htud kasvusubstraadil. Tarbitakse ilma juurteta. Aedkressi mikrov\u00f5rsed on kr\u00f5mpsuvad ja mahlased, neid iseloomustab mahe teravus, mis meenutab m\u00e4dar\u00f5igast v\u00f5i sinepit.<\/p>\n","protected":false},"excerpt":{"rendered":"<p>Mikrov\u00f5rseid kasutatakse toitude maitsestamiseks ja kaunistamiseks. Seemneid k\u00fclvatakse aasta ringi idandamisalustele v\u00f5i madalatesse anumatesse. Idandatakse turbatablettidel, steriilsel kiul v\u00f5i muul spetsiaalselt ette n\u00e4htud kasvusubstraadil. Tarbitakse ilma juurteta. Aedkressi mikrov\u00f5rsed on kr\u00f5mpsuvad ja mahlased, neid iseloomustab mahe teravus, mis meenutab m\u00e4dar\u00f5igast v\u00f5i sinepit.<\/p>\n","protected":false},"featured_media":2599732,"comment_status":"closed","ping_status":"closed","template":"","meta":{"_themeisle_gutenberg_block_has_review":false},"product_cat":[13495],"product_tag":[],"class_list":{"0":"post-2599690","1":"product","2":"type-product","3":"status-publish","4":"has-post-thumbnail","6":"product_cat-idandid","8":"first","9":"instock","10":"shipping-taxable","11":"purchasable","12":"product-type-simple"},"yoast_head":"<!-- This site is optimized with the Yoast SEO plugin v24.0 - https:\/\/yoast.com\/wordpress\/plugins\/seo\/ -->\n<title>Mikrov\u00f5rsed Salatkress Caligola - Horticom<\/title>\n<meta name=\"robots\" content=\"index, follow, max-snippet:-1, max-image-preview:large, max-video-preview:-1\" \/>\n<link rel=\"canonical\" href=\"https:\/\/horticom.ee\/e-pood\/toode\/mikrovorsed-salatkress-caligola\/\" \/>\n<meta property=\"og:locale\" content=\"et_EE\" \/>\n<meta property=\"og:type\" content=\"article\" \/>\n<meta property=\"og:title\" content=\"Mikrov\u00f5rsed Salatkress Caligola - Horticom\" \/>\n<meta property=\"og:description\" content=\"Mikrov\u00f5rseid kasutatakse toitude maitsestamiseks ja kaunistamiseks. Seemneid k\u00fclvatakse aasta ringi idandamisalustele v\u00f5i madalatesse anumatesse. Idandatakse turbatablettidel, steriilsel kiul v\u00f5i muul spetsiaalselt ette n\u00e4htud kasvusubstraadil. Tarbitakse ilma juurteta. Aedkressi mikrov\u00f5rsed on kr\u00f5mpsuvad ja mahlased, neid iseloomustab mahe teravus, mis meenutab m\u00e4dar\u00f5igast v\u00f5i sinepit.\" \/>\n<meta property=\"og:url\" content=\"https:\/\/horticom.ee\/e-pood\/toode\/mikrovorsed-salatkress-caligola\/\" \/>\n<meta property=\"og:site_name\" content=\"Horticom.ee\" \/>\n<meta property=\"article:publisher\" content=\"https:\/\/www.facebook.com\/horticom.ee\/e-pood\" \/>\n<meta property=\"article:modified_time\" content=\"2026-04-16T00:16:30+00:00\" \/>\n<meta property=\"og:image\" content=\"https:\/\/horticom.ee\/e-pood\/wp-content\/uploads\/importedmedia\/product_2599690_0_UG033.jpg\" \/>\n\t<meta property=\"og:image:width\" content=\"999\" \/>\n\t<meta property=\"og:image:height\" content=\"1434\" \/>\n\t<meta property=\"og:image:type\" content=\"image\/jpeg\" \/>\n<meta name=\"twitter:card\" content=\"summary_large_image\" \/>\n<script type=\"application\/ld+json\" class=\"yoast-schema-graph\">{\"@context\":\"https:\/\/schema.org\",\"@graph\":[{\"@type\":\"WebPage\",\"@id\":\"https:\/\/horticom.ee\/e-pood\/toode\/mikrovorsed-salatkress-caligola\/\",\"url\":\"https:\/\/horticom.ee\/e-pood\/toode\/mikrovorsed-salatkress-caligola\/\",\"name\":\"Mikrov\u00f5rsed Salatkress Caligola - Horticom\",\"isPartOf\":{\"@id\":\"https:\/\/horticom.ee\/e-pood\/#website\"},\"primaryImageOfPage\":{\"@id\":\"https:\/\/horticom.ee\/e-pood\/toode\/mikrovorsed-salatkress-caligola\/#primaryimage\"},\"image\":{\"@id\":\"https:\/\/horticom.ee\/e-pood\/toode\/mikrovorsed-salatkress-caligola\/#primaryimage\"},\"thumbnailUrl\":\"https:\/\/horticom.ee\/e-pood\/wp-content\/uploads\/importedmedia\/product_2599690_0_UG033.jpg\",\"datePublished\":\"2026-04-09T14:01:32+00:00\",\"dateModified\":\"2026-04-16T00:16:30+00:00\",\"breadcrumb\":{\"@id\":\"https:\/\/horticom.ee\/e-pood\/toode\/mikrovorsed-salatkress-caligola\/#breadcrumb\"},\"inLanguage\":\"et\",\"potentialAction\":[{\"@type\":\"ReadAction\",\"target\":[\"https:\/\/horticom.ee\/e-pood\/toode\/mikrovorsed-salatkress-caligola\/\"]}]},{\"@type\":\"ImageObject\",\"inLanguage\":\"et\",\"@id\":\"https:\/\/horticom.ee\/e-pood\/toode\/mikrovorsed-salatkress-caligola\/#primaryimage\",\"url\":\"https:\/\/horticom.ee\/e-pood\/wp-content\/uploads\/importedmedia\/product_2599690_0_UG033.jpg\",\"contentUrl\":\"https:\/\/horticom.ee\/e-pood\/wp-content\/uploads\/importedmedia\/product_2599690_0_UG033.jpg\",\"width\":999,\"height\":1434},{\"@type\":\"BreadcrumbList\",\"@id\":\"https:\/\/horticom.ee\/e-pood\/toode\/mikrovorsed-salatkress-caligola\/#breadcrumb\",\"itemListElement\":[{\"@type\":\"ListItem\",\"position\":1,\"name\":\"Home\",\"item\":\"https:\/\/horticom.ee\/e-pood\/\"},{\"@type\":\"ListItem\",\"position\":2,\"name\":\"Pood\",\"item\":\"https:\/\/horticom.ee\/e-pood\/pood\/\"},{\"@type\":\"ListItem\",\"position\":3,\"name\":\"Mikrov\u00f5rsed Salatkress Caligola\"}]},{\"@type\":\"WebSite\",\"@id\":\"https:\/\/horticom.ee\/e-pood\/#website\",\"url\":\"https:\/\/horticom.ee\/e-pood\/\",\"name\":\"Horticom.ee\",\"description\":\"Aianduskaubad ja kodukaubad nii harrastajatele kui professionaalidele\",\"potentialAction\":[{\"@type\":\"SearchAction\",\"target\":{\"@type\":\"EntryPoint\",\"urlTemplate\":\"https:\/\/horticom.ee\/e-pood\/?s={search_term_string}\"},\"query-input\":{\"@type\":\"PropertyValueSpecification\",\"valueRequired\":true,\"valueName\":\"search_term_string\"}}],\"inLanguage\":\"et\"}]}<\/script>\n<!-- \/ Yoast SEO plugin. -->","yoast_head_json":{"title":"Mikrov\u00f5rsed Salatkress Caligola - Horticom","robots":{"index":"index","follow":"follow","max-snippet":"max-snippet:-1","max-image-preview":"max-image-preview:large","max-video-preview":"max-video-preview:-1"},"canonical":"https:\/\/horticom.ee\/e-pood\/toode\/mikrovorsed-salatkress-caligola\/","og_locale":"et_EE","og_type":"article","og_title":"Mikrov\u00f5rsed Salatkress Caligola - Horticom","og_description":"Mikrov\u00f5rseid kasutatakse toitude maitsestamiseks ja kaunistamiseks. Seemneid k\u00fclvatakse aasta ringi idandamisalustele v\u00f5i madalatesse anumatesse. Idandatakse turbatablettidel, steriilsel kiul v\u00f5i muul spetsiaalselt ette n\u00e4htud kasvusubstraadil. Tarbitakse ilma juurteta. Aedkressi mikrov\u00f5rsed on kr\u00f5mpsuvad ja mahlased, neid iseloomustab mahe teravus, mis meenutab m\u00e4dar\u00f5igast v\u00f5i sinepit.","og_url":"https:\/\/horticom.ee\/e-pood\/toode\/mikrovorsed-salatkress-caligola\/","og_site_name":"Horticom.ee","article_publisher":"https:\/\/www.facebook.com\/horticom.ee\/e-pood","article_modified_time":"2026-04-16T00:16:30+00:00","og_image":[{"width":999,"height":1434,"url":"https:\/\/horticom.ee\/e-pood\/wp-content\/uploads\/importedmedia\/product_2599690_0_UG033.jpg","type":"image\/jpeg"}],"twitter_card":"summary_large_image","schema":{"@context":"https:\/\/schema.org","@graph":[{"@type":"WebPage","@id":"https:\/\/horticom.ee\/e-pood\/toode\/mikrovorsed-salatkress-caligola\/","url":"https:\/\/horticom.ee\/e-pood\/toode\/mikrovorsed-salatkress-caligola\/","name":"Mikrov\u00f5rsed Salatkress Caligola - Horticom","isPartOf":{"@id":"https:\/\/horticom.ee\/e-pood\/#website"},"primaryImageOfPage":{"@id":"https:\/\/horticom.ee\/e-pood\/toode\/mikrovorsed-salatkress-caligola\/#primaryimage"},"image":{"@id":"https:\/\/horticom.ee\/e-pood\/toode\/mikrovorsed-salatkress-caligola\/#primaryimage"},"thumbnailUrl":"https:\/\/horticom.ee\/e-pood\/wp-content\/uploads\/importedmedia\/product_2599690_0_UG033.jpg","datePublished":"2026-04-09T14:01:32+00:00","dateModified":"2026-04-16T00:16:30+00:00","breadcrumb":{"@id":"https:\/\/horticom.ee\/e-pood\/toode\/mikrovorsed-salatkress-caligola\/#breadcrumb"},"inLanguage":"et","potentialAction":[{"@type":"ReadAction","target":["https:\/\/horticom.ee\/e-pood\/toode\/mikrovorsed-salatkress-caligola\/"]}]},{"@type":"ImageObject","inLanguage":"et","@id":"https:\/\/horticom.ee\/e-pood\/toode\/mikrovorsed-salatkress-caligola\/#primaryimage","url":"https:\/\/horticom.ee\/e-pood\/wp-content\/uploads\/importedmedia\/product_2599690_0_UG033.jpg","contentUrl":"https:\/\/horticom.ee\/e-pood\/wp-content\/uploads\/importedmedia\/product_2599690_0_UG033.jpg","width":999,"height":1434},{"@type":"BreadcrumbList","@id":"https:\/\/horticom.ee\/e-pood\/toode\/mikrovorsed-salatkress-caligola\/#breadcrumb","itemListElement":[{"@type":"ListItem","position":1,"name":"Home","item":"https:\/\/horticom.ee\/e-pood\/"},{"@type":"ListItem","position":2,"name":"Pood","item":"https:\/\/horticom.ee\/e-pood\/pood\/"},{"@type":"ListItem","position":3,"name":"Mikrov\u00f5rsed Salatkress Caligola"}]},{"@type":"WebSite","@id":"https:\/\/horticom.ee\/e-pood\/#website","url":"https:\/\/horticom.ee\/e-pood\/","name":"Horticom.ee","description":"Aianduskaubad ja kodukaubad nii harrastajatele kui professionaalidele","potentialAction":[{"@type":"SearchAction","target":{"@type":"EntryPoint","urlTemplate":"https:\/\/horticom.ee\/e-pood\/?s={search_term_string}"},"query-input":{"@type":"PropertyValueSpecification","valueRequired":true,"valueName":"search_term_string"}}],"inLanguage":"et"}]}},"_links":{"self":[{"href":"https:\/\/horticom.ee\/e-pood\/wp-json\/wp\/v2\/product\/2599690","targetHints":{"allow":["GET"]}}],"collection":[{"href":"https:\/\/horticom.ee\/e-pood\/wp-json\/wp\/v2\/product"}],"about":[{"href":"https:\/\/horticom.ee\/e-pood\/wp-json\/wp\/v2\/types\/product"}],"replies":[{"embeddable":true,"href":"https:\/\/horticom.ee\/e-pood\/wp-json\/wp\/v2\/comments?post=2599690"}],"wp:featuredmedia":[{"embeddable":true,"href":"https:\/\/horticom.ee\/e-pood\/wp-json\/wp\/v2\/media\/2599732"}],"wp:attachment":[{"href":"https:\/\/horticom.ee\/e-pood\/wp-json\/wp\/v2\/media?parent=2599690"}],"wp:term":[{"taxonomy":"product_cat","embeddable":true,"href":"https:\/\/horticom.ee\/e-pood\/wp-json\/wp\/v2\/product_cat?post=2599690"},{"taxonomy":"product_tag","embeddable":true,"href":"https:\/\/horticom.ee\/e-pood\/wp-json\/wp\/v2\/product_tag?post=2599690"}],"curies":[{"name":"wp","href":"https:\/\/api.w.org\/{rel}","templated":true}]}}