{"id":2600305,"date":"2026-04-10T06:00:33","date_gmt":"2026-04-10T03:00:33","guid":{"rendered":"https:\/\/horticom.ee\/e-pood\/toode\/voolik-marolex-17m\/"},"modified":"2026-04-10T06:00:33","modified_gmt":"2026-04-10T03:00:33","slug":"voolik-marolex-17m","status":"publish","type":"product","link":"https:\/\/horticom.ee\/e-pood\/toode\/voolik-marolex-17m\/","title":{"rendered":"Voolik Marolex 1,7m"},"content":{"rendered":"<p>Voolik Marolex R011d on \u00e4\u00e4rmiselt vastupidav kolmekihiline survevoolik taimekaitsevahendite ja kergete kemikaalidega kastmiseks. Selle pikkus v\u00f5imaldab teil mugavalt t\u00f6\u00f6tada mis tahes kandev\u00f5ime ja kandeviisiga pihustiga. Komplekt sisaldab vedruga mutreid, mis v\u00e4listab t\u00e4ielikult vooliku purunemise k\u00e4epideme juures, ja pihustipaagi.<\/p>\n","protected":false},"excerpt":{"rendered":"<p>Voolik Marolex R011d on \u00e4\u00e4rmiselt vastupidav kolmekihiline survevoolik taimekaitsevahendite ja kergete kemikaalidega kastmiseks. Selle pikkus v\u00f5imaldab teil mugavalt t\u00f6\u00f6tada mis tahes kandev\u00f5ime ja kandeviisiga pihustiga. Komplekt sisaldab vedruga mutreid, mis v\u00e4listab t\u00e4ielikult vooliku purunemise k\u00e4epideme juures, ja pihustipaagi.<\/p>\n","protected":false},"featured_media":0,"comment_status":"closed","ping_status":"closed","template":"","meta":{"_themeisle_gutenberg_block_has_review":false},"product_cat":[13390],"product_tag":[],"class_list":{"0":"post-2600305","1":"product","2":"type-product","3":"status-publish","5":"product_cat-voolikud","7":"first","8":"outofstock","9":"shipping-taxable","10":"purchasable","11":"product-type-simple"},"yoast_head":"<!-- This site is optimized with the Yoast SEO plugin v24.0 - https:\/\/yoast.com\/wordpress\/plugins\/seo\/ -->\n<title>Voolik Marolex 1,7m - Horticom<\/title>\n<meta name=\"robots\" content=\"index, follow, max-snippet:-1, max-image-preview:large, max-video-preview:-1\" \/>\n<link rel=\"canonical\" href=\"https:\/\/horticom.ee\/e-pood\/toode\/voolik-marolex-17m\/\" \/>\n<meta property=\"og:locale\" content=\"et_EE\" \/>\n<meta property=\"og:type\" content=\"article\" \/>\n<meta property=\"og:title\" content=\"Voolik Marolex 1,7m - Horticom\" \/>\n<meta property=\"og:description\" content=\"Voolik Marolex R011d on \u00e4\u00e4rmiselt vastupidav kolmekihiline survevoolik taimekaitsevahendite ja kergete kemikaalidega kastmiseks. Selle pikkus v\u00f5imaldab teil mugavalt t\u00f6\u00f6tada mis tahes kandev\u00f5ime ja kandeviisiga pihustiga. Komplekt sisaldab vedruga mutreid, mis v\u00e4listab t\u00e4ielikult vooliku purunemise k\u00e4epideme juures, ja pihustipaagi.\" \/>\n<meta property=\"og:url\" content=\"https:\/\/horticom.ee\/e-pood\/toode\/voolik-marolex-17m\/\" \/>\n<meta property=\"og:site_name\" content=\"Horticom.ee\" \/>\n<meta property=\"article:publisher\" content=\"https:\/\/www.facebook.com\/horticom.ee\/e-pood\" \/>\n<meta name=\"twitter:card\" content=\"summary_large_image\" \/>\n<script type=\"application\/ld+json\" class=\"yoast-schema-graph\">{\"@context\":\"https:\/\/schema.org\",\"@graph\":[{\"@type\":\"WebPage\",\"@id\":\"https:\/\/horticom.ee\/e-pood\/toode\/voolik-marolex-17m\/\",\"url\":\"https:\/\/horticom.ee\/e-pood\/toode\/voolik-marolex-17m\/\",\"name\":\"Voolik Marolex 1,7m - Horticom\",\"isPartOf\":{\"@id\":\"https:\/\/horticom.ee\/e-pood\/#website\"},\"datePublished\":\"2026-04-10T03:00:33+00:00\",\"dateModified\":\"2026-04-10T03:00:33+00:00\",\"breadcrumb\":{\"@id\":\"https:\/\/horticom.ee\/e-pood\/toode\/voolik-marolex-17m\/#breadcrumb\"},\"inLanguage\":\"et\",\"potentialAction\":[{\"@type\":\"ReadAction\",\"target\":[\"https:\/\/horticom.ee\/e-pood\/toode\/voolik-marolex-17m\/\"]}]},{\"@type\":\"BreadcrumbList\",\"@id\":\"https:\/\/horticom.ee\/e-pood\/toode\/voolik-marolex-17m\/#breadcrumb\",\"itemListElement\":[{\"@type\":\"ListItem\",\"position\":1,\"name\":\"Home\",\"item\":\"https:\/\/horticom.ee\/e-pood\/\"},{\"@type\":\"ListItem\",\"position\":2,\"name\":\"Pood\",\"item\":\"https:\/\/horticom.ee\/e-pood\/pood\/\"},{\"@type\":\"ListItem\",\"position\":3,\"name\":\"Voolik Marolex 1,7m\"}]},{\"@type\":\"WebSite\",\"@id\":\"https:\/\/horticom.ee\/e-pood\/#website\",\"url\":\"https:\/\/horticom.ee\/e-pood\/\",\"name\":\"Horticom.ee\",\"description\":\"Aianduskaubad ja kodukaubad nii harrastajatele kui professionaalidele\",\"potentialAction\":[{\"@type\":\"SearchAction\",\"target\":{\"@type\":\"EntryPoint\",\"urlTemplate\":\"https:\/\/horticom.ee\/e-pood\/?s={search_term_string}\"},\"query-input\":{\"@type\":\"PropertyValueSpecification\",\"valueRequired\":true,\"valueName\":\"search_term_string\"}}],\"inLanguage\":\"et\"}]}<\/script>\n<!-- \/ Yoast SEO plugin. -->","yoast_head_json":{"title":"Voolik Marolex 1,7m - Horticom","robots":{"index":"index","follow":"follow","max-snippet":"max-snippet:-1","max-image-preview":"max-image-preview:large","max-video-preview":"max-video-preview:-1"},"canonical":"https:\/\/horticom.ee\/e-pood\/toode\/voolik-marolex-17m\/","og_locale":"et_EE","og_type":"article","og_title":"Voolik Marolex 1,7m - Horticom","og_description":"Voolik Marolex R011d on \u00e4\u00e4rmiselt vastupidav kolmekihiline survevoolik taimekaitsevahendite ja kergete kemikaalidega kastmiseks. Selle pikkus v\u00f5imaldab teil mugavalt t\u00f6\u00f6tada mis tahes kandev\u00f5ime ja kandeviisiga pihustiga. Komplekt sisaldab vedruga mutreid, mis v\u00e4listab t\u00e4ielikult vooliku purunemise k\u00e4epideme juures, ja pihustipaagi.","og_url":"https:\/\/horticom.ee\/e-pood\/toode\/voolik-marolex-17m\/","og_site_name":"Horticom.ee","article_publisher":"https:\/\/www.facebook.com\/horticom.ee\/e-pood","twitter_card":"summary_large_image","schema":{"@context":"https:\/\/schema.org","@graph":[{"@type":"WebPage","@id":"https:\/\/horticom.ee\/e-pood\/toode\/voolik-marolex-17m\/","url":"https:\/\/horticom.ee\/e-pood\/toode\/voolik-marolex-17m\/","name":"Voolik Marolex 1,7m - Horticom","isPartOf":{"@id":"https:\/\/horticom.ee\/e-pood\/#website"},"datePublished":"2026-04-10T03:00:33+00:00","dateModified":"2026-04-10T03:00:33+00:00","breadcrumb":{"@id":"https:\/\/horticom.ee\/e-pood\/toode\/voolik-marolex-17m\/#breadcrumb"},"inLanguage":"et","potentialAction":[{"@type":"ReadAction","target":["https:\/\/horticom.ee\/e-pood\/toode\/voolik-marolex-17m\/"]}]},{"@type":"BreadcrumbList","@id":"https:\/\/horticom.ee\/e-pood\/toode\/voolik-marolex-17m\/#breadcrumb","itemListElement":[{"@type":"ListItem","position":1,"name":"Home","item":"https:\/\/horticom.ee\/e-pood\/"},{"@type":"ListItem","position":2,"name":"Pood","item":"https:\/\/horticom.ee\/e-pood\/pood\/"},{"@type":"ListItem","position":3,"name":"Voolik Marolex 1,7m"}]},{"@type":"WebSite","@id":"https:\/\/horticom.ee\/e-pood\/#website","url":"https:\/\/horticom.ee\/e-pood\/","name":"Horticom.ee","description":"Aianduskaubad ja kodukaubad nii harrastajatele kui professionaalidele","potentialAction":[{"@type":"SearchAction","target":{"@type":"EntryPoint","urlTemplate":"https:\/\/horticom.ee\/e-pood\/?s={search_term_string}"},"query-input":{"@type":"PropertyValueSpecification","valueRequired":true,"valueName":"search_term_string"}}],"inLanguage":"et"}]}},"_links":{"self":[{"href":"https:\/\/horticom.ee\/e-pood\/wp-json\/wp\/v2\/product\/2600305","targetHints":{"allow":["GET"]}}],"collection":[{"href":"https:\/\/horticom.ee\/e-pood\/wp-json\/wp\/v2\/product"}],"about":[{"href":"https:\/\/horticom.ee\/e-pood\/wp-json\/wp\/v2\/types\/product"}],"replies":[{"embeddable":true,"href":"https:\/\/horticom.ee\/e-pood\/wp-json\/wp\/v2\/comments?post=2600305"}],"wp:attachment":[{"href":"https:\/\/horticom.ee\/e-pood\/wp-json\/wp\/v2\/media?parent=2600305"}],"wp:term":[{"taxonomy":"product_cat","embeddable":true,"href":"https:\/\/horticom.ee\/e-pood\/wp-json\/wp\/v2\/product_cat?post=2600305"},{"taxonomy":"product_tag","embeddable":true,"href":"https:\/\/horticom.ee\/e-pood\/wp-json\/wp\/v2\/product_tag?post=2600305"}],"curies":[{"name":"wp","href":"https:\/\/api.w.org\/{rel}","templated":true}]}}